{"id":15793,"date":"2025-07-15T13:47:18","date_gmt":"2025-07-15T11:47:18","guid":{"rendered":"https:\/\/uj.adatbank.ro\/lexikon\/termek\/moskovits-jeno-%c2%a7-leib-jeno\/"},"modified":"2025-07-15T13:47:18","modified_gmt":"2025-07-15T11:47:18","slug":"moskovits-jeno-%c2%a7-leib-jeno","status":"publish","type":"product","link":"https:\/\/uj.adatbank.ro\/lexikon\/termek\/moskovits-jeno-%c2%a7-leib-jeno\/","title":{"rendered":"MOSKOVITS Jen\u0151, \u00a7, Leib Jen\u0151"},"content":{"rendered":"<p>1887., \u2020\u00a0? : iskolaigazgat\u00f3. \u2013 Az I. vh.-ba bevonult a 12. h. gy. e.-hez (1915. m\u00e1j.\u201318. dec.). Olasz \u00e9s orosz fronton volt szakaszparancsnok hadnagy. <strong>Kit\u00fcntet\u00e9sei:<\/strong> II. o. katonai \u00e9rd. ker. Kardokkal. O 2 k\u00e9tszer, K\u00e1roly cs. k.A mv.-i 7 o.-os zsid\u00f3 elemi iskola igazgat\u00f3ja volt, amelyet a hitk\u00f6zs\u00e9g p\u00e1r \u00e9vvel megalakul\u00e1sa ut\u00e1n l\u00e9tes\u00edtett (1890). Ennek az int\u00e9zm\u00e9nynek volt az utols\u00f3 igazgat\u00f3ja (- 1944). Feles\u00e9g\u00e9t Mv.-r\u0151l deport\u00e1lt\u00e1k (1944. m\u00e1j. 29.). <br \/><strong>Irod.:<\/strong> M. hadviselt zsid\u00f3k; Mv. zsid\u00f3s\u00e1ga; \u00dajv\u00e1ri<\/br><\/p>\n","protected":false},"excerpt":{"rendered":"<p>1887., \u2020\u00a0? : iskolaigazgat\u00f3. \u2013 Az I. vh.-ba bevonult a 12. h. gy. e.-hez (1915. m\u00e1j.\u201318. dec.). Olasz \u00e9s orosz fronton volt szakaszparancsnok hadnagy. Kit\u00fcntet\u00e9sei: II. o. katonai \u00e9rd. ker. Kardokkal. O 2 k\u00e9tszer, K\u00e1roly cs. k.A mv.-i 7 o.-os zsid\u00f3 elemi iskola igazgat\u00f3ja volt, amelyet a hitk\u00f6zs\u00e9g p\u00e1r \u00e9vvel megalakul\u00e1sa ut\u00e1n l\u00e9tes\u00edtett (1890). Ennek [&hellip;]<\/p>\n","protected":false},"featured_media":0,"comment_status":"open","ping_status":"closed","template":"","meta":[],"product_brand":[],"product_cat":[137],"product_tag":[],"class_list":{"0":"post-15793","1":"product","2":"type-product","3":"status-publish","5":"product_cat-maros-megyei-eletrajzi-lexikon","7":"first","8":"instock","9":"shipping-taxable","10":"product-type-simple"},"_links":{"self":[{"href":"https:\/\/uj.adatbank.ro\/lexikon\/wp-json\/wp\/v2\/product\/15793","targetHints":{"allow":["GET"]}}],"collection":[{"href":"https:\/\/uj.adatbank.ro\/lexikon\/wp-json\/wp\/v2\/product"}],"about":[{"href":"https:\/\/uj.adatbank.ro\/lexikon\/wp-json\/wp\/v2\/types\/product"}],"replies":[{"embeddable":true,"href":"https:\/\/uj.adatbank.ro\/lexikon\/wp-json\/wp\/v2\/comments?post=15793"}],"wp:attachment":[{"href":"https:\/\/uj.adatbank.ro\/lexikon\/wp-json\/wp\/v2\/media?parent=15793"}],"wp:term":[{"taxonomy":"product_brand","embeddable":true,"href":"https:\/\/uj.adatbank.ro\/lexikon\/wp-json\/wp\/v2\/product_brand?post=15793"},{"taxonomy":"product_cat","embeddable":true,"href":"https:\/\/uj.adatbank.ro\/lexikon\/wp-json\/wp\/v2\/product_cat?post=15793"},{"taxonomy":"product_tag","embeddable":true,"href":"https:\/\/uj.adatbank.ro\/lexikon\/wp-json\/wp\/v2\/product_tag?post=15793"}],"curies":[{"name":"wp","href":"https:\/\/api.w.org\/{rel}","templated":true}]}}

MOSKOVITS Jenő, §, Leib Jenő

<p>1887., † ? : iskolaigazgató. – Az I. vh.-ba bevonult a 12. h. gy. e.-hez (1915. máj.–18. dec.). Olasz és orosz fronton volt szakaszparancsnok hadnagy. <strong>Kitüntetései:</strong> II. o. katonai érd. ker. Kardokkal. O 2 kétszer, Károly cs. k.A mv.-i 7 o.-os zsidó elemi iskola igazgatója volt, amelyet a hitközség pár évvel megalakulása után létesített (1890). Ennek az intézménynek volt az utolsó igazgatója (- 1944). Feleségét Mv.-ről deportálták (1944. máj. 29.). <br /><strong>Irod.:</strong> M. hadviselt zsidók; Mv. zsidósága; Újvári</br></p>

<p>1887., † ? : iskolaigazgató. – Az I. vh.-ba bevonult a 12. h. gy. e.-hez (1915. máj.–18. dec.). Olasz és orosz fronton volt szakaszparancsnok hadnagy. Kitüntetései: II. o. katonai érd. ker. Kardokkal. O 2 kétszer, Károly cs. k.A mv.-i 7 o.-os zsidó elemi iskola igazgatója volt, amelyet a hitközség pár évvel megalakulása után létesített (1890). Ennek [&hellip;]</p>
