{"id":15795,"date":"2025-07-15T13:47:22","date_gmt":"2025-07-15T11:47:22","guid":{"rendered":"https:\/\/uj.adatbank.ro\/lexikon\/termek\/mosoiu-traian-%c2%a7\/"},"modified":"2025-07-15T13:47:22","modified_gmt":"2025-07-15T11:47:22","slug":"mosoiu-traian-%c2%a7","status":"publish","type":"product","link":"https:\/\/uj.adatbank.ro\/lexikon\/termek\/mosoiu-traian-%c2%a7\/","title":{"rendered":"MO\u015eOIU, Traian, \u00a7"},"content":{"rendered":"<p>Fogaras, 1868., \u2020\u00a0Bran, 1932. aug. 15.: t\u00e1bornok, miniszter. \u2013 A rom\u00e1n hadm\u0171veletek megkezd\u00e9sekor (1918. nov.) a 8. hadoszt\u00e1ly parancsnoka \u00e9s a Maros v\u00f6lgyi harcok vez\u00e9re. Mv.-t elfoglal\u00f3 rom\u00e1n csapatok parancsnoka (1918. dec.). Kinevezt\u00e9k Erd\u00e9ly katonai korm\u00e1nyz\u00f3j\u00e1nak (1918. nov. 28.\u20131918. dec. 10.), majd a nyugati hadoszt\u00e1ly parancsnok\u00e1nak (1919. \u00e1pr. 12.\u2013) \u00e9s megindultak a Tisza fel\u00e9. Kinevezt\u00e9k a felszabad\u00edtott ter\u00fcletek vez\u00e9r\u00e9v\u00e9 (1919. j\u00fan. 23.-j\u00fal. 5.), elfoglalt\u00e1k Bp.-t (1919. aug. 3.). K\u00f6zleked\u00e9si miniszter (1922). Mv.-en utc\u00e1t neveztek el r\u00f3la. \u2013 <strong>F. m.:<\/strong> Id\u0151t\u00e1r 2; Memorial de r\u0103zboi: august-octombrie 1916 (bevez. Vasile Netea; Cluj-N., 1987). <br \/><strong>Irod.:<\/strong> M\u00e1th\u00e9 Levente; Sebesty\u00e9n M.: Antalffy Endre avagy Mv. sz\u00ednev\u00e1ltoz\u00e1sa  =  Mv. t\u00f6rt\u00e9net\u00e9b\u0151l<\/br><\/p>\n","protected":false},"excerpt":{"rendered":"<p>Fogaras, 1868., \u2020\u00a0Bran, 1932. aug. 15.: t\u00e1bornok, miniszter. \u2013 A rom\u00e1n hadm\u0171veletek megkezd\u00e9sekor (1918. nov.) a 8. hadoszt\u00e1ly parancsnoka \u00e9s a Maros v\u00f6lgyi harcok vez\u00e9re. Mv.-t elfoglal\u00f3 rom\u00e1n csapatok parancsnoka (1918. dec.). Kinevezt\u00e9k Erd\u00e9ly katonai korm\u00e1nyz\u00f3j\u00e1nak (1918. nov. 28.\u20131918. dec. 10.), majd a nyugati hadoszt\u00e1ly parancsnok\u00e1nak (1919. \u00e1pr. 12.\u2013) \u00e9s megindultak a Tisza fel\u00e9. Kinevezt\u00e9k [&hellip;]<\/p>\n","protected":false},"featured_media":0,"comment_status":"open","ping_status":"closed","template":"","meta":[],"product_brand":[],"product_cat":[137],"product_tag":[],"class_list":{"0":"post-15795","1":"product","2":"type-product","3":"status-publish","5":"product_cat-maros-megyei-eletrajzi-lexikon","7":"first","8":"instock","9":"shipping-taxable","10":"product-type-simple"},"_links":{"self":[{"href":"https:\/\/uj.adatbank.ro\/lexikon\/wp-json\/wp\/v2\/product\/15795","targetHints":{"allow":["GET"]}}],"collection":[{"href":"https:\/\/uj.adatbank.ro\/lexikon\/wp-json\/wp\/v2\/product"}],"about":[{"href":"https:\/\/uj.adatbank.ro\/lexikon\/wp-json\/wp\/v2\/types\/product"}],"replies":[{"embeddable":true,"href":"https:\/\/uj.adatbank.ro\/lexikon\/wp-json\/wp\/v2\/comments?post=15795"}],"wp:attachment":[{"href":"https:\/\/uj.adatbank.ro\/lexikon\/wp-json\/wp\/v2\/media?parent=15795"}],"wp:term":[{"taxonomy":"product_brand","embeddable":true,"href":"https:\/\/uj.adatbank.ro\/lexikon\/wp-json\/wp\/v2\/product_brand?post=15795"},{"taxonomy":"product_cat","embeddable":true,"href":"https:\/\/uj.adatbank.ro\/lexikon\/wp-json\/wp\/v2\/product_cat?post=15795"},{"taxonomy":"product_tag","embeddable":true,"href":"https:\/\/uj.adatbank.ro\/lexikon\/wp-json\/wp\/v2\/product_tag?post=15795"}],"curies":[{"name":"wp","href":"https:\/\/api.w.org\/{rel}","templated":true}]}}

MOŞOIU, Traian, §

<p>Fogaras, 1868., † Bran, 1932. aug. 15.: tábornok, miniszter. – A román hadműveletek megkezdésekor (1918. nov.) a 8. hadosztály parancsnoka és a Maros völgyi harcok vezére. Mv.-t elfoglaló román csapatok parancsnoka (1918. dec.). Kinevezték Erdély katonai kormányzójának (1918. nov. 28.–1918. dec. 10.), majd a nyugati hadosztály parancsnokának (1919. ápr. 12.–) és megindultak a Tisza felé. Kinevezték a felszabadított területek vezérévé (1919. jún. 23.-júl. 5.), elfoglalták Bp.-t (1919. aug. 3.). Közlekedési miniszter (1922). Mv.-en utcát neveztek el róla. – <strong>F. m.:</strong> Időtár 2; Memorial de război: august-octombrie 1916 (bevez. Vasile Netea; Cluj-N., 1987). <br /><strong>Irod.:</strong> Máthé Levente; Sebestyén M.: Antalffy Endre avagy Mv. színeváltozása  =  Mv. történetéből</br></p>

<p>Fogaras, 1868., † Bran, 1932. aug. 15.: tábornok, miniszter. – A román hadműveletek megkezdésekor (1918. nov.) a 8. hadosztály parancsnoka és a Maros völgyi harcok vezére. Mv.-t elfoglaló román csapatok parancsnoka (1918. dec.). Kinevezték Erdély katonai kormányzójának (1918. nov. 28.–1918. dec. 10.), majd a nyugati hadosztály parancsnokának (1919. ápr. 12.–) és megindultak a Tisza felé. Kinevezték [&hellip;]</p>
