{"id":15800,"date":"2025-07-15T13:47:32","date_gmt":"2025-07-15T11:47:32","guid":{"rendered":"https:\/\/uj.adatbank.ro\/lexikon\/termek\/mosora-aurel\/"},"modified":"2025-07-15T13:47:32","modified_gmt":"2025-07-15T11:47:32","slug":"mosora-aurel","status":"publish","type":"product","link":"https:\/\/uj.adatbank.ro\/lexikon\/termek\/mosora-aurel\/","title":{"rendered":"MO\u015eORA, Aurel"},"content":{"rendered":"<p>Segesv\u00e1r, 1894 \u2020 Kv., 1962. m\u00e1j. 6. Segesv\u00e1ron nyugszik: polg\u00e1rmester, k\u00e9pvisel\u0151. \u2013 Segesv\u00e1ron erd\u0151kitermel\u00e9ssel foglalkozot (1919), a Steaua sz\u00e1llod\u00e1t m\u0171k\u00f6dtette (1923), \u00e1llatexport\u00f6r volt (1939). Segesv\u00e1r els\u0151 rom\u00e1n polg\u00e1rmestere (1934. j\u00fan. 15.\u201338\u00a0?), ogy.-i k\u00e9pvisel\u0151 a Rom\u00e1n Parlamentben (1933\u201334). Idej\u00e9ben kezdt\u00e9k meg az ortodox katedr\u00e1lis \u00e9p\u00edt\u00e9s\u00e9t (1934\u2013), le\u00e1nyiskol\u00e1t, tanyai iskol\u00e1kat, hidakat \u00e9s utakat \u00e9p\u00edtetett, \u00faj utc\u00e1kat l\u00e9tes\u00edtett, a g\u00e1z bevezet\u00e9se is ekkor t\u00f6rt\u00e9nt. Letart\u00f3ztatt\u00e1k (1946. nov.), a csal\u00e1dj\u00e1t kilakoltatta \u00e9s minden vagyon\u00e1t elkobozta az \u00faj rendszer. A b\u00f6rt\u00f6n\u00e9vek k\u00f6vetkeztek. A segesv\u00e1ri rom\u00e1k tiszteletbeli eln\u00f6k\u00e9v\u00e9 v\u00e1lasztott\u00e1k (1934. szept. 19.). Mellszobr\u00e1t leplezt\u00e9k le Segesv\u00e1ron, a v\u00e1ros d\u00edszpolg\u00e1ra post mortem c\u00edmet nyert \u00e9s iskol\u00e1t neveztek el r\u00f3la (1999. okt. 24.). \u2013 <strong>F. m.:<\/strong> szerk: Cristescu, Nistor: Munc\u0103 rom\u00e2neasc\u0103 : sactivitatea Consiliului Comunal al Prim\u0103riei Sighi\u015foara (el\u0151sz\u00f3, Sighi\u015foara, 1937). <br \/><strong>Irod.:<\/strong> Dorin Borda: A. M. \u2013 \u00eent\u00e2iul primar al Sighi\u015foarei (C.L., 1999. nov. 3.); Glasul Mure\u015fului (1998\/ 11); Pan\u0103; \u0162iganii din Rom.<\/br><\/p>\n","protected":false},"excerpt":{"rendered":"<p>Segesv\u00e1r, 1894 \u2020 Kv., 1962. m\u00e1j. 6. Segesv\u00e1ron nyugszik: polg\u00e1rmester, k\u00e9pvisel\u0151. \u2013 Segesv\u00e1ron erd\u0151kitermel\u00e9ssel foglalkozot (1919), a Steaua sz\u00e1llod\u00e1t m\u0171k\u00f6dtette (1923), \u00e1llatexport\u00f6r volt (1939). Segesv\u00e1r els\u0151 rom\u00e1n polg\u00e1rmestere (1934. j\u00fan. 15.\u201338\u00a0?), ogy.-i k\u00e9pvisel\u0151 a Rom\u00e1n Parlamentben (1933\u201334). Idej\u00e9ben kezdt\u00e9k meg az ortodox katedr\u00e1lis \u00e9p\u00edt\u00e9s\u00e9t (1934\u2013), le\u00e1nyiskol\u00e1t, tanyai iskol\u00e1kat, hidakat \u00e9s utakat \u00e9p\u00edtetett, \u00faj utc\u00e1kat l\u00e9tes\u00edtett, [&hellip;]<\/p>\n","protected":false},"featured_media":0,"comment_status":"open","ping_status":"closed","template":"","meta":[],"product_brand":[],"product_cat":[137],"product_tag":[],"class_list":{"0":"post-15800","1":"product","2":"type-product","3":"status-publish","5":"product_cat-maros-megyei-eletrajzi-lexikon","7":"first","8":"instock","9":"shipping-taxable","10":"product-type-simple"},"_links":{"self":[{"href":"https:\/\/uj.adatbank.ro\/lexikon\/wp-json\/wp\/v2\/product\/15800","targetHints":{"allow":["GET"]}}],"collection":[{"href":"https:\/\/uj.adatbank.ro\/lexikon\/wp-json\/wp\/v2\/product"}],"about":[{"href":"https:\/\/uj.adatbank.ro\/lexikon\/wp-json\/wp\/v2\/types\/product"}],"replies":[{"embeddable":true,"href":"https:\/\/uj.adatbank.ro\/lexikon\/wp-json\/wp\/v2\/comments?post=15800"}],"wp:attachment":[{"href":"https:\/\/uj.adatbank.ro\/lexikon\/wp-json\/wp\/v2\/media?parent=15800"}],"wp:term":[{"taxonomy":"product_brand","embeddable":true,"href":"https:\/\/uj.adatbank.ro\/lexikon\/wp-json\/wp\/v2\/product_brand?post=15800"},{"taxonomy":"product_cat","embeddable":true,"href":"https:\/\/uj.adatbank.ro\/lexikon\/wp-json\/wp\/v2\/product_cat?post=15800"},{"taxonomy":"product_tag","embeddable":true,"href":"https:\/\/uj.adatbank.ro\/lexikon\/wp-json\/wp\/v2\/product_tag?post=15800"}],"curies":[{"name":"wp","href":"https:\/\/api.w.org\/{rel}","templated":true}]}}

MOŞORA, Aurel

<p>Segesvár, 1894 † Kv., 1962. máj. 6. Segesváron nyugszik: polgármester, képviselő. – Segesváron erdőkitermeléssel foglalkozot (1919), a Steaua szállodát működtette (1923), állatexportör volt (1939). Segesvár első román polgármestere (1934. jún. 15.–38 ?), ogy.-i képviselő a Román Parlamentben (1933–34). Idejében kezdték meg az ortodox katedrális építését (1934–), leányiskolát, tanyai iskolákat, hidakat és utakat építetett, új utcákat létesített, a gáz bevezetése is ekkor történt. Letartóztatták (1946. nov.), a családját kilakoltatta és minden vagyonát elkobozta az új rendszer. A börtönévek következtek. A segesvári romák tiszteletbeli elnökévé választották (1934. szept. 19.). Mellszobrát leplezték le Segesváron, a város díszpolgára post mortem címet nyert és iskolát neveztek el róla (1999. okt. 24.). – <strong>F. m.:</strong> szerk: Cristescu, Nistor: Muncă românească : sactivitatea Consiliului Comunal al Primăriei Sighişoara (előszó, Sighişoara, 1937). <br /><strong>Irod.:</strong> Dorin Borda: A. M. – întâiul primar al Sighişoarei (C.L., 1999. nov. 3.); Glasul Mureşului (1998/ 11); Pană; Ţiganii din Rom.</br></p>

<p>Segesvár, 1894 † Kv., 1962. máj. 6. Segesváron nyugszik: polgármester, képviselő. – Segesváron erdőkitermeléssel foglalkozot (1919), a Steaua szállodát működtette (1923), állatexportör volt (1939). Segesvár első román polgármestere (1934. jún. 15.–38 ?), ogy.-i képviselő a Román Parlamentben (1933–34). Idejében kezdték meg az ortodox katedrális építését (1934–), leányiskolát, tanyai iskolákat, hidakat és utakat építetett, új utcákat létesített, [&hellip;]</p>
