{"id":15803,"date":"2025-07-15T13:47:37","date_gmt":"2025-07-15T11:47:37","guid":{"rendered":"https:\/\/uj.adatbank.ro\/lexikon\/termek\/motas-constantin-i\/"},"modified":"2025-07-15T13:47:37","modified_gmt":"2025-07-15T11:47:37","slug":"motas-constantin-i","status":"publish","type":"product","link":"https:\/\/uj.adatbank.ro\/lexikon\/termek\/motas-constantin-i\/","title":{"rendered":"MOTA\u015e Constantin\u00a0I."},"content":{"rendered":"<p>? \u2020\u00a0?: dr. m\u00e9rn\u00f6k, Kisk\u00fck\u00fcll\u0151 megyei k\u00e9pvisel\u0151, a Rom\u00e1n F\u00f6ldg\u00e1z T\u00e1rsas\u00e1g (G\u00e1zmetan Rt ) eln\u00f6k-vez\u00e9rigazgat\u00f3ja (1919\u2013). Mv.-en a v\u00e1rossal al\u00e1\u00edrta a szerz\u0151d\u00e9st a f\u00f6ldg\u00e1z bevezet\u00e9s\u00e9r\u0151l (1928). \u2013 <strong>F. m.:<\/strong> Istoricul, programul \u015fi realiz\u0103rile societ\u0103\u0163ilor de gaz-metan (Buc., 1934); t\u00e1rsszerz\u0151: Cuv\u00e2nt\u0103rile rostite \u00een parlament pentru abrogarea legiei regiei monopolului de gaz metan ( Expunere de motive, Buc., 1936) <br \/><strong>Irod.:<\/strong> F\u00fcl\u00f6p\u2013Ferencz; Id\u0151t\u00e1r 3<\/br><\/p>\n","protected":false},"excerpt":{"rendered":"<p>? \u2020\u00a0?: dr. m\u00e9rn\u00f6k, Kisk\u00fck\u00fcll\u0151 megyei k\u00e9pvisel\u0151, a Rom\u00e1n F\u00f6ldg\u00e1z T\u00e1rsas\u00e1g (G\u00e1zmetan Rt ) eln\u00f6k-vez\u00e9rigazgat\u00f3ja (1919\u2013). Mv.-en a v\u00e1rossal al\u00e1\u00edrta a szerz\u0151d\u00e9st a f\u00f6ldg\u00e1z bevezet\u00e9s\u00e9r\u0151l (1928). \u2013 F. m.: Istoricul, programul \u015fi realiz\u0103rile societ\u0103\u0163ilor de gaz-metan (Buc., 1934); t\u00e1rsszerz\u0151: Cuv\u00e2nt\u0103rile rostite \u00een parlament pentru abrogarea legiei regiei monopolului de gaz metan ( Expunere de motive, [&hellip;]<\/p>\n","protected":false},"featured_media":0,"comment_status":"open","ping_status":"closed","template":"","meta":[],"product_brand":[],"product_cat":[137],"product_tag":[],"class_list":{"0":"post-15803","1":"product","2":"type-product","3":"status-publish","5":"product_cat-maros-megyei-eletrajzi-lexikon","7":"first","8":"instock","9":"shipping-taxable","10":"product-type-simple"},"_links":{"self":[{"href":"https:\/\/uj.adatbank.ro\/lexikon\/wp-json\/wp\/v2\/product\/15803","targetHints":{"allow":["GET"]}}],"collection":[{"href":"https:\/\/uj.adatbank.ro\/lexikon\/wp-json\/wp\/v2\/product"}],"about":[{"href":"https:\/\/uj.adatbank.ro\/lexikon\/wp-json\/wp\/v2\/types\/product"}],"replies":[{"embeddable":true,"href":"https:\/\/uj.adatbank.ro\/lexikon\/wp-json\/wp\/v2\/comments?post=15803"}],"wp:attachment":[{"href":"https:\/\/uj.adatbank.ro\/lexikon\/wp-json\/wp\/v2\/media?parent=15803"}],"wp:term":[{"taxonomy":"product_brand","embeddable":true,"href":"https:\/\/uj.adatbank.ro\/lexikon\/wp-json\/wp\/v2\/product_brand?post=15803"},{"taxonomy":"product_cat","embeddable":true,"href":"https:\/\/uj.adatbank.ro\/lexikon\/wp-json\/wp\/v2\/product_cat?post=15803"},{"taxonomy":"product_tag","embeddable":true,"href":"https:\/\/uj.adatbank.ro\/lexikon\/wp-json\/wp\/v2\/product_tag?post=15803"}],"curies":[{"name":"wp","href":"https:\/\/api.w.org\/{rel}","templated":true}]}}

MOTAŞ Constantin I.

<p>? † ?: dr. mérnök, Kisküküllő megyei képviselő, a Román Földgáz Társaság (Gázmetan Rt ) elnök-vezérigazgatója (1919–). Mv.-en a várossal aláírta a szerződést a földgáz bevezetéséről (1928). – <strong>F. m.:</strong> Istoricul, programul şi realizările societăţilor de gaz-metan (Buc., 1934); társszerző: Cuvântările rostite în parlament pentru abrogarea legiei regiei monopolului de gaz metan ( Expunere de motive, Buc., 1936) <br /><strong>Irod.:</strong> Fülöp–Ferencz; Időtár 3</br></p>

<p>? † ?: dr. mérnök, Kisküküllő megyei képviselő, a Román Földgáz Társaság (Gázmetan Rt ) elnök-vezérigazgatója (1919–). Mv.-en a várossal aláírta a szerződést a földgáz bevezetéséről (1928). – F. m.: Istoricul, programul şi realizările societăţilor de gaz-metan (Buc., 1934); társszerző: Cuvântările rostite în parlament pentru abrogarea legiei regiei monopolului de gaz metan ( Expunere de motive, [&hellip;]</p>
