{"id":15813,"date":"2025-07-15T13:47:58","date_gmt":"2025-07-15T11:47:58","guid":{"rendered":"https:\/\/uj.adatbank.ro\/lexikon\/termek\/mozes-andras-3\/"},"modified":"2025-07-15T13:47:58","modified_gmt":"2025-07-15T11:47:58","slug":"mozes-andras-3","status":"publish","type":"product","link":"https:\/\/uj.adatbank.ro\/lexikon\/termek\/mozes-andras-3\/","title":{"rendered":"M\u00d3ZES Andr\u00e1s"},"content":{"rendered":"<p>S\u00e1romberke, 1904. \u00e1pr. 1., \u2020 Kv., 1990. m\u00e1j. 24. : ref. lelk\u00e9sz, egyh\u00e1zt\u00f6rt\u00e9n\u00e9sz. \u2013 A Bethlen Koll.-ban \u00e9retts\u00e9gizett (1924), a kv.-i Reform\u00e1tus Teol\u00f3gi\u00e1n lelk\u00e9szi, vall\u00e1stan\u00e1ri diplom\u00e1t (1928), Debrecenben doktor\u00e1tust szerzett, a BTE-en m. nyelv \u00e9s t\u00f6rt\u00e9nelem szakon tan\u00e1ri oklevelet is nyert. P\u00e1ly\u00e1j\u00e1t mint v\u00e1rkudui lelk\u00e9sz kezdte, azut\u00e1n vall\u00e1stan\u00e1r Kv.-on (1934\u2013), ugyanott teol\u00f3giai el\u0151ad\u00f3 tan\u00e1r (1948\u201372). Ir\u00e1sait a Harangsz\u00f3, Ref. Szemle, Az \u00dat, Ki\u00e1lt\u00f3 Sz\u00f3, Ref. Csal\u00e1d k\u00f6z\u00f6lte. \u2013 <strong>F. m.:<\/strong> A magyarok t\u00f6rt\u00e9nete (Kv., 1933); Fels\u0151vad\u00e1szi R\u00e1k\u00f3czi Zsigmond (Sz\u00e9kelyudvarhely, 1934), A vas\u00e1rnapi iskola t\u00f6rt\u00e9nete (Kv., 1935); A v\u00e1rkudui reform\u00e1tus egyh\u00e1zk\u00f6zs\u00e9g t\u00f6rt\u00e9nete (Kv., 1936); Szab\u00f3 S\u00e1ri n\u00e9ni : Egy kv.-i bibli\u00e1s kofaasszony \u00e9lete (Kv., 1939); Az erd\u00e9lyi rom\u00e1n reform\u00e1ci\u00f3 k\u00e1t\u00e9irodalma (Kv., 1942). k\u00e9ziratban : Konr\u00e1di D\u00e1nielr\u0151l, a kv.-i ment\u0151k\u00f3rh\u00e1z megszervez\u0151j\u00e9r\u0151l, valamint tan\u00e1r\u00e1r\u00f3l J\u00e1rai Istv\u00e1nr\u00f3l k\u00e9sz\u00fclt \u00e9letrajza. Van m\u00e9g egy \u00e9letrjzi reg\u00e9nye Szenczi Moln\u00e1r Albertr\u0151l 1990 ut\u00e1n jelent meg. <br \/><strong>Irod.:<\/strong> RMIL; T\u0151k\u00e9s Istv\u00e1n<\/br><\/p>\n","protected":false},"excerpt":{"rendered":"<p>S\u00e1romberke, 1904. \u00e1pr. 1., \u2020 Kv., 1990. m\u00e1j. 24. : ref. lelk\u00e9sz, egyh\u00e1zt\u00f6rt\u00e9n\u00e9sz. \u2013 A Bethlen Koll.-ban \u00e9retts\u00e9gizett (1924), a kv.-i Reform\u00e1tus Teol\u00f3gi\u00e1n lelk\u00e9szi, vall\u00e1stan\u00e1ri diplom\u00e1t (1928), Debrecenben doktor\u00e1tust szerzett, a BTE-en m. nyelv \u00e9s t\u00f6rt\u00e9nelem szakon tan\u00e1ri oklevelet is nyert. P\u00e1ly\u00e1j\u00e1t mint v\u00e1rkudui lelk\u00e9sz kezdte, azut\u00e1n vall\u00e1stan\u00e1r Kv.-on (1934\u2013), ugyanott teol\u00f3giai el\u0151ad\u00f3 tan\u00e1r (1948\u201372). [&hellip;]<\/p>\n","protected":false},"featured_media":0,"comment_status":"open","ping_status":"closed","template":"","meta":[],"product_brand":[],"product_cat":[137],"product_tag":[],"class_list":{"0":"post-15813","1":"product","2":"type-product","3":"status-publish","5":"product_cat-maros-megyei-eletrajzi-lexikon","7":"first","8":"instock","9":"shipping-taxable","10":"product-type-simple"},"_links":{"self":[{"href":"https:\/\/uj.adatbank.ro\/lexikon\/wp-json\/wp\/v2\/product\/15813","targetHints":{"allow":["GET"]}}],"collection":[{"href":"https:\/\/uj.adatbank.ro\/lexikon\/wp-json\/wp\/v2\/product"}],"about":[{"href":"https:\/\/uj.adatbank.ro\/lexikon\/wp-json\/wp\/v2\/types\/product"}],"replies":[{"embeddable":true,"href":"https:\/\/uj.adatbank.ro\/lexikon\/wp-json\/wp\/v2\/comments?post=15813"}],"wp:attachment":[{"href":"https:\/\/uj.adatbank.ro\/lexikon\/wp-json\/wp\/v2\/media?parent=15813"}],"wp:term":[{"taxonomy":"product_brand","embeddable":true,"href":"https:\/\/uj.adatbank.ro\/lexikon\/wp-json\/wp\/v2\/product_brand?post=15813"},{"taxonomy":"product_cat","embeddable":true,"href":"https:\/\/uj.adatbank.ro\/lexikon\/wp-json\/wp\/v2\/product_cat?post=15813"},{"taxonomy":"product_tag","embeddable":true,"href":"https:\/\/uj.adatbank.ro\/lexikon\/wp-json\/wp\/v2\/product_tag?post=15813"}],"curies":[{"name":"wp","href":"https:\/\/api.w.org\/{rel}","templated":true}]}}

MÓZES András

<p>Sáromberke, 1904. ápr. 1., † Kv., 1990. máj. 24. : ref. lelkész, egyháztörténész. – A Bethlen Koll.-ban érettségizett (1924), a kv.-i Református Teológián lelkészi, vallástanári diplomát (1928), Debrecenben doktorátust szerzett, a BTE-en m. nyelv és történelem szakon tanári oklevelet is nyert. Pályáját mint várkudui lelkész kezdte, azután vallástanár Kv.-on (1934–), ugyanott teológiai előadó tanár (1948–72). Irásait a Harangszó, Ref. Szemle, Az Út, Kiáltó Szó, Ref. Család közölte. – <strong>F. m.:</strong> A magyarok története (Kv., 1933); Felsővadászi Rákóczi Zsigmond (Székelyudvarhely, 1934), A vasárnapi iskola története (Kv., 1935); A várkudui református egyházközség története (Kv., 1936); Szabó Sári néni : Egy kv.-i bibliás kofaasszony élete (Kv., 1939); Az erdélyi román reformáció kátéirodalma (Kv., 1942). kéziratban : Konrádi Dánielről, a kv.-i mentőkórház megszervezőjéről, valamint tanáráról Járai Istvánról készült életrajza. Van még egy életrjzi regénye Szenczi Molnár Albertről 1990 után jelent meg. <br /><strong>Irod.:</strong> RMIL; Tőkés István</br></p>

<p>Sáromberke, 1904. ápr. 1., † Kv., 1990. máj. 24. : ref. lelkész, egyháztörténész. – A Bethlen Koll.-ban érettségizett (1924), a kv.-i Református Teológián lelkészi, vallástanári diplomát (1928), Debrecenben doktorátust szerzett, a BTE-en m. nyelv és történelem szakon tanári oklevelet is nyert. Pályáját mint várkudui lelkész kezdte, azután vallástanár Kv.-on (1934–), ugyanott teológiai előadó tanár (1948–72). [&hellip;]</p>
