{"id":15816,"date":"2025-07-15T13:48:04","date_gmt":"2025-07-15T11:48:04","guid":{"rendered":"https:\/\/uj.adatbank.ro\/lexikon\/termek\/mozes-erzsebet\/"},"modified":"2025-07-15T13:48:04","modified_gmt":"2025-07-15T11:48:04","slug":"mozes-erzsebet","status":"publish","type":"product","link":"https:\/\/uj.adatbank.ro\/lexikon\/termek\/mozes-erzsebet\/","title":{"rendered":"M\u00d3ZES Erzs\u00e9bet"},"content":{"rendered":"<p>S\u00e1romberke, 1938.nov.10., \u2020 Mv., 2022.jan.5.: sz\u00edn\u00e9szn\u0151. \u2013 M\u00f3zes.Andr\u00e1s \u00e9s Anna le\u00e1nya. F\u00e9rje: Ferenczy Istv\u00e1n, sz\u00edn\u00e9sz, egyetemi tan\u00e1r. \u2013 \u00d6zvegys\u00e9g\u00e9nek 20.\u00e9v\u00e9ben hunyt el.- Mv.-en a SZISZI \u2013ben v\u00e9gzett (1959). Temesv\u00e1ron sz\u00ednm\u0171v\u00e9sz (1959\u201360), majd nyugd\u00edjaz\u00e1s\u00e1ig a Mv.-i Sz\u00e9kely Sz\u00ednh\u00e1z (1962\u201378) \u00e9s a Mv.-i \u00c1llami Sz\u00ednh\u00e1z, majd Nemzeti Sz\u00ednh\u00e1z tagja (1978\u201397). A szerepeib\u0151l pl: Magd\u00f3 (\u00c9nekes mad\u00e1r); Vica (Ludas Matyi); Juli (A bor); Rh\u00e9dey Eszter (Nem \u00e9lhetek muzsikasz\u00f3 n\u00e9lk\u00fcl); P\u00f3rika (\u00dari muri); M\u00e1ria (V\u00edzkereszt); B\u0151ske (Kismad\u00e1r). D\u00edjai: Pro Cultura Hungarica Aranydiploma d\u00edja (2009); \u00f6r\u00f6k\u00f6s tags\u00e1g; Erd\u0151s Irma eml\u00e9kgy\u0171r\u0171. Az Uniter tagja. <br \/><strong>Irod.:<\/strong>.EMKK 2010; Nekrol\u00f3g (N\u00fa., 2022.m\u00e1rc.2.)<\/br><\/p>\n","protected":false},"excerpt":{"rendered":"<p>S\u00e1romberke, 1938.nov.10., \u2020 Mv., 2022.jan.5.: sz\u00edn\u00e9szn\u0151. \u2013 M\u00f3zes.Andr\u00e1s \u00e9s Anna le\u00e1nya. F\u00e9rje: Ferenczy Istv\u00e1n, sz\u00edn\u00e9sz, egyetemi tan\u00e1r. \u2013 \u00d6zvegys\u00e9g\u00e9nek 20.\u00e9v\u00e9ben hunyt el.- Mv.-en a SZISZI \u2013ben v\u00e9gzett (1959). Temesv\u00e1ron sz\u00ednm\u0171v\u00e9sz (1959\u201360), majd nyugd\u00edjaz\u00e1s\u00e1ig a Mv.-i Sz\u00e9kely Sz\u00ednh\u00e1z (1962\u201378) \u00e9s a Mv.-i \u00c1llami Sz\u00ednh\u00e1z, majd Nemzeti Sz\u00ednh\u00e1z tagja (1978\u201397). A szerepeib\u0151l pl: Magd\u00f3 (\u00c9nekes mad\u00e1r); Vica [&hellip;]<\/p>\n","protected":false},"featured_media":0,"comment_status":"open","ping_status":"closed","template":"","meta":[],"product_brand":[],"product_cat":[137],"product_tag":[],"class_list":{"0":"post-15816","1":"product","2":"type-product","3":"status-publish","5":"product_cat-maros-megyei-eletrajzi-lexikon","7":"first","8":"instock","9":"shipping-taxable","10":"product-type-simple"},"_links":{"self":[{"href":"https:\/\/uj.adatbank.ro\/lexikon\/wp-json\/wp\/v2\/product\/15816","targetHints":{"allow":["GET"]}}],"collection":[{"href":"https:\/\/uj.adatbank.ro\/lexikon\/wp-json\/wp\/v2\/product"}],"about":[{"href":"https:\/\/uj.adatbank.ro\/lexikon\/wp-json\/wp\/v2\/types\/product"}],"replies":[{"embeddable":true,"href":"https:\/\/uj.adatbank.ro\/lexikon\/wp-json\/wp\/v2\/comments?post=15816"}],"wp:attachment":[{"href":"https:\/\/uj.adatbank.ro\/lexikon\/wp-json\/wp\/v2\/media?parent=15816"}],"wp:term":[{"taxonomy":"product_brand","embeddable":true,"href":"https:\/\/uj.adatbank.ro\/lexikon\/wp-json\/wp\/v2\/product_brand?post=15816"},{"taxonomy":"product_cat","embeddable":true,"href":"https:\/\/uj.adatbank.ro\/lexikon\/wp-json\/wp\/v2\/product_cat?post=15816"},{"taxonomy":"product_tag","embeddable":true,"href":"https:\/\/uj.adatbank.ro\/lexikon\/wp-json\/wp\/v2\/product_tag?post=15816"}],"curies":[{"name":"wp","href":"https:\/\/api.w.org\/{rel}","templated":true}]}}

MÓZES Erzsébet

<p>Sáromberke, 1938.nov.10., † Mv., 2022.jan.5.: színésznő. – Mózes.András és Anna leánya. Férje: Ferenczy István, színész, egyetemi tanár. – Özvegységének 20.évében hunyt el.- Mv.-en a SZISZI –ben végzett (1959). Temesváron színművész (1959–60), majd nyugdíjazásáig a Mv.-i Székely Színház (1962–78) és a Mv.-i Állami Színház, majd Nemzeti Színház tagja (1978–97). A szerepeiből pl: Magdó (Énekes madár); Vica (Ludas Matyi); Juli (A bor); Rhédey Eszter (Nem élhetek muzsikaszó nélkül); Pórika (Úri muri); Mária (Vízkereszt); Bőske (Kismadár). Díjai: Pro Cultura Hungarica Aranydiploma díja (2009); örökös tagság; Erdős Irma emlékgyűrű. Az Uniter tagja. <br /><strong>Irod.:</strong>.EMKK 2010; Nekrológ (Nú., 2022.márc.2.)</br></p>

<p>Sáromberke, 1938.nov.10., † Mv., 2022.jan.5.: színésznő. – Mózes.András és Anna leánya. Férje: Ferenczy István, színész, egyetemi tanár. – Özvegységének 20.évében hunyt el.- Mv.-en a SZISZI –ben végzett (1959). Temesváron színművész (1959–60), majd nyugdíjazásáig a Mv.-i Székely Színház (1962–78) és a Mv.-i Állami Színház, majd Nemzeti Színház tagja (1978–97). A szerepeiből pl: Magdó (Énekes madár); Vica [&hellip;]</p>
