{"id":15817,"date":"2025-07-15T13:48:08","date_gmt":"2025-07-15T11:48:08","guid":{"rendered":"https:\/\/uj.adatbank.ro\/lexikon\/termek\/mozes-gyorgy\/"},"modified":"2025-07-15T13:48:08","modified_gmt":"2025-07-15T11:48:08","slug":"mozes-gyorgy","status":"publish","type":"product","link":"https:\/\/uj.adatbank.ro\/lexikon\/termek\/mozes-gyorgy\/","title":{"rendered":"M\u00d3ZES Gy\u00f6rgy"},"content":{"rendered":"<p>1890.? \u2020 Mv., 1926. auag. 1.: m\u00e9sz\u00e1ros mester. \u2013 Testv\u00e9rei: M. Polix\u00e9nia Sifkorn J\u00f3zsefn\u00e9; M. Kata K\u00e1rosi G\u00e9z\u00e1n\u00e9; M. Julianna Barthok S\u00e1ndorn\u00e9\u00a0; M. K\u00e1roly, feles\u00e9ge Szabadi R\u00f3za. Feles\u00e9ge: Szabadi M\u00e1ria. Fi\u00fak: M. Jen\u0151, feles\u00e9ge Nagy Iluska. Mv.-en volt m\u00e9sz\u00e1ros. <br \/><strong>Irod.:<\/strong> Gy\u00e1szjelent\u0151<\/br><\/p>\n","protected":false},"excerpt":{"rendered":"<p>1890.? \u2020 Mv., 1926. auag. 1.: m\u00e9sz\u00e1ros mester. \u2013 Testv\u00e9rei: M. Polix\u00e9nia Sifkorn J\u00f3zsefn\u00e9; M. Kata K\u00e1rosi G\u00e9z\u00e1n\u00e9; M. Julianna Barthok S\u00e1ndorn\u00e9\u00a0; M. K\u00e1roly, feles\u00e9ge Szabadi R\u00f3za. Feles\u00e9ge: Szabadi M\u00e1ria. Fi\u00fak: M. Jen\u0151, feles\u00e9ge Nagy Iluska. Mv.-en volt m\u00e9sz\u00e1ros. Irod.: Gy\u00e1szjelent\u0151<\/p>\n","protected":false},"featured_media":0,"comment_status":"open","ping_status":"closed","template":"","meta":[],"product_brand":[],"product_cat":[137],"product_tag":[],"class_list":{"0":"post-15817","1":"product","2":"type-product","3":"status-publish","5":"product_cat-maros-megyei-eletrajzi-lexikon","7":"first","8":"instock","9":"shipping-taxable","10":"product-type-simple"},"_links":{"self":[{"href":"https:\/\/uj.adatbank.ro\/lexikon\/wp-json\/wp\/v2\/product\/15817","targetHints":{"allow":["GET"]}}],"collection":[{"href":"https:\/\/uj.adatbank.ro\/lexikon\/wp-json\/wp\/v2\/product"}],"about":[{"href":"https:\/\/uj.adatbank.ro\/lexikon\/wp-json\/wp\/v2\/types\/product"}],"replies":[{"embeddable":true,"href":"https:\/\/uj.adatbank.ro\/lexikon\/wp-json\/wp\/v2\/comments?post=15817"}],"wp:attachment":[{"href":"https:\/\/uj.adatbank.ro\/lexikon\/wp-json\/wp\/v2\/media?parent=15817"}],"wp:term":[{"taxonomy":"product_brand","embeddable":true,"href":"https:\/\/uj.adatbank.ro\/lexikon\/wp-json\/wp\/v2\/product_brand?post=15817"},{"taxonomy":"product_cat","embeddable":true,"href":"https:\/\/uj.adatbank.ro\/lexikon\/wp-json\/wp\/v2\/product_cat?post=15817"},{"taxonomy":"product_tag","embeddable":true,"href":"https:\/\/uj.adatbank.ro\/lexikon\/wp-json\/wp\/v2\/product_tag?post=15817"}],"curies":[{"name":"wp","href":"https:\/\/api.w.org\/{rel}","templated":true}]}}