{"id":15818,"date":"2025-07-15T13:48:10","date_gmt":"2025-07-15T11:48:10","guid":{"rendered":"https:\/\/uj.adatbank.ro\/lexikon\/termek\/mozes-istvan\/"},"modified":"2025-07-15T13:48:10","modified_gmt":"2025-07-15T11:48:10","slug":"mozes-istvan","status":"publish","type":"product","link":"https:\/\/uj.adatbank.ro\/lexikon\/termek\/mozes-istvan\/","title":{"rendered":"M\u00d3ZES Istv\u00e1n"},"content":{"rendered":"<p>1891, \u2020\u00a0Mv., 1971. jan. 19.: a munk\u00e1smozgalom harcosa. \u2013 A RKP tagja (1921\u2013), a mv.-i munk\u00e1smozgalom harcosa, felel\u0151s tiszts\u00e9geket t\u00f6lt\u00f6tt be a helyi munk\u00e1smozgalomban. Forradalmi tev\u00e9kenys\u00e9ge miatt t\u00f6bbsz\u00f6r letart\u00f3ztatt\u00e1k, megk\u00ednozt\u00e1k. Mv.-en a v\u00e1rosi tan\u00e1csban Sim\u00f3 G\u00e9za ut\u00f3dja (1931). Vezet\u0151je volt annak a sztr\u00e1jknak amelyik a Sz\u00e9kely \u00e9s R\u00e9ti b\u00fatorgy\u00e1rban t\u00fcrt ki az elbocs\u00e1t\u00e1sok miatt (1932),. letart\u00f3ztatt\u00e1k<br \/><strong>Irod.:<\/strong> Id\u0151t\u00e1r 3; M. I. [Nekrolog] (V. Z., 1971. jan. 21.)<\/br><\/p>\n","protected":false},"excerpt":{"rendered":"<p>1891, \u2020\u00a0Mv., 1971. jan. 19.: a munk\u00e1smozgalom harcosa. \u2013 A RKP tagja (1921\u2013), a mv.-i munk\u00e1smozgalom harcosa, felel\u0151s tiszts\u00e9geket t\u00f6lt\u00f6tt be a helyi munk\u00e1smozgalomban. Forradalmi tev\u00e9kenys\u00e9ge miatt t\u00f6bbsz\u00f6r letart\u00f3ztatt\u00e1k, megk\u00ednozt\u00e1k. Mv.-en a v\u00e1rosi tan\u00e1csban Sim\u00f3 G\u00e9za ut\u00f3dja (1931). Vezet\u0151je volt annak a sztr\u00e1jknak amelyik a Sz\u00e9kely \u00e9s R\u00e9ti b\u00fatorgy\u00e1rban t\u00fcrt ki az elbocs\u00e1t\u00e1sok miatt (1932),. [&hellip;]<\/p>\n","protected":false},"featured_media":0,"comment_status":"open","ping_status":"closed","template":"","meta":[],"product_brand":[],"product_cat":[137],"product_tag":[],"class_list":{"0":"post-15818","1":"product","2":"type-product","3":"status-publish","5":"product_cat-maros-megyei-eletrajzi-lexikon","7":"first","8":"instock","9":"shipping-taxable","10":"product-type-simple"},"_links":{"self":[{"href":"https:\/\/uj.adatbank.ro\/lexikon\/wp-json\/wp\/v2\/product\/15818","targetHints":{"allow":["GET"]}}],"collection":[{"href":"https:\/\/uj.adatbank.ro\/lexikon\/wp-json\/wp\/v2\/product"}],"about":[{"href":"https:\/\/uj.adatbank.ro\/lexikon\/wp-json\/wp\/v2\/types\/product"}],"replies":[{"embeddable":true,"href":"https:\/\/uj.adatbank.ro\/lexikon\/wp-json\/wp\/v2\/comments?post=15818"}],"wp:attachment":[{"href":"https:\/\/uj.adatbank.ro\/lexikon\/wp-json\/wp\/v2\/media?parent=15818"}],"wp:term":[{"taxonomy":"product_brand","embeddable":true,"href":"https:\/\/uj.adatbank.ro\/lexikon\/wp-json\/wp\/v2\/product_brand?post=15818"},{"taxonomy":"product_cat","embeddable":true,"href":"https:\/\/uj.adatbank.ro\/lexikon\/wp-json\/wp\/v2\/product_cat?post=15818"},{"taxonomy":"product_tag","embeddable":true,"href":"https:\/\/uj.adatbank.ro\/lexikon\/wp-json\/wp\/v2\/product_tag?post=15818"}],"curies":[{"name":"wp","href":"https:\/\/api.w.org\/{rel}","templated":true}]}}

MÓZES István

<p>1891, † Mv., 1971. jan. 19.: a munkásmozgalom harcosa. – A RKP tagja (1921–), a mv.-i munkásmozgalom harcosa, felelős tisztségeket töltött be a helyi munkásmozgalomban. Forradalmi tevékenysége miatt többször letartóztatták, megkínozták. Mv.-en a városi tanácsban Simó Géza utódja (1931). Vezetője volt annak a sztrájknak amelyik a Székely és Réti bútorgyárban türt ki az elbocsátások miatt (1932),. letartóztatták<br /><strong>Irod.:</strong> Időtár 3; M. I. [Nekrolog] (V. Z., 1971. jan. 21.)</br></p>

<p>1891, † Mv., 1971. jan. 19.: a munkásmozgalom harcosa. – A RKP tagja (1921–), a mv.-i munkásmozgalom harcosa, felelős tisztségeket töltött be a helyi munkásmozgalomban. Forradalmi tevékenysége miatt többször letartóztatták, megkínozták. Mv.-en a városi tanácsban Simó Géza utódja (1931). Vezetője volt annak a sztrájknak amelyik a Székely és Réti bútorgyárban türt ki az elbocsátások miatt (1932),. [&hellip;]</p>
