{"id":15819,"date":"2025-07-15T13:48:11","date_gmt":"2025-07-15T11:48:11","guid":{"rendered":"https:\/\/uj.adatbank.ro\/lexikon\/termek\/mozes-izsak-frankl\/"},"modified":"2025-07-15T13:48:11","modified_gmt":"2025-07-15T11:48:11","slug":"mozes-izsak-frankl","status":"publish","type":"product","link":"https:\/\/uj.adatbank.ro\/lexikon\/termek\/mozes-izsak-frankl\/","title":{"rendered":"M\u00d3ZES Izs\u00e1k Frankl"},"content":{"rendered":"<p>? \u2020 ?: rabbi. \u2013 N\u00e1zn\u00e1nfalv\u00e1n a zsid\u00f3 hitk\u00f6z\u00f6ss\u00e9g eln\u00f6ke (1802): a n\u00e1zn\u00e1nfalvi zsinag\u00f3g\u00e1t (\u00e9p\u00fclt 1747), szolg\u00e1lata ideje alatt kitoldatta (1785), sajnos k\u00e9s\u0151bb le\u00e9gett (1941). <br \/><strong>Irod.:<\/strong> Sebesty\u00e9n Mih\u00e1ly: N\u00e1zn\u00e1nfalva-Mv. (N\u00fa., 1998. jan. 8.); Sebesty\u00e9n Mih\u00e1ly: Ny\u00falg\u00e1t az id\u0151 ellen (Mv., 2000)<\/br><\/p>\n","protected":false},"excerpt":{"rendered":"<p>? \u2020 ?: rabbi. \u2013 N\u00e1zn\u00e1nfalv\u00e1n a zsid\u00f3 hitk\u00f6z\u00f6ss\u00e9g eln\u00f6ke (1802): a n\u00e1zn\u00e1nfalvi zsinag\u00f3g\u00e1t (\u00e9p\u00fclt 1747), szolg\u00e1lata ideje alatt kitoldatta (1785), sajnos k\u00e9s\u0151bb le\u00e9gett (1941). Irod.: Sebesty\u00e9n Mih\u00e1ly: N\u00e1zn\u00e1nfalva-Mv. (N\u00fa., 1998. jan. 8.); Sebesty\u00e9n Mih\u00e1ly: Ny\u00falg\u00e1t az id\u0151 ellen (Mv., 2000)<\/p>\n","protected":false},"featured_media":0,"comment_status":"open","ping_status":"closed","template":"","meta":[],"product_brand":[],"product_cat":[137],"product_tag":[],"class_list":{"0":"post-15819","1":"product","2":"type-product","3":"status-publish","5":"product_cat-maros-megyei-eletrajzi-lexikon","7":"first","8":"instock","9":"shipping-taxable","10":"product-type-simple"},"_links":{"self":[{"href":"https:\/\/uj.adatbank.ro\/lexikon\/wp-json\/wp\/v2\/product\/15819","targetHints":{"allow":["GET"]}}],"collection":[{"href":"https:\/\/uj.adatbank.ro\/lexikon\/wp-json\/wp\/v2\/product"}],"about":[{"href":"https:\/\/uj.adatbank.ro\/lexikon\/wp-json\/wp\/v2\/types\/product"}],"replies":[{"embeddable":true,"href":"https:\/\/uj.adatbank.ro\/lexikon\/wp-json\/wp\/v2\/comments?post=15819"}],"wp:attachment":[{"href":"https:\/\/uj.adatbank.ro\/lexikon\/wp-json\/wp\/v2\/media?parent=15819"}],"wp:term":[{"taxonomy":"product_brand","embeddable":true,"href":"https:\/\/uj.adatbank.ro\/lexikon\/wp-json\/wp\/v2\/product_brand?post=15819"},{"taxonomy":"product_cat","embeddable":true,"href":"https:\/\/uj.adatbank.ro\/lexikon\/wp-json\/wp\/v2\/product_cat?post=15819"},{"taxonomy":"product_tag","embeddable":true,"href":"https:\/\/uj.adatbank.ro\/lexikon\/wp-json\/wp\/v2\/product_tag?post=15819"}],"curies":[{"name":"wp","href":"https:\/\/api.w.org\/{rel}","templated":true}]}}