{"id":15820,"date":"2025-07-15T13:48:14","date_gmt":"2025-07-15T11:48:14","guid":{"rendered":"https:\/\/uj.adatbank.ro\/lexikon\/termek\/mozes-jozsef\/"},"modified":"2025-07-15T13:48:14","modified_gmt":"2025-07-15T11:48:14","slug":"mozes-jozsef","status":"publish","type":"product","link":"https:\/\/uj.adatbank.ro\/lexikon\/termek\/mozes-jozsef\/","title":{"rendered":"M\u00d3ZES J\u00f3zsef"},"content":{"rendered":"<p>Maross\u00e1rpatak, 1892, \u2020\u00a0?: kisbirtokos, szakaszvezet\u0151.. T\u00e9nyleges katonai szolg\u00e1lat\u00e1nak eleget t\u00e9ve (1913- ), \u00e9rte az 1. a vh. kit\u00f6r\u00e9se, a 62. k. gy. e.-ben. Az 1. t\u00e1bori menetsz\u00e1zaddal az orosz frontra ker\u00fclt. R\u00e9szt vett a gorlicei \u00e1tt\u00f6r\u00e9sben \u00e9s harcolt Baranovic\u00e9n\u00e9l is. Azut\u00e1n sz olasz harct\u00e9ren (1917\u2013) Hermad\u00e1n \u00e9s Asiagon\u00e1l k\u00fczd\u00f6tt. T\u00f6bbsz\u00f6r sebes\u00fclt. Az \u00f6sszell\u00e1skor t\u00e9rt haza. <strong>Kit\u00fcntet\u00e9sei:<\/strong> Nagyez\u00fcst vit\u00e9zs\u00e9gi \u00e9rem, Kisez\u00fcst vit\u00e9zs\u00e9gi \u00e9rem, Bronz vit\u00e9zs\u00e9gi \u00e9rem, K\u00e1roly Csapatkereszt, Bajor vit. Erem.. <br \/><strong>Irod.:<\/strong> Berekm\u00e9ri\u2013G\u00e1lfi<\/br><\/p>\n","protected":false},"excerpt":{"rendered":"<p>Maross\u00e1rpatak, 1892, \u2020\u00a0?: kisbirtokos, szakaszvezet\u0151.. T\u00e9nyleges katonai szolg\u00e1lat\u00e1nak eleget t\u00e9ve (1913- ), \u00e9rte az 1. a vh. kit\u00f6r\u00e9se, a 62. k. gy. e.-ben. Az 1. t\u00e1bori menetsz\u00e1zaddal az orosz frontra ker\u00fclt. R\u00e9szt vett a gorlicei \u00e1tt\u00f6r\u00e9sben \u00e9s harcolt Baranovic\u00e9n\u00e9l is. Azut\u00e1n sz olasz harct\u00e9ren (1917\u2013) Hermad\u00e1n \u00e9s Asiagon\u00e1l k\u00fczd\u00f6tt. T\u00f6bbsz\u00f6r sebes\u00fclt. Az \u00f6sszell\u00e1skor t\u00e9rt haza. [&hellip;]<\/p>\n","protected":false},"featured_media":0,"comment_status":"open","ping_status":"closed","template":"","meta":[],"product_brand":[],"product_cat":[137],"product_tag":[],"class_list":{"0":"post-15820","1":"product","2":"type-product","3":"status-publish","5":"product_cat-maros-megyei-eletrajzi-lexikon","7":"first","8":"instock","9":"shipping-taxable","10":"product-type-simple"},"_links":{"self":[{"href":"https:\/\/uj.adatbank.ro\/lexikon\/wp-json\/wp\/v2\/product\/15820","targetHints":{"allow":["GET"]}}],"collection":[{"href":"https:\/\/uj.adatbank.ro\/lexikon\/wp-json\/wp\/v2\/product"}],"about":[{"href":"https:\/\/uj.adatbank.ro\/lexikon\/wp-json\/wp\/v2\/types\/product"}],"replies":[{"embeddable":true,"href":"https:\/\/uj.adatbank.ro\/lexikon\/wp-json\/wp\/v2\/comments?post=15820"}],"wp:attachment":[{"href":"https:\/\/uj.adatbank.ro\/lexikon\/wp-json\/wp\/v2\/media?parent=15820"}],"wp:term":[{"taxonomy":"product_brand","embeddable":true,"href":"https:\/\/uj.adatbank.ro\/lexikon\/wp-json\/wp\/v2\/product_brand?post=15820"},{"taxonomy":"product_cat","embeddable":true,"href":"https:\/\/uj.adatbank.ro\/lexikon\/wp-json\/wp\/v2\/product_cat?post=15820"},{"taxonomy":"product_tag","embeddable":true,"href":"https:\/\/uj.adatbank.ro\/lexikon\/wp-json\/wp\/v2\/product_tag?post=15820"}],"curies":[{"name":"wp","href":"https:\/\/api.w.org\/{rel}","templated":true}]}}

MÓZES József

<p>Marossárpatak, 1892, † ?: kisbirtokos, szakaszvezető.. Tényleges katonai szolgálatának eleget téve (1913- ), érte az 1. a vh. kitörése, a 62. k. gy. e.-ben. Az 1. tábori menetszázaddal az orosz frontra került. Részt vett a gorlicei áttörésben és harcolt Baranovicénél is. Azután sz olasz harctéren (1917–) Hermadán és Asiagonál küzdött. Többször sebesült. Az összelláskor tért haza. <strong>Kitüntetései:</strong> Nagyezüst vitézségi érem, Kisezüst vitézségi érem, Bronz vitézségi érem, Károly Csapatkereszt, Bajor vit. Erem.. <br /><strong>Irod.:</strong> Berekméri–Gálfi</br></p>

<p>Marossárpatak, 1892, † ?: kisbirtokos, szakaszvezető.. Tényleges katonai szolgálatának eleget téve (1913- ), érte az 1. a vh. kitörése, a 62. k. gy. e.-ben. Az 1. tábori menetszázaddal az orosz frontra került. Részt vett a gorlicei áttörésben és harcolt Baranovicénél is. Azután sz olasz harctéren (1917–) Hermadán és Asiagonál küzdött. Többször sebesült. Az összelláskor tért haza. [&hellip;]</p>
