{"id":15821,"date":"2025-07-15T13:48:16","date_gmt":"2025-07-15T11:48:16","guid":{"rendered":"https:\/\/uj.adatbank.ro\/lexikon\/termek\/mozes-karoly\/"},"modified":"2025-07-15T13:48:16","modified_gmt":"2025-07-15T11:48:16","slug":"mozes-karoly","status":"publish","type":"product","link":"https:\/\/uj.adatbank.ro\/lexikon\/termek\/mozes-karoly\/","title":{"rendered":"M\u00d3ZES K\u00e1roly"},"content":{"rendered":"<p>S\u00e1romberke, 1889., \u2020\u00a0?: vend\u00e9gl\u0151s. \u2013 Iskol\u00e1i elv\u00e9gz\u00e9se ut\u00e1n a vend\u00e9gl\u0151ipart tanulta, mint f\u0151pinc\u00e9r m\u0171k\u00f6d\u00f6tt Bukovin\u00e1ban ahova a rend\u0151rs\u00e9g \u00e1lland\u00f3 \u00fcld\u00f6z\u00e9se el\u00fcl menek\u00fclt \u00e9s 17 \u00e1vig tart\u00f3zkodott, Mv.-re j\u00f6tt (1940) \u00e9s a vas\u00fati \u00e9tterem b\u00e9rl\u0151je lett. T\u00e9nyleges katonai szolg\u00e1lat\u00e1nak elegett\u00e9ve (1907), a csend\u0151rs\u00e9ghez ker\u00fclt, az els\u0151 vh.-ban mint t\u00e1bori csend\u0151r a rom\u00e1n \u00e9s orosz fronton teljes\u00edtett szolg\u00e1latot.A komm\u00fcn alatt a kommunist\u00e1k mint a Sz\u00e9kely G\u00e1rda tagj\u00e1t a piliscsabai fogolyt\u00e1borba intern\u00e1lt\u00e1k. <br \/><strong>Irod.:<\/strong> Sz\u00e9kelyf\u00f6ld \u00ed.k.<\/br><\/p>\n","protected":false},"excerpt":{"rendered":"<p>S\u00e1romberke, 1889., \u2020\u00a0?: vend\u00e9gl\u0151s. \u2013 Iskol\u00e1i elv\u00e9gz\u00e9se ut\u00e1n a vend\u00e9gl\u0151ipart tanulta, mint f\u0151pinc\u00e9r m\u0171k\u00f6d\u00f6tt Bukovin\u00e1ban ahova a rend\u0151rs\u00e9g \u00e1lland\u00f3 \u00fcld\u00f6z\u00e9se el\u00fcl menek\u00fclt \u00e9s 17 \u00e1vig tart\u00f3zkodott, Mv.-re j\u00f6tt (1940) \u00e9s a vas\u00fati \u00e9tterem b\u00e9rl\u0151je lett. T\u00e9nyleges katonai szolg\u00e1lat\u00e1nak elegett\u00e9ve (1907), a csend\u0151rs\u00e9ghez ker\u00fclt, az els\u0151 vh.-ban mint t\u00e1bori csend\u0151r a rom\u00e1n \u00e9s orosz fronton teljes\u00edtett [&hellip;]<\/p>\n","protected":false},"featured_media":0,"comment_status":"open","ping_status":"closed","template":"","meta":[],"product_brand":[],"product_cat":[137],"product_tag":[],"class_list":{"0":"post-15821","1":"product","2":"type-product","3":"status-publish","5":"product_cat-maros-megyei-eletrajzi-lexikon","7":"first","8":"instock","9":"shipping-taxable","10":"product-type-simple"},"_links":{"self":[{"href":"https:\/\/uj.adatbank.ro\/lexikon\/wp-json\/wp\/v2\/product\/15821","targetHints":{"allow":["GET"]}}],"collection":[{"href":"https:\/\/uj.adatbank.ro\/lexikon\/wp-json\/wp\/v2\/product"}],"about":[{"href":"https:\/\/uj.adatbank.ro\/lexikon\/wp-json\/wp\/v2\/types\/product"}],"replies":[{"embeddable":true,"href":"https:\/\/uj.adatbank.ro\/lexikon\/wp-json\/wp\/v2\/comments?post=15821"}],"wp:attachment":[{"href":"https:\/\/uj.adatbank.ro\/lexikon\/wp-json\/wp\/v2\/media?parent=15821"}],"wp:term":[{"taxonomy":"product_brand","embeddable":true,"href":"https:\/\/uj.adatbank.ro\/lexikon\/wp-json\/wp\/v2\/product_brand?post=15821"},{"taxonomy":"product_cat","embeddable":true,"href":"https:\/\/uj.adatbank.ro\/lexikon\/wp-json\/wp\/v2\/product_cat?post=15821"},{"taxonomy":"product_tag","embeddable":true,"href":"https:\/\/uj.adatbank.ro\/lexikon\/wp-json\/wp\/v2\/product_tag?post=15821"}],"curies":[{"name":"wp","href":"https:\/\/api.w.org\/{rel}","templated":true}]}}

MÓZES Károly

<p>Sáromberke, 1889., † ?: vendéglős. – Iskolái elvégzése után a vendéglőipart tanulta, mint főpincér működött Bukovinában ahova a rendőrség állandó üldözése elül menekült és 17 ávig tartózkodott, Mv.-re jött (1940) és a vasúti étterem bérlője lett. Tényleges katonai szolgálatának elegettéve (1907), a csendőrséghez került, az első vh.-ban mint tábori csendőr a román és orosz fronton teljesített szolgálatot.A kommün alatt a kommunisták mint a Székely Gárda tagját a piliscsabai fogolytáborba internálták. <br /><strong>Irod.:</strong> Székelyföld í.k.</br></p>

<p>Sáromberke, 1889., † ?: vendéglős. – Iskolái elvégzése után a vendéglőipart tanulta, mint főpincér működött Bukovinában ahova a rendőrség állandó üldözése elül menekült és 17 ávig tartózkodott, Mv.-re jött (1940) és a vasúti étterem bérlője lett. Tényleges katonai szolgálatának elegettéve (1907), a csendőrséghez került, az első vh.-ban mint tábori csendőr a román és orosz fronton teljesített [&hellip;]</p>
