{"id":15822,"date":"2025-07-15T13:48:18","date_gmt":"2025-07-15T11:48:18","guid":{"rendered":"https:\/\/uj.adatbank.ro\/lexikon\/termek\/mozes-karoly-2\/"},"modified":"2025-07-15T13:48:18","modified_gmt":"2025-07-15T11:48:18","slug":"mozes-karoly-2","status":"publish","type":"product","link":"https:\/\/uj.adatbank.ro\/lexikon\/termek\/mozes-karoly-2\/","title":{"rendered":"M\u00d3ZES K\u00e1roly"},"content":{"rendered":"<p>Makfalva, ? \u2020\u00a0?: orvos. \u2013 Apja K\u00e9zdiv\u00e1s\u00e1rhelyr\u0151l sz\u00e1rmazott, ref. lelk\u00e9sz volt Makfalv\u00e1n, ahol \u0151 is sz\u00fcletett. Tanult Makfalv\u00e1n, Mv.-en a Ref. Koll.-ban, majd k\u00fclf\u00f6ldi tanulm\u00e1ny\u00fatja ut\u00e1n Bp.-en gyalogezrednek az ezredorvosa lett, azut\u00e1n (1832) Rom\u00e1ni\u00e1ba h\u00edvt\u00e1k meg, ahol a buk.-i katonai k\u00f3rh\u00e1z f\u0151orvosa lett. Itt h\u00edrn\u00e9vre tett szert, el\u0151kel\u0151 boj\u00e1rok p\u00e1rtfogolt\u00e1k. N\u00e9pszer\u0171s\u00edtette a sz\u00e9kelyf\u00f6ldi borvizeket, k\u00fclf\u00f6ld\u00f6n is , mert addig Erd\u00e9lyb\u0151l csak a sz\u00e1szf\u00f6ldieket ismert\u00e9k. Az el\u0151pataki \u00e9s borsz\u00e9ki borv\u00edz az \u0151 aj\u00e1nlata r\u00e9v\u00e9n terjedt el \u00e9s kapott piacot. A buk.-i ref. egyh\u00e1z alap\u00edt\u00e1sa, templom\u00e1nak \u00e9s nevel\u0151h\u00e1z\u00e1nak fel\u00e9p\u00edt\u00e9se nagyr\u00e9szt az \u0151 \u00e9rdeme. A buk.-i m. egyh\u00e1zi \u00e9letnek egyik \u00fatt\u00f6r\u0151je volt. <br \/><strong>Irod.:<\/strong> Benk\u0151; Kr\u00f3n. F\u00fcz. (1939. 4\/6)<\/br><\/p>\n","protected":false},"excerpt":{"rendered":"<p>Makfalva, ? \u2020\u00a0?: orvos. \u2013 Apja K\u00e9zdiv\u00e1s\u00e1rhelyr\u0151l sz\u00e1rmazott, ref. lelk\u00e9sz volt Makfalv\u00e1n, ahol \u0151 is sz\u00fcletett. Tanult Makfalv\u00e1n, Mv.-en a Ref. Koll.-ban, majd k\u00fclf\u00f6ldi tanulm\u00e1ny\u00fatja ut\u00e1n Bp.-en gyalogezrednek az ezredorvosa lett, azut\u00e1n (1832) Rom\u00e1ni\u00e1ba h\u00edvt\u00e1k meg, ahol a buk.-i katonai k\u00f3rh\u00e1z f\u0151orvosa lett. Itt h\u00edrn\u00e9vre tett szert, el\u0151kel\u0151 boj\u00e1rok p\u00e1rtfogolt\u00e1k. N\u00e9pszer\u0171s\u00edtette a sz\u00e9kelyf\u00f6ldi borvizeket, k\u00fclf\u00f6ld\u00f6n [&hellip;]<\/p>\n","protected":false},"featured_media":0,"comment_status":"open","ping_status":"closed","template":"","meta":[],"product_brand":[],"product_cat":[137],"product_tag":[],"class_list":{"0":"post-15822","1":"product","2":"type-product","3":"status-publish","5":"product_cat-maros-megyei-eletrajzi-lexikon","7":"first","8":"instock","9":"shipping-taxable","10":"product-type-simple"},"_links":{"self":[{"href":"https:\/\/uj.adatbank.ro\/lexikon\/wp-json\/wp\/v2\/product\/15822","targetHints":{"allow":["GET"]}}],"collection":[{"href":"https:\/\/uj.adatbank.ro\/lexikon\/wp-json\/wp\/v2\/product"}],"about":[{"href":"https:\/\/uj.adatbank.ro\/lexikon\/wp-json\/wp\/v2\/types\/product"}],"replies":[{"embeddable":true,"href":"https:\/\/uj.adatbank.ro\/lexikon\/wp-json\/wp\/v2\/comments?post=15822"}],"wp:attachment":[{"href":"https:\/\/uj.adatbank.ro\/lexikon\/wp-json\/wp\/v2\/media?parent=15822"}],"wp:term":[{"taxonomy":"product_brand","embeddable":true,"href":"https:\/\/uj.adatbank.ro\/lexikon\/wp-json\/wp\/v2\/product_brand?post=15822"},{"taxonomy":"product_cat","embeddable":true,"href":"https:\/\/uj.adatbank.ro\/lexikon\/wp-json\/wp\/v2\/product_cat?post=15822"},{"taxonomy":"product_tag","embeddable":true,"href":"https:\/\/uj.adatbank.ro\/lexikon\/wp-json\/wp\/v2\/product_tag?post=15822"}],"curies":[{"name":"wp","href":"https:\/\/api.w.org\/{rel}","templated":true}]}}

MÓZES Károly

<p>Makfalva, ? † ?: orvos. – Apja Kézdivásárhelyről származott, ref. lelkész volt Makfalván, ahol ő is született. Tanult Makfalván, Mv.-en a Ref. Koll.-ban, majd külföldi tanulmányútja után Bp.-en gyalogezrednek az ezredorvosa lett, azután (1832) Romániába hívták meg, ahol a buk.-i katonai kórház főorvosa lett. Itt hírnévre tett szert, előkelő bojárok pártfogolták. Népszerűsítette a székelyföldi borvizeket, külföldön is , mert addig Erdélyből csak a szászföldieket ismerték. Az előpataki és borszéki borvíz az ő ajánlata révén terjedt el és kapott piacot. A buk.-i ref. egyház alapítása, templomának és nevelőházának felépítése nagyrészt az ő érdeme. A buk.-i m. egyházi életnek egyik úttörője volt. <br /><strong>Irod.:</strong> Benkő; Krón. Füz. (1939. 4/6)</br></p>

<p>Makfalva, ? † ?: orvos. – Apja Kézdivásárhelyről származott, ref. lelkész volt Makfalván, ahol ő is született. Tanult Makfalván, Mv.-en a Ref. Koll.-ban, majd külföldi tanulmányútja után Bp.-en gyalogezrednek az ezredorvosa lett, azután (1832) Romániába hívták meg, ahol a buk.-i katonai kórház főorvosa lett. Itt hírnévre tett szert, előkelő bojárok pártfogolták. Népszerűsítette a székelyföldi borvizeket, külföldön [&hellip;]</p>
