{"id":15823,"date":"2025-07-15T13:48:19","date_gmt":"2025-07-15T11:48:19","guid":{"rendered":"https:\/\/uj.adatbank.ro\/lexikon\/termek\/mozes-karoly-3\/"},"modified":"2025-07-15T13:48:19","modified_gmt":"2025-07-15T11:48:19","slug":"mozes-karoly-3","status":"publish","type":"product","link":"https:\/\/uj.adatbank.ro\/lexikon\/termek\/mozes-karoly-3\/","title":{"rendered":"M\u00d3ZES K\u00e1roly"},"content":{"rendered":"<p>S\u00e1romberke, 1941.okt.. 28., \u2020\u00a01969.: asztalos. \u2013 A T\u00f6r\u00f6k-csoport tagjak\u00e9nt letart\u00f3ztatt\u00e1k (1965.okt.28.) A v\u00e1d szerint a csoport kapcsolatba l\u00e9pett olyan magyar \u00e1llampolg\u00e1rokkal, akik r\u00e9szt vettek az 56-os forradalomban, s \u00ab a t\u0151l\u00fck kapott feladatok v\u00e9grehajt\u00e1s\u00e1ra hozt\u00e1k l\u00e9tre szervezet\u00fcket\u00a0\u00bb. M\u00f3zes K\u00e1rolyt 4 \u00e9v b\u00f6rt\u00f6nre \u00edt\u00e9lt\u00e9k. A nagyenyedi b\u00f6rt\u00f6nben volt. Szabadul\u00e1sa (1968) ut\u00e1n r\u00f6vid ideig a gal\u00f3c\u00e1si Faipari Kombin\u00e1tban dolgozott, de onnan kitett\u00e9k. Tiszt\u00e1zatlan k\u00f6r\u00fclm\u00e9nyek k\u00f6z\u00f6tt halt meg. <br \/><strong>Irod.:<\/strong> 1956 Erd\u00e9lyben<\/br><\/p>\n","protected":false},"excerpt":{"rendered":"<p>S\u00e1romberke, 1941.okt.. 28., \u2020\u00a01969.: asztalos. \u2013 A T\u00f6r\u00f6k-csoport tagjak\u00e9nt letart\u00f3ztatt\u00e1k (1965.okt.28.) A v\u00e1d szerint a csoport kapcsolatba l\u00e9pett olyan magyar \u00e1llampolg\u00e1rokkal, akik r\u00e9szt vettek az 56-os forradalomban, s \u00ab a t\u0151l\u00fck kapott feladatok v\u00e9grehajt\u00e1s\u00e1ra hozt\u00e1k l\u00e9tre szervezet\u00fcket\u00a0\u00bb. M\u00f3zes K\u00e1rolyt 4 \u00e9v b\u00f6rt\u00f6nre \u00edt\u00e9lt\u00e9k. A nagyenyedi b\u00f6rt\u00f6nben volt. Szabadul\u00e1sa (1968) ut\u00e1n r\u00f6vid ideig a gal\u00f3c\u00e1si Faipari [&hellip;]<\/p>\n","protected":false},"featured_media":0,"comment_status":"open","ping_status":"closed","template":"","meta":[],"product_brand":[],"product_cat":[137],"product_tag":[],"class_list":{"0":"post-15823","1":"product","2":"type-product","3":"status-publish","5":"product_cat-maros-megyei-eletrajzi-lexikon","7":"first","8":"instock","9":"shipping-taxable","10":"product-type-simple"},"_links":{"self":[{"href":"https:\/\/uj.adatbank.ro\/lexikon\/wp-json\/wp\/v2\/product\/15823","targetHints":{"allow":["GET"]}}],"collection":[{"href":"https:\/\/uj.adatbank.ro\/lexikon\/wp-json\/wp\/v2\/product"}],"about":[{"href":"https:\/\/uj.adatbank.ro\/lexikon\/wp-json\/wp\/v2\/types\/product"}],"replies":[{"embeddable":true,"href":"https:\/\/uj.adatbank.ro\/lexikon\/wp-json\/wp\/v2\/comments?post=15823"}],"wp:attachment":[{"href":"https:\/\/uj.adatbank.ro\/lexikon\/wp-json\/wp\/v2\/media?parent=15823"}],"wp:term":[{"taxonomy":"product_brand","embeddable":true,"href":"https:\/\/uj.adatbank.ro\/lexikon\/wp-json\/wp\/v2\/product_brand?post=15823"},{"taxonomy":"product_cat","embeddable":true,"href":"https:\/\/uj.adatbank.ro\/lexikon\/wp-json\/wp\/v2\/product_cat?post=15823"},{"taxonomy":"product_tag","embeddable":true,"href":"https:\/\/uj.adatbank.ro\/lexikon\/wp-json\/wp\/v2\/product_tag?post=15823"}],"curies":[{"name":"wp","href":"https:\/\/api.w.org\/{rel}","templated":true}]}}

MÓZES Károly

<p>Sáromberke, 1941.okt.. 28., † 1969.: asztalos. – A Török-csoport tagjaként letartóztatták (1965.okt.28.) A vád szerint a csoport kapcsolatba lépett olyan magyar állampolgárokkal, akik részt vettek az 56-os forradalomban, s « a tőlük kapott feladatok végrehajtására hozták létre szervezetüket ». Mózes Károlyt 4 év börtönre ítélték. A nagyenyedi börtönben volt. Szabadulása (1968) után rövid ideig a galócási Faipari Kombinátban dolgozott, de onnan kitették. Tisztázatlan körülmények között halt meg. <br /><strong>Irod.:</strong> 1956 Erdélyben</br></p>

<p>Sáromberke, 1941.okt.. 28., † 1969.: asztalos. – A Török-csoport tagjaként letartóztatták (1965.okt.28.) A vád szerint a csoport kapcsolatba lépett olyan magyar állampolgárokkal, akik részt vettek az 56-os forradalomban, s « a tőlük kapott feladatok végrehajtására hozták létre szervezetüket ». Mózes Károlyt 4 év börtönre ítélték. A nagyenyedi börtönben volt. Szabadulása (1968) után rövid ideig a galócási Faipari [&hellip;]</p>
