{"id":15827,"date":"2025-07-15T13:48:27","date_gmt":"2025-07-15T11:48:27","guid":{"rendered":"https:\/\/uj.adatbank.ro\/lexikon\/termek\/mozes-s-jeno-%c2%a7-mozes-salamon-jeno\/"},"modified":"2025-07-15T13:48:27","modified_gmt":"2025-07-15T11:48:27","slug":"mozes-s-jeno-%c2%a7-mozes-salamon-jeno","status":"publish","type":"product","link":"https:\/\/uj.adatbank.ro\/lexikon\/termek\/mozes-s-jeno-%c2%a7-mozes-salamon-jeno\/","title":{"rendered":"M\u00d3ZES S. Jen\u0151, \u00a7 M\u00f3zes Salamon Jen\u0151"},"content":{"rendered":"<p>1892., \u2020\u00a0?: kalaprakt\u00e1ros, keresked\u0151. \u2013 Mv.-en a f\u0151t\u00e9ren a 4. sz l\u00e9v\u0151 \u00fczletet alap\u00edt\u00f3ja Ehrenfeld Sarolta (1910-ben). M. J. hozz\u00e1\u00e9rt\u00e9ssel vezette \u00e9s fejlesztette a v\u00e1ros legforgalmasabb \u00e9s legjobb vev\u0151k\u00f6rrel rendelkez\u0151 \u00fczlet\u00e9v\u00e9 12\u201315 alkalmazottat foglalkoztatva. R\u00e9szt vett az I. vh.-ban, bevonult a mv.-i 62. gy. ezredhez, majd \u00e1thelyezt\u00e9k a 22. e.-\u00fcgyi osztaghoz (1914. aug.\u201318. nov.). Orosz \u00e9s olasz fronton \u0151rmester. <strong>Kit\u00fcntet\u00e9sei:<\/strong> K\u00e1roly cs. k., v\u00f6r. ker. jelv\u00e9ny ig. A. Az imp\u00e9rium v\u00e1lt\u00e1s ut\u00e1n k\u00f6zel t\u00edz \u00e9vig keresked\u0151 volt azut\u00e1n k\u00e9nytelen volt bez\u00e1rni. Mv.-r\u0151l deport\u00e1lt\u00e1k feles\u00e9g\u00e9vel (*\u00a01896\u2013) egy\u00fctt (1944. m\u00e1j. 29.). <br \/><strong>Irod.:<\/strong> EBKL; M. hadviselt zsid\u00f3k; Mv. zsid\u00f3s\u00e1ga; Visnai<\/br><\/p>\n","protected":false},"excerpt":{"rendered":"<p>1892., \u2020\u00a0?: kalaprakt\u00e1ros, keresked\u0151. \u2013 Mv.-en a f\u0151t\u00e9ren a 4. sz l\u00e9v\u0151 \u00fczletet alap\u00edt\u00f3ja Ehrenfeld Sarolta (1910-ben). M. J. hozz\u00e1\u00e9rt\u00e9ssel vezette \u00e9s fejlesztette a v\u00e1ros legforgalmasabb \u00e9s legjobb vev\u0151k\u00f6rrel rendelkez\u0151 \u00fczlet\u00e9v\u00e9 12\u201315 alkalmazottat foglalkoztatva. R\u00e9szt vett az I. vh.-ban, bevonult a mv.-i 62. gy. ezredhez, majd \u00e1thelyezt\u00e9k a 22. e.-\u00fcgyi osztaghoz (1914. aug.\u201318. nov.). Orosz [&hellip;]<\/p>\n","protected":false},"featured_media":0,"comment_status":"open","ping_status":"closed","template":"","meta":[],"product_brand":[],"product_cat":[137],"product_tag":[],"class_list":{"0":"post-15827","1":"product","2":"type-product","3":"status-publish","5":"product_cat-maros-megyei-eletrajzi-lexikon","7":"first","8":"instock","9":"shipping-taxable","10":"product-type-simple"},"_links":{"self":[{"href":"https:\/\/uj.adatbank.ro\/lexikon\/wp-json\/wp\/v2\/product\/15827","targetHints":{"allow":["GET"]}}],"collection":[{"href":"https:\/\/uj.adatbank.ro\/lexikon\/wp-json\/wp\/v2\/product"}],"about":[{"href":"https:\/\/uj.adatbank.ro\/lexikon\/wp-json\/wp\/v2\/types\/product"}],"replies":[{"embeddable":true,"href":"https:\/\/uj.adatbank.ro\/lexikon\/wp-json\/wp\/v2\/comments?post=15827"}],"wp:attachment":[{"href":"https:\/\/uj.adatbank.ro\/lexikon\/wp-json\/wp\/v2\/media?parent=15827"}],"wp:term":[{"taxonomy":"product_brand","embeddable":true,"href":"https:\/\/uj.adatbank.ro\/lexikon\/wp-json\/wp\/v2\/product_brand?post=15827"},{"taxonomy":"product_cat","embeddable":true,"href":"https:\/\/uj.adatbank.ro\/lexikon\/wp-json\/wp\/v2\/product_cat?post=15827"},{"taxonomy":"product_tag","embeddable":true,"href":"https:\/\/uj.adatbank.ro\/lexikon\/wp-json\/wp\/v2\/product_tag?post=15827"}],"curies":[{"name":"wp","href":"https:\/\/api.w.org\/{rel}","templated":true}]}}

MÓZES S. Jenő, § Mózes Salamon Jenő

<p>1892., † ?: kalapraktáros, kereskedő. – Mv.-en a főtéren a 4. sz lévő üzletet alapítója Ehrenfeld Sarolta (1910-ben). M. J. hozzáértéssel vezette és fejlesztette a város legforgalmasabb és legjobb vevőkörrel rendelkező üzletévé 12–15 alkalmazottat foglalkoztatva. Részt vett az I. vh.-ban, bevonult a mv.-i 62. gy. ezredhez, majd áthelyezték a 22. e.-ügyi osztaghoz (1914. aug.–18. nov.). Orosz és olasz fronton őrmester. <strong>Kitüntetései:</strong> Károly cs. k., vör. ker. jelvény ig. A. Az impérium váltás után közel tíz évig kereskedő volt azután kénytelen volt bezárni. Mv.-ről deportálták feleségével (* 1896–) együtt (1944. máj. 29.). <br /><strong>Irod.:</strong> EBKL; M. hadviselt zsidók; Mv. zsidósága; Visnai</br></p>

<p>1892., † ?: kalapraktáros, kereskedő. – Mv.-en a főtéren a 4. sz lévő üzletet alapítója Ehrenfeld Sarolta (1910-ben). M. J. hozzáértéssel vezette és fejlesztette a város legforgalmasabb és legjobb vevőkörrel rendelkező üzletévé 12–15 alkalmazottat foglalkoztatva. Részt vett az I. vh.-ban, bevonult a mv.-i 62. gy. ezredhez, majd áthelyezték a 22. e.-ügyi osztaghoz (1914. aug.–18. nov.). Orosz [&hellip;]</p>
