{"id":15832,"date":"2025-07-15T13:48:34","date_gmt":"2025-07-15T11:48:34","guid":{"rendered":"https:\/\/uj.adatbank.ro\/lexikon\/termek\/mudra-alajos\/"},"modified":"2025-07-15T13:48:34","modified_gmt":"2025-07-15T11:48:34","slug":"mudra-alajos","status":"publish","type":"product","link":"https:\/\/uj.adatbank.ro\/lexikon\/termek\/mudra-alajos\/","title":{"rendered":"MUDRA Alajos"},"content":{"rendered":"<p>1878., \u2020 ?: f\u00f6ldbirtokos, gy\u00e1ros. \u2013 Feles\u00e9ge: Plaj\u00e1n Ottilia. Gyermekeik: Alajos \u00e9s Ottilia. B\u00e1ns\u00e1gi csal\u00e1dban sz\u00fcletett. \u2013 Marosszentkir\u00e1lyon 130 hold birtokon gazd\u00e1lkodott. T\u00f6rzsk\u00f6nyvezett tehen\u00e9szete, nemes l\u00f3teny\u00e9szete volt. Az \u00c1llatteny\u00e9szt\u0151k Egylet\u00e9nek aleln\u00f6ke, a helyi gazdak\u00f6r eln\u00f6ke. Lupan t\u00e1rstulajdonossal k\u00f6z\u00f6sen Marosszentkir\u00e1lyon a Gloria szappangy\u00e1rat \u00e9s a Transilvania ecetgy\u00e1rat m\u0171k\u00f6dtett\u00e9k k\u00f6z\u00f6sen Lupan-nal (1926). <br \/><strong>Irod.:<\/strong> Erd\u00e9lyi v\u00e1rmegy\u00e9k; Pan\u0103<\/br><\/p>\n","protected":false},"excerpt":{"rendered":"<p>1878., \u2020 ?: f\u00f6ldbirtokos, gy\u00e1ros. \u2013 Feles\u00e9ge: Plaj\u00e1n Ottilia. Gyermekeik: Alajos \u00e9s Ottilia. B\u00e1ns\u00e1gi csal\u00e1dban sz\u00fcletett. \u2013 Marosszentkir\u00e1lyon 130 hold birtokon gazd\u00e1lkodott. T\u00f6rzsk\u00f6nyvezett tehen\u00e9szete, nemes l\u00f3teny\u00e9szete volt. Az \u00c1llatteny\u00e9szt\u0151k Egylet\u00e9nek aleln\u00f6ke, a helyi gazdak\u00f6r eln\u00f6ke. Lupan t\u00e1rstulajdonossal k\u00f6z\u00f6sen Marosszentkir\u00e1lyon a Gloria szappangy\u00e1rat \u00e9s a Transilvania ecetgy\u00e1rat m\u0171k\u00f6dtett\u00e9k k\u00f6z\u00f6sen Lupan-nal (1926). Irod.: Erd\u00e9lyi v\u00e1rmegy\u00e9k; Pan\u0103<\/p>\n","protected":false},"featured_media":0,"comment_status":"open","ping_status":"closed","template":"","meta":[],"product_brand":[],"product_cat":[137],"product_tag":[],"class_list":{"0":"post-15832","1":"product","2":"type-product","3":"status-publish","5":"product_cat-maros-megyei-eletrajzi-lexikon","7":"first","8":"instock","9":"shipping-taxable","10":"product-type-simple"},"_links":{"self":[{"href":"https:\/\/uj.adatbank.ro\/lexikon\/wp-json\/wp\/v2\/product\/15832","targetHints":{"allow":["GET"]}}],"collection":[{"href":"https:\/\/uj.adatbank.ro\/lexikon\/wp-json\/wp\/v2\/product"}],"about":[{"href":"https:\/\/uj.adatbank.ro\/lexikon\/wp-json\/wp\/v2\/types\/product"}],"replies":[{"embeddable":true,"href":"https:\/\/uj.adatbank.ro\/lexikon\/wp-json\/wp\/v2\/comments?post=15832"}],"wp:attachment":[{"href":"https:\/\/uj.adatbank.ro\/lexikon\/wp-json\/wp\/v2\/media?parent=15832"}],"wp:term":[{"taxonomy":"product_brand","embeddable":true,"href":"https:\/\/uj.adatbank.ro\/lexikon\/wp-json\/wp\/v2\/product_brand?post=15832"},{"taxonomy":"product_cat","embeddable":true,"href":"https:\/\/uj.adatbank.ro\/lexikon\/wp-json\/wp\/v2\/product_cat?post=15832"},{"taxonomy":"product_tag","embeddable":true,"href":"https:\/\/uj.adatbank.ro\/lexikon\/wp-json\/wp\/v2\/product_tag?post=15832"}],"curies":[{"name":"wp","href":"https:\/\/api.w.org\/{rel}","templated":true}]}}

<p>1878., † ?: földbirtokos, gyáros. – Felesége: Plaján Ottilia. Gyermekeik: Alajos és Ottilia. Bánsági családban született. – Marosszentkirályon 130 hold birtokon gazdálkodott. Törzskönyvezett tehenészete, nemes lótenyészete volt. Az Állattenyésztők Egyletének alelnöke, a helyi gazdakör elnöke. Lupan társtulajdonossal közösen Marosszentkirályon a Gloria szappangyárat és a Transilvania ecetgyárat működtették közösen Lupan-nal (1926). <br /><strong>Irod.:</strong> Erdélyi vármegyék; Pană</br></p>

<p>1878., † ?: földbirtokos, gyáros. – Felesége: Plaján Ottilia. Gyermekeik: Alajos és Ottilia. Bánsági családban született. – Marosszentkirályon 130 hold birtokon gazdálkodott. Törzskönyvezett tehenészete, nemes lótenyészete volt. Az Állattenyésztők Egyletének alelnöke, a helyi gazdakör elnöke. Lupan társtulajdonossal közösen Marosszentkirályon a Gloria szappangyárat és a Transilvania ecetgyárat működtették közösen Lupan-nal (1926). Irod.: Erdélyi vármegyék; Pană</p>
