{"id":15833,"date":"2025-07-15T13:48:35","date_gmt":"2025-07-15T11:48:35","guid":{"rendered":"https:\/\/uj.adatbank.ro\/lexikon\/termek\/mugur-vlad\/"},"modified":"2025-07-15T13:48:35","modified_gmt":"2025-07-15T11:48:35","slug":"mugur-vlad","status":"publish","type":"product","link":"https:\/\/uj.adatbank.ro\/lexikon\/termek\/mugur-vlad\/","title":{"rendered":"MUGUR, Vlad"},"content":{"rendered":"<p>Buk., 1927. j\u00fan. 22, \u2020  M\u00fcnchen, 2001 j\u00fal. 22.: rendez\u0151. \u2013 Mv.-en rendezte Baranga: Diadal\u00edv c. sz\u00ednm\u0171v\u00e9t (1959) Kov\u00e1cs Gy\u00f6rgy f\u0151szerepl\u00e9s\u00e9vel. <br \/><strong>Irod.:<\/strong> DE; K\u00e1ntor-K\u00f6t\u0151<\/br>.<\/p>\n","protected":false},"excerpt":{"rendered":"<p>Buk., 1927. j\u00fan. 22, \u2020 M\u00fcnchen, 2001 j\u00fal. 22.: rendez\u0151. \u2013 Mv.-en rendezte Baranga: Diadal\u00edv c. sz\u00ednm\u0171v\u00e9t (1959) Kov\u00e1cs Gy\u00f6rgy f\u0151szerepl\u00e9s\u00e9vel. Irod.: DE; K\u00e1ntor-K\u00f6t\u0151.<\/p>\n","protected":false},"featured_media":0,"comment_status":"open","ping_status":"closed","template":"","meta":[],"product_brand":[],"product_cat":[137],"product_tag":[],"class_list":{"0":"post-15833","1":"product","2":"type-product","3":"status-publish","5":"product_cat-maros-megyei-eletrajzi-lexikon","7":"first","8":"instock","9":"shipping-taxable","10":"product-type-simple"},"_links":{"self":[{"href":"https:\/\/uj.adatbank.ro\/lexikon\/wp-json\/wp\/v2\/product\/15833","targetHints":{"allow":["GET"]}}],"collection":[{"href":"https:\/\/uj.adatbank.ro\/lexikon\/wp-json\/wp\/v2\/product"}],"about":[{"href":"https:\/\/uj.adatbank.ro\/lexikon\/wp-json\/wp\/v2\/types\/product"}],"replies":[{"embeddable":true,"href":"https:\/\/uj.adatbank.ro\/lexikon\/wp-json\/wp\/v2\/comments?post=15833"}],"wp:attachment":[{"href":"https:\/\/uj.adatbank.ro\/lexikon\/wp-json\/wp\/v2\/media?parent=15833"}],"wp:term":[{"taxonomy":"product_brand","embeddable":true,"href":"https:\/\/uj.adatbank.ro\/lexikon\/wp-json\/wp\/v2\/product_brand?post=15833"},{"taxonomy":"product_cat","embeddable":true,"href":"https:\/\/uj.adatbank.ro\/lexikon\/wp-json\/wp\/v2\/product_cat?post=15833"},{"taxonomy":"product_tag","embeddable":true,"href":"https:\/\/uj.adatbank.ro\/lexikon\/wp-json\/wp\/v2\/product_tag?post=15833"}],"curies":[{"name":"wp","href":"https:\/\/api.w.org\/{rel}","templated":true}]}}