{"id":15836,"date":"2025-07-15T13:48:39","date_gmt":"2025-07-15T11:48:39","guid":{"rendered":"https:\/\/uj.adatbank.ro\/lexikon\/termek\/muhlfay-laszlo\/"},"modified":"2025-07-15T13:48:39","modified_gmt":"2025-07-15T11:48:39","slug":"muhlfay-laszlo","status":"publish","type":"product","link":"https:\/\/uj.adatbank.ro\/lexikon\/termek\/muhlfay-laszlo\/","title":{"rendered":"M\u00dcHLFAY L\u00e1szl\u00f3"},"content":{"rendered":"<p>Ny\u00e1r\u00e1dmagyar\u00f3s, 1950. \u2020 Mv., 1995. dec.15: orvos. \u2013 Feles\u00e9ge \u00e9s k\u00e9t l\u00e1nya fogorvos. A mv.-i fi\u00fal\u00edceumban, a mai Bolyai gimn.-ban \u00e9retts\u00e9gizett. A MOGYI fogorvosi kar\u00e1n v\u00e9gzett (1975). A Vegyi Kombin\u00e1t rendel\u0151j\u00e9t megszervezte \u00e9s vezette. A Fog\u00e1szati Klinik\u00e1n l\u00e9trehozta a \u201ekism\u0171t\u0151t\u201d \u00e9s elv\u00e9gezte a m\u0171t\u00e9teket, a s\u00fcrg\u0151ss\u00e9gi non-stop fog\u00e1szati ell\u00e1t\u00e1st megyei szinten is megszervezte \u00e9s m\u0171k\u00f6dtette. Mag\u00e1nrendel\u0151je is volt (1992\u2013).A mv.-i sz\u00e1jseb\u00e9szeti klinika fogszakorvosa korai hal\u00e1l\u00e1ig (1980\u201395). <br \/><strong>Irod.:<\/strong> Kiss-P.- P; Megeml\u00e9kez\u00e9s (N\u00fa., 1995. dec. 23.); MMK; P\u00e9ter Mih\u00e1ly 2006; <\/br><\/p>\n","protected":false},"excerpt":{"rendered":"<p>Ny\u00e1r\u00e1dmagyar\u00f3s, 1950. \u2020 Mv., 1995. dec.15: orvos. \u2013 Feles\u00e9ge \u00e9s k\u00e9t l\u00e1nya fogorvos. A mv.-i fi\u00fal\u00edceumban, a mai Bolyai gimn.-ban \u00e9retts\u00e9gizett. A MOGYI fogorvosi kar\u00e1n v\u00e9gzett (1975). A Vegyi Kombin\u00e1t rendel\u0151j\u00e9t megszervezte \u00e9s vezette. A Fog\u00e1szati Klinik\u00e1n l\u00e9trehozta a \u201ekism\u0171t\u0151t\u201d \u00e9s elv\u00e9gezte a m\u0171t\u00e9teket, a s\u00fcrg\u0151ss\u00e9gi non-stop fog\u00e1szati ell\u00e1t\u00e1st megyei szinten is megszervezte \u00e9s m\u0171k\u00f6dtette. [&hellip;]<\/p>\n","protected":false},"featured_media":0,"comment_status":"open","ping_status":"closed","template":"","meta":[],"product_brand":[],"product_cat":[137],"product_tag":[],"class_list":{"0":"post-15836","1":"product","2":"type-product","3":"status-publish","5":"product_cat-maros-megyei-eletrajzi-lexikon","7":"first","8":"instock","9":"shipping-taxable","10":"product-type-simple"},"_links":{"self":[{"href":"https:\/\/uj.adatbank.ro\/lexikon\/wp-json\/wp\/v2\/product\/15836","targetHints":{"allow":["GET"]}}],"collection":[{"href":"https:\/\/uj.adatbank.ro\/lexikon\/wp-json\/wp\/v2\/product"}],"about":[{"href":"https:\/\/uj.adatbank.ro\/lexikon\/wp-json\/wp\/v2\/types\/product"}],"replies":[{"embeddable":true,"href":"https:\/\/uj.adatbank.ro\/lexikon\/wp-json\/wp\/v2\/comments?post=15836"}],"wp:attachment":[{"href":"https:\/\/uj.adatbank.ro\/lexikon\/wp-json\/wp\/v2\/media?parent=15836"}],"wp:term":[{"taxonomy":"product_brand","embeddable":true,"href":"https:\/\/uj.adatbank.ro\/lexikon\/wp-json\/wp\/v2\/product_brand?post=15836"},{"taxonomy":"product_cat","embeddable":true,"href":"https:\/\/uj.adatbank.ro\/lexikon\/wp-json\/wp\/v2\/product_cat?post=15836"},{"taxonomy":"product_tag","embeddable":true,"href":"https:\/\/uj.adatbank.ro\/lexikon\/wp-json\/wp\/v2\/product_tag?post=15836"}],"curies":[{"name":"wp","href":"https:\/\/api.w.org\/{rel}","templated":true}]}}

MÜHLFAY László

<p>Nyárádmagyarós, 1950. † Mv., 1995. dec.15: orvos. – Felesége és két lánya fogorvos. A mv.-i fiúlíceumban, a mai Bolyai gimn.-ban érettségizett. A MOGYI fogorvosi karán végzett (1975). A Vegyi Kombinát rendelőjét megszervezte és vezette. A Fogászati Klinikán létrehozta a „kisműtőt” és elvégezte a műtéteket, a sürgősségi non-stop fogászati ellátást megyei szinten is megszervezte és működtette. Magánrendelője is volt (1992–).A mv.-i szájsebészeti klinika fogszakorvosa korai haláláig (1980–95). <br /><strong>Irod.:</strong> Kiss-P.- P; Megemlékezés (Nú., 1995. dec. 23.); MMK; Péter Mihály 2006; </br></p>

<p>Nyárádmagyarós, 1950. † Mv., 1995. dec.15: orvos. – Felesége és két lánya fogorvos. A mv.-i fiúlíceumban, a mai Bolyai gimn.-ban érettségizett. A MOGYI fogorvosi karán végzett (1975). A Vegyi Kombinát rendelőjét megszervezte és vezette. A Fogászati Klinikán létrehozta a „kisműtőt” és elvégezte a műtéteket, a sürgősségi non-stop fogászati ellátást megyei szinten is megszervezte és működtette. [&hellip;]</p>
