{"id":15838,"date":"2025-07-15T13:48:42","date_gmt":"2025-07-15T11:48:42","guid":{"rendered":"https:\/\/uj.adatbank.ro\/lexikon\/termek\/muica-ioan-%c2%a7\/"},"modified":"2025-07-15T13:48:42","modified_gmt":"2025-07-15T11:48:42","slug":"muica-ioan-%c2%a7","status":"publish","type":"product","link":"https:\/\/uj.adatbank.ro\/lexikon\/termek\/muica-ioan-%c2%a7\/","title":{"rendered":"MUICA, Ioan, \u00a7"},"content":{"rendered":"<p>Marosszentgy\u00f6rgy, 1887. aug. \u2020 Marosszentgy\u00f6rgy, 1955. m\u00e1j. 17.: polg\u00e1rmester. \u2013 Elemit a sz\u00fcl\u0151faluj\u00e1ban.az egyh\u00e1zi iskol\u00e1ban v\u00e9gezte. R\u00e9szt vett a II. vh. harcaiban, ahol hadirokkantt\u00e1 v\u00e1lt. Vit\u00e9zs\u00e9g\u00e9t t\u00f6bb kit\u00fcntet\u00e9ssel jutalmazt\u00e1k. A R.N.P.P.-nak a tagja volt. A k\u00f6zs\u00e9g polg\u00e1rmestere volt (1926\u201334). Levezette a f\u00f6ldoszt\u00e1st, amelynek alkalm\u00e1val a hadirokkantak, katon\u00e1k, \u00f6zvegyek \u00e9s f\u00f6ld n\u00e9lk\u00fcliek jutottak f\u00f6ldh\u00f6z. Az \u0151 idej\u00e9ben \u00e9p\u00fclt fel az \u00faj \u00e1llami iskola \u00e9s a tan\u00edt\u00f3i lak\u00e1s (\u00fcnnep\u00e9lyes felavat\u00e1sa, 1928. szept. 28.). Iskola igazgat\u00f3 Buc\u015fa Ioan volt. <br \/><strong>Irod.:<\/strong> S\u00e2ngeorgiu de Mure\u015f; S\u00e2ngeorgiu de Mure\u015f \u2013 \u015ecoala<\/br><\/p>\n","protected":false},"excerpt":{"rendered":"<p>Marosszentgy\u00f6rgy, 1887. aug. \u2020 Marosszentgy\u00f6rgy, 1955. m\u00e1j. 17.: polg\u00e1rmester. \u2013 Elemit a sz\u00fcl\u0151faluj\u00e1ban.az egyh\u00e1zi iskol\u00e1ban v\u00e9gezte. R\u00e9szt vett a II. vh. harcaiban, ahol hadirokkantt\u00e1 v\u00e1lt. Vit\u00e9zs\u00e9g\u00e9t t\u00f6bb kit\u00fcntet\u00e9ssel jutalmazt\u00e1k. A R.N.P.P.-nak a tagja volt. A k\u00f6zs\u00e9g polg\u00e1rmestere volt (1926\u201334). Levezette a f\u00f6ldoszt\u00e1st, amelynek alkalm\u00e1val a hadirokkantak, katon\u00e1k, \u00f6zvegyek \u00e9s f\u00f6ld n\u00e9lk\u00fcliek jutottak f\u00f6ldh\u00f6z. Az \u0151 [&hellip;]<\/p>\n","protected":false},"featured_media":0,"comment_status":"open","ping_status":"closed","template":"","meta":[],"product_brand":[],"product_cat":[137],"product_tag":[],"class_list":{"0":"post-15838","1":"product","2":"type-product","3":"status-publish","5":"product_cat-maros-megyei-eletrajzi-lexikon","7":"first","8":"instock","9":"shipping-taxable","10":"product-type-simple"},"_links":{"self":[{"href":"https:\/\/uj.adatbank.ro\/lexikon\/wp-json\/wp\/v2\/product\/15838","targetHints":{"allow":["GET"]}}],"collection":[{"href":"https:\/\/uj.adatbank.ro\/lexikon\/wp-json\/wp\/v2\/product"}],"about":[{"href":"https:\/\/uj.adatbank.ro\/lexikon\/wp-json\/wp\/v2\/types\/product"}],"replies":[{"embeddable":true,"href":"https:\/\/uj.adatbank.ro\/lexikon\/wp-json\/wp\/v2\/comments?post=15838"}],"wp:attachment":[{"href":"https:\/\/uj.adatbank.ro\/lexikon\/wp-json\/wp\/v2\/media?parent=15838"}],"wp:term":[{"taxonomy":"product_brand","embeddable":true,"href":"https:\/\/uj.adatbank.ro\/lexikon\/wp-json\/wp\/v2\/product_brand?post=15838"},{"taxonomy":"product_cat","embeddable":true,"href":"https:\/\/uj.adatbank.ro\/lexikon\/wp-json\/wp\/v2\/product_cat?post=15838"},{"taxonomy":"product_tag","embeddable":true,"href":"https:\/\/uj.adatbank.ro\/lexikon\/wp-json\/wp\/v2\/product_tag?post=15838"}],"curies":[{"name":"wp","href":"https:\/\/api.w.org\/{rel}","templated":true}]}}

<p>Marosszentgyörgy, 1887. aug. † Marosszentgyörgy, 1955. máj. 17.: polgármester. – Elemit a szülőfalujában.az egyházi iskolában végezte. Részt vett a II. vh. harcaiban, ahol hadirokkanttá vált. Vitézségét több kitüntetéssel jutalmazták. A R.N.P.P.-nak a tagja volt. A község polgármestere volt (1926–34). Levezette a földosztást, amelynek alkalmával a hadirokkantak, katonák, özvegyek és föld nélküliek jutottak földhöz. Az ő idejében épült fel az új állami iskola és a tanítói lakás (ünnepélyes felavatása, 1928. szept. 28.). Iskola igazgató Bucşa Ioan volt. <br /><strong>Irod.:</strong> Sângeorgiu de Mureş; Sângeorgiu de Mureş – Şcoala</br></p>

<p>Marosszentgyörgy, 1887. aug. † Marosszentgyörgy, 1955. máj. 17.: polgármester. – Elemit a szülőfalujában.az egyházi iskolában végezte. Részt vett a II. vh. harcaiban, ahol hadirokkanttá vált. Vitézségét több kitüntetéssel jutalmazták. A R.N.P.P.-nak a tagja volt. A község polgármestere volt (1926–34). Levezette a földosztást, amelynek alkalmával a hadirokkantak, katonák, özvegyek és föld nélküliek jutottak földhöz. Az ő [&hellip;]</p>
