{"id":15839,"date":"2025-07-15T13:48:44","date_gmt":"2025-07-15T11:48:44","guid":{"rendered":"https:\/\/uj.adatbank.ro\/lexikon\/termek\/muica-teodor\/"},"modified":"2025-07-15T13:48:44","modified_gmt":"2025-07-15T11:48:44","slug":"muica-teodor","status":"publish","type":"product","link":"https:\/\/uj.adatbank.ro\/lexikon\/termek\/muica-teodor\/","title":{"rendered":"MUIC\u0102, Teodor"},"content":{"rendered":"<p>Erd\u0151szentgy\u00f6rgy, 1883., \u2020 Erd\u0151szentgy\u00f6rgy, 1951.: ort. pap, k\u00e9pvisel\u0151. \u2013 Fia: M. Teodor, ort. pap, nyugd\u00edjas H\u00e1rmasfaluban \u00e9l. \u2013 K\u00f6z\u00e9piskol\u00e1it Mv.-en \u00e9s Nagyszebenben (1903), a teol\u00f3gi\u00e1t Nagyszebenben v\u00e9gezte majd egy \u00e9vig joghallgat\u00f3 Bp.-en. Erd\u0151szentgy\u00f6rgy\u00f6n lelk\u00e9sz (1906\u201338). A templom kicsinek bizonyult, \u00e1llami seg\u00edts\u00e9ggel \u00e9s k\u00f6zadakoz\u00e1sb\u00f3l Erd\u00f6szentgy\u00f6rgy\u00f6n fel\u00e9p\u00edttetett egy biz\u00e1nci st\u00edlus\u00fa k\u0151templomot (1934\u201336). Harangja a r\u00e9gi templomb\u00f3l (1704) sz\u00e1rmazott, de a n\u00e9metek a II. vh. idej\u00e9n elkobozt\u00e1k azt. A rom\u00e1n \u00e1llam adom\u00e1nyak\u00e9nt ma egy 95 kg.-os harang l\u00e9tezik benne. Minden hazafias \u00e9s kultur\u00e1lis \u00fcgy lelkes t\u00e1mogat\u00f3ja \u00e9s r\u00e9sztvev\u0151je. Tagja a Nemzeti Liber\u00e1lis P\u00e1rtnak, k\u00e9pvisel\u0151 (1920\u201322). \u00dcld\u00f6zt\u00e9k a Horthy \u00e9s a kommunista diktatura idej\u00e9n. <br \/><strong>Irod.:<\/strong> Glasul Muresului (1998\/8); Sz\u00e9kelyf\u00f6ld \u00ed.k.; \u015eincan 2006<\/br><\/p>\n","protected":false},"excerpt":{"rendered":"<p>Erd\u0151szentgy\u00f6rgy, 1883., \u2020 Erd\u0151szentgy\u00f6rgy, 1951.: ort. pap, k\u00e9pvisel\u0151. \u2013 Fia: M. Teodor, ort. pap, nyugd\u00edjas H\u00e1rmasfaluban \u00e9l. \u2013 K\u00f6z\u00e9piskol\u00e1it Mv.-en \u00e9s Nagyszebenben (1903), a teol\u00f3gi\u00e1t Nagyszebenben v\u00e9gezte majd egy \u00e9vig joghallgat\u00f3 Bp.-en. Erd\u0151szentgy\u00f6rgy\u00f6n lelk\u00e9sz (1906\u201338). A templom kicsinek bizonyult, \u00e1llami seg\u00edts\u00e9ggel \u00e9s k\u00f6zadakoz\u00e1sb\u00f3l Erd\u00f6szentgy\u00f6rgy\u00f6n fel\u00e9p\u00edttetett egy biz\u00e1nci st\u00edlus\u00fa k\u0151templomot (1934\u201336). Harangja a r\u00e9gi templomb\u00f3l (1704) [&hellip;]<\/p>\n","protected":false},"featured_media":0,"comment_status":"open","ping_status":"closed","template":"","meta":[],"product_brand":[],"product_cat":[137],"product_tag":[],"class_list":{"0":"post-15839","1":"product","2":"type-product","3":"status-publish","5":"product_cat-maros-megyei-eletrajzi-lexikon","7":"first","8":"instock","9":"shipping-taxable","10":"product-type-simple"},"_links":{"self":[{"href":"https:\/\/uj.adatbank.ro\/lexikon\/wp-json\/wp\/v2\/product\/15839","targetHints":{"allow":["GET"]}}],"collection":[{"href":"https:\/\/uj.adatbank.ro\/lexikon\/wp-json\/wp\/v2\/product"}],"about":[{"href":"https:\/\/uj.adatbank.ro\/lexikon\/wp-json\/wp\/v2\/types\/product"}],"replies":[{"embeddable":true,"href":"https:\/\/uj.adatbank.ro\/lexikon\/wp-json\/wp\/v2\/comments?post=15839"}],"wp:attachment":[{"href":"https:\/\/uj.adatbank.ro\/lexikon\/wp-json\/wp\/v2\/media?parent=15839"}],"wp:term":[{"taxonomy":"product_brand","embeddable":true,"href":"https:\/\/uj.adatbank.ro\/lexikon\/wp-json\/wp\/v2\/product_brand?post=15839"},{"taxonomy":"product_cat","embeddable":true,"href":"https:\/\/uj.adatbank.ro\/lexikon\/wp-json\/wp\/v2\/product_cat?post=15839"},{"taxonomy":"product_tag","embeddable":true,"href":"https:\/\/uj.adatbank.ro\/lexikon\/wp-json\/wp\/v2\/product_tag?post=15839"}],"curies":[{"name":"wp","href":"https:\/\/api.w.org\/{rel}","templated":true}]}}

MUICĂ, Teodor

<p>Erdőszentgyörgy, 1883., † Erdőszentgyörgy, 1951.: ort. pap, képviselő. – Fia: M. Teodor, ort. pap, nyugdíjas Hármasfaluban él. – Középiskoláit Mv.-en és Nagyszebenben (1903), a teológiát Nagyszebenben végezte majd egy évig joghallgató Bp.-en. Erdőszentgyörgyön lelkész (1906–38). A templom kicsinek bizonyult, állami segítséggel és közadakozásból Erdöszentgyörgyön felépíttetett egy bizánci stílusú kőtemplomot (1934–36). Harangja a régi templomból (1704) származott, de a németek a II. vh. idején elkobozták azt. A román állam adományaként ma egy 95 kg.-os harang létezik benne. Minden hazafias és kulturális ügy lelkes támogatója és résztvevője. Tagja a Nemzeti Liberális Pártnak, képviselő (1920–22). Üldözték a Horthy és a kommunista diktatura idején. <br /><strong>Irod.:</strong> Glasul Muresului (1998/8); Székelyföld í.k.; Şincan 2006</br></p>

<p>Erdőszentgyörgy, 1883., † Erdőszentgyörgy, 1951.: ort. pap, képviselő. – Fia: M. Teodor, ort. pap, nyugdíjas Hármasfaluban él. – Középiskoláit Mv.-en és Nagyszebenben (1903), a teológiát Nagyszebenben végezte majd egy évig joghallgató Bp.-en. Erdőszentgyörgyön lelkész (1906–38). A templom kicsinek bizonyult, állami segítséggel és közadakozásból Erdöszentgyörgyön felépíttetett egy bizánci stílusú kőtemplomot (1934–36). Harangja a régi templomból (1704) [&hellip;]</p>
