{"id":15845,"date":"2025-07-15T13:48:57","date_gmt":"2025-07-15T11:48:57","guid":{"rendered":"https:\/\/uj.adatbank.ro\/lexikon\/termek\/muller-erzsebet-muller-mihalyne-demeter-erzsebet\/"},"modified":"2025-07-15T13:48:57","modified_gmt":"2025-07-15T11:48:57","slug":"muller-erzsebet-muller-mihalyne-demeter-erzsebet","status":"publish","type":"product","link":"https:\/\/uj.adatbank.ro\/lexikon\/termek\/muller-erzsebet-muller-mihalyne-demeter-erzsebet\/","title":{"rendered":"M\u00dcLLER Erzs\u00e9bet, M\u00fcller Mih\u00e1lyn\u00e9, Demeter Erzs\u00e9bet"},"content":{"rendered":"<p>1927?, \u2020\u00a0Mv., 2006.jan.: tan\u00e1rn\u0151<\/br><\/p>\n","protected":false},"excerpt":{"rendered":"<p>1927?, \u2020\u00a0Mv., 2006.jan.: tan\u00e1rn\u0151<\/p>\n","protected":false},"featured_media":0,"comment_status":"open","ping_status":"closed","template":"","meta":[],"product_brand":[],"product_cat":[137],"product_tag":[],"class_list":{"0":"post-15845","1":"product","2":"type-product","3":"status-publish","5":"product_cat-maros-megyei-eletrajzi-lexikon","7":"first","8":"instock","9":"shipping-taxable","10":"product-type-simple"},"_links":{"self":[{"href":"https:\/\/uj.adatbank.ro\/lexikon\/wp-json\/wp\/v2\/product\/15845","targetHints":{"allow":["GET"]}}],"collection":[{"href":"https:\/\/uj.adatbank.ro\/lexikon\/wp-json\/wp\/v2\/product"}],"about":[{"href":"https:\/\/uj.adatbank.ro\/lexikon\/wp-json\/wp\/v2\/types\/product"}],"replies":[{"embeddable":true,"href":"https:\/\/uj.adatbank.ro\/lexikon\/wp-json\/wp\/v2\/comments?post=15845"}],"wp:attachment":[{"href":"https:\/\/uj.adatbank.ro\/lexikon\/wp-json\/wp\/v2\/media?parent=15845"}],"wp:term":[{"taxonomy":"product_brand","embeddable":true,"href":"https:\/\/uj.adatbank.ro\/lexikon\/wp-json\/wp\/v2\/product_brand?post=15845"},{"taxonomy":"product_cat","embeddable":true,"href":"https:\/\/uj.adatbank.ro\/lexikon\/wp-json\/wp\/v2\/product_cat?post=15845"},{"taxonomy":"product_tag","embeddable":true,"href":"https:\/\/uj.adatbank.ro\/lexikon\/wp-json\/wp\/v2\/product_tag?post=15845"}],"curies":[{"name":"wp","href":"https:\/\/api.w.org\/{rel}","templated":true}]}}