{"id":15847,"date":"2025-07-15T13:49:02","date_gmt":"2025-07-15T11:49:02","guid":{"rendered":"https:\/\/uj.adatbank.ro\/lexikon\/termek\/muller-ferenc-%c2%a7\/"},"modified":"2025-07-15T13:49:02","modified_gmt":"2025-07-15T11:49:02","slug":"muller-ferenc-%c2%a7","status":"publish","type":"product","link":"https:\/\/uj.adatbank.ro\/lexikon\/termek\/muller-ferenc-%c2%a7\/","title":{"rendered":"M\u00dcLLER Ferenc, \u00a7"},"content":{"rendered":"<p>1905., \u2020\u00a0Mv., 1987. \u00e1pr. 7.: zenetan\u00e1r, zen\u00e9sz, br\u00e1cs\u00e1s. \u2013 Petr\u00f3leumgy\u00e1ri munk\u00e1sk\u00e9nt kezdte 14 \u00e9ves kor\u00e1ban. A mv.-i v\u00e1rosi moziban a Kult\u00farpalot\u00e1ban kezdte zen\u00e9szi p\u00e1ly\u00e1j\u00e1t, k\u00eds\u00e9r\u0151zen\u00e9t adott a n\u00e9ma filmekhez. A Mv.-i \u00c1llami Filharm\u00f3nia alap\u00edt\u00f3 tagjai k\u00f6z\u00f6tt szerepelt (1950), sz\u00f3lamvezet\u0151 br\u00e1cs\u00e1sa 29 \u00e9vig. Tagja a kv\u00e1rtettnek, amelyet Nagy Istv\u00e1nnal, Riemer K\u00e1rollyal \u00e9s Kozma G\u00e9z\u00e1val alak\u00edtottak (1936). <br \/><strong>Irod.:<\/strong> Filarmonica 50; Gy\u00e1rf\u00e1s L. Mikl\u00f3s: M. F. (V. Z., 1980. szept. 28.); Gy\u00e1rf\u00e1s L.2013; Id\u0151t\u00e1r 3, [Nekrol\u00f3g] (V. Z., 1987. \u00e1pr. 9.)<\/br><\/p>\n","protected":false},"excerpt":{"rendered":"<p>1905., \u2020\u00a0Mv., 1987. \u00e1pr. 7.: zenetan\u00e1r, zen\u00e9sz, br\u00e1cs\u00e1s. \u2013 Petr\u00f3leumgy\u00e1ri munk\u00e1sk\u00e9nt kezdte 14 \u00e9ves kor\u00e1ban. A mv.-i v\u00e1rosi moziban a Kult\u00farpalot\u00e1ban kezdte zen\u00e9szi p\u00e1ly\u00e1j\u00e1t, k\u00eds\u00e9r\u0151zen\u00e9t adott a n\u00e9ma filmekhez. A Mv.-i \u00c1llami Filharm\u00f3nia alap\u00edt\u00f3 tagjai k\u00f6z\u00f6tt szerepelt (1950), sz\u00f3lamvezet\u0151 br\u00e1cs\u00e1sa 29 \u00e9vig. Tagja a kv\u00e1rtettnek, amelyet Nagy Istv\u00e1nnal, Riemer K\u00e1rollyal \u00e9s Kozma G\u00e9z\u00e1val alak\u00edtottak (1936). [&hellip;]<\/p>\n","protected":false},"featured_media":0,"comment_status":"open","ping_status":"closed","template":"","meta":[],"product_brand":[],"product_cat":[137],"product_tag":[],"class_list":{"0":"post-15847","1":"product","2":"type-product","3":"status-publish","5":"product_cat-maros-megyei-eletrajzi-lexikon","7":"first","8":"instock","9":"shipping-taxable","10":"product-type-simple"},"_links":{"self":[{"href":"https:\/\/uj.adatbank.ro\/lexikon\/wp-json\/wp\/v2\/product\/15847","targetHints":{"allow":["GET"]}}],"collection":[{"href":"https:\/\/uj.adatbank.ro\/lexikon\/wp-json\/wp\/v2\/product"}],"about":[{"href":"https:\/\/uj.adatbank.ro\/lexikon\/wp-json\/wp\/v2\/types\/product"}],"replies":[{"embeddable":true,"href":"https:\/\/uj.adatbank.ro\/lexikon\/wp-json\/wp\/v2\/comments?post=15847"}],"wp:attachment":[{"href":"https:\/\/uj.adatbank.ro\/lexikon\/wp-json\/wp\/v2\/media?parent=15847"}],"wp:term":[{"taxonomy":"product_brand","embeddable":true,"href":"https:\/\/uj.adatbank.ro\/lexikon\/wp-json\/wp\/v2\/product_brand?post=15847"},{"taxonomy":"product_cat","embeddable":true,"href":"https:\/\/uj.adatbank.ro\/lexikon\/wp-json\/wp\/v2\/product_cat?post=15847"},{"taxonomy":"product_tag","embeddable":true,"href":"https:\/\/uj.adatbank.ro\/lexikon\/wp-json\/wp\/v2\/product_tag?post=15847"}],"curies":[{"name":"wp","href":"https:\/\/api.w.org\/{rel}","templated":true}]}}

MÜLLER Ferenc, §

<p>1905., † Mv., 1987. ápr. 7.: zenetanár, zenész, brácsás. – Petróleumgyári munkásként kezdte 14 éves korában. A mv.-i városi moziban a Kultúrpalotában kezdte zenészi pályáját, kísérőzenét adott a néma filmekhez. A Mv.-i Állami Filharmónia alapító tagjai között szerepelt (1950), szólamvezető brácsása 29 évig. Tagja a kvártettnek, amelyet Nagy Istvánnal, Riemer Károllyal és Kozma Gézával alakítottak (1936). <br /><strong>Irod.:</strong> Filarmonica 50; Gyárfás L. Miklós: M. F. (V. Z., 1980. szept. 28.); Gyárfás L.2013; Időtár 3, [Nekrológ] (V. Z., 1987. ápr. 9.)</br></p>

<p>1905., † Mv., 1987. ápr. 7.: zenetanár, zenész, brácsás. – Petróleumgyári munkásként kezdte 14 éves korában. A mv.-i városi moziban a Kultúrpalotában kezdte zenészi pályáját, kísérőzenét adott a néma filmekhez. A Mv.-i Állami Filharmónia alapító tagjai között szerepelt (1950), szólamvezető brácsása 29 évig. Tagja a kvártettnek, amelyet Nagy Istvánnal, Riemer Károllyal és Kozma Gézával alakítottak (1936). [&hellip;]</p>
