{"id":15849,"date":"2025-07-15T13:49:07","date_gmt":"2025-07-15T11:49:07","guid":{"rendered":"https:\/\/uj.adatbank.ro\/lexikon\/termek\/muller-friedrich-2\/"},"modified":"2025-07-15T13:49:07","modified_gmt":"2025-07-15T11:49:07","slug":"muller-friedrich-2","status":"publish","type":"product","link":"https:\/\/uj.adatbank.ro\/lexikon\/termek\/muller-friedrich-2\/","title":{"rendered":"M\u00dcLLER, Friedrich"},"content":{"rendered":"<p>Hossz\u00faasz\u00f3, 1884. okt. 28., \u2020\u00a0Szeben, 1969. febr. 1. : ev. lelk\u00e9sz, a rom\u00e1n ec. egyh\u00e1z p\u00fcsp\u00f6ke. \u2013Apja gazd\u00e1lkod\u00f3 volt. Iskol\u00e1it sz\u00fcl\u0151faluj\u00e1ban \u00e9s Szebenben v\u00e9gezte (1896\u20131904), majd teol\u00f3gi\u00e1t, t\u00f6rt\u00e9nelmet \u00e9s f\u00f6ldrajzot tanult Lipcs\u00e9ben (1904\u2013), B\u00e9csben (1906), Berlinben a B\u00f6lcs\u00e9sz Karon (1907\u201309). Tanult Kv.-on is. Hazat\u00e9rve k\u00fclf\u00f6ldr\u0151l a Kronstadter Zeitung f\u0151szerkeszt\u0151je (1911).Helyettes tan\u00e1r Brass\u00f3ban az ev. lut. F\u0151gimn\u00e1ziumabn (1911\u201317), a segesv\u00e1ri tan\u00edt\u00f3k\u00e9pz\u0151 igazgat\u00f3ja (1917\u201322), a rom\u00e1niai ev. egyh\u00e1zn\u00e9piskol\u00e1k\u00e9rt felel\u0151s iskolai tan\u00e1csosa (1922\u201328), Szeben v\u00e1ros esperese (1928\u2013), vik\u00e1rius (1932\u201345), p\u00fcsp\u00f6k (1945\u2013). A Hallei Egyetem(1930\u2013), a Rom\u00e1niai Protest\u00e1ns Egyh\u00e1zak Teologiai Int\u00e9zete (1964\u2013) d\u00edszdoktora, a m\u00fcncheni N\u00e9met Akad. levelez\u0151 tagja (1932\u2013).\u2013 <strong>F. m.:<\/strong> Lehrbuch.(Sibiu, 1926). <br \/><strong>Irod.:<\/strong> Predescu, Szab\u00f3\u2013Simon\u2013Sz\u00f6gi<\/br><\/p>\n","protected":false},"excerpt":{"rendered":"<p>Hossz\u00faasz\u00f3, 1884. okt. 28., \u2020\u00a0Szeben, 1969. febr. 1. : ev. lelk\u00e9sz, a rom\u00e1n ec. egyh\u00e1z p\u00fcsp\u00f6ke. \u2013Apja gazd\u00e1lkod\u00f3 volt. Iskol\u00e1it sz\u00fcl\u0151faluj\u00e1ban \u00e9s Szebenben v\u00e9gezte (1896\u20131904), majd teol\u00f3gi\u00e1t, t\u00f6rt\u00e9nelmet \u00e9s f\u00f6ldrajzot tanult Lipcs\u00e9ben (1904\u2013), B\u00e9csben (1906), Berlinben a B\u00f6lcs\u00e9sz Karon (1907\u201309). Tanult Kv.-on is. Hazat\u00e9rve k\u00fclf\u00f6ldr\u0151l a Kronstadter Zeitung f\u0151szerkeszt\u0151je (1911).Helyettes tan\u00e1r Brass\u00f3ban az ev. lut. [&hellip;]<\/p>\n","protected":false},"featured_media":0,"comment_status":"open","ping_status":"closed","template":"","meta":[],"product_brand":[],"product_cat":[137],"product_tag":[],"class_list":{"0":"post-15849","1":"product","2":"type-product","3":"status-publish","5":"product_cat-maros-megyei-eletrajzi-lexikon","7":"first","8":"instock","9":"shipping-taxable","10":"product-type-simple"},"_links":{"self":[{"href":"https:\/\/uj.adatbank.ro\/lexikon\/wp-json\/wp\/v2\/product\/15849","targetHints":{"allow":["GET"]}}],"collection":[{"href":"https:\/\/uj.adatbank.ro\/lexikon\/wp-json\/wp\/v2\/product"}],"about":[{"href":"https:\/\/uj.adatbank.ro\/lexikon\/wp-json\/wp\/v2\/types\/product"}],"replies":[{"embeddable":true,"href":"https:\/\/uj.adatbank.ro\/lexikon\/wp-json\/wp\/v2\/comments?post=15849"}],"wp:attachment":[{"href":"https:\/\/uj.adatbank.ro\/lexikon\/wp-json\/wp\/v2\/media?parent=15849"}],"wp:term":[{"taxonomy":"product_brand","embeddable":true,"href":"https:\/\/uj.adatbank.ro\/lexikon\/wp-json\/wp\/v2\/product_brand?post=15849"},{"taxonomy":"product_cat","embeddable":true,"href":"https:\/\/uj.adatbank.ro\/lexikon\/wp-json\/wp\/v2\/product_cat?post=15849"},{"taxonomy":"product_tag","embeddable":true,"href":"https:\/\/uj.adatbank.ro\/lexikon\/wp-json\/wp\/v2\/product_tag?post=15849"}],"curies":[{"name":"wp","href":"https:\/\/api.w.org\/{rel}","templated":true}]}}

MÜLLER, Friedrich

<p>Hosszúaszó, 1884. okt. 28., † Szeben, 1969. febr. 1. : ev. lelkész, a román ec. egyház püspöke. –Apja gazdálkodó volt. Iskoláit szülőfalujában és Szebenben végezte (1896–1904), majd teológiát, történelmet és földrajzot tanult Lipcsében (1904–), Bécsben (1906), Berlinben a Bölcsész Karon (1907–09). Tanult Kv.-on is. Hazatérve külföldről a Kronstadter Zeitung főszerkesztője (1911).Helyettes tanár Brassóban az ev. lut. Főgimnáziumabn (1911–17), a segesvári tanítóképző igazgatója (1917–22), a romániai ev. egyháznépiskolákért felelős iskolai tanácsosa (1922–28), Szeben város esperese (1928–), vikárius (1932–45), püspök (1945–). A Hallei Egyetem(1930–), a Romániai Protestáns Egyházak Teologiai Intézete (1964–) díszdoktora, a müncheni Német Akad. levelező tagja (1932–).– <strong>F. m.:</strong> Lehrbuch.(Sibiu, 1926). <br /><strong>Irod.:</strong> Predescu, Szabó–Simon–Szögi</br></p>

<p>Hosszúaszó, 1884. okt. 28., † Szeben, 1969. febr. 1. : ev. lelkész, a román ec. egyház püspöke. –Apja gazdálkodó volt. Iskoláit szülőfalujában és Szebenben végezte (1896–1904), majd teológiát, történelmet és földrajzot tanult Lipcsében (1904–), Bécsben (1906), Berlinben a Bölcsész Karon (1907–09). Tanult Kv.-on is. Hazatérve külföldről a Kronstadter Zeitung főszerkesztője (1911).Helyettes tanár Brassóban az ev. lut. [&hellip;]</p>
