{"id":1585,"date":"2025-06-28T11:46:43","date_gmt":"2025-06-28T09:46:43","guid":{"rendered":"https:\/\/uj.adatbank.ro\/lexikon\/termek\/adi-samuel-szilagyfokereszturi\/"},"modified":"2025-06-28T11:46:43","modified_gmt":"2025-06-28T09:46:43","slug":"adi-samuel-szilagyfokereszturi","status":"publish","type":"product","link":"https:\/\/uj.adatbank.ro\/lexikon\/termek\/adi-samuel-szilagyfokereszturi\/","title":{"rendered":"ADI S\u00e1muel szil\u00e1gyf\u0151kereszt\u00fari"},"content":{"rendered":"<p>1836., \u2020 Mv., 1897.: tan\u00e1r. \u2013 Gyakornok a mv.-i Ref. Koll.-ban (1895\u201396). <br \/><strong>Irod.:<\/strong> Mv. t\u00f6rt. 2.; P\u00e1lmay J\u00f3zsef<\/br><\/p>\n","protected":false},"excerpt":{"rendered":"<p>1836., \u2020 Mv., 1897.: tan\u00e1r. \u2013 Gyakornok a mv.-i Ref. Koll.-ban (1895\u201396). Irod.: Mv. t\u00f6rt. 2.; P\u00e1lmay J\u00f3zsef<\/p>\n","protected":false},"featured_media":0,"comment_status":"open","ping_status":"closed","template":"","meta":[],"product_brand":[],"product_cat":[137],"product_tag":[],"class_list":{"0":"post-1585","1":"product","2":"type-product","3":"status-publish","5":"product_cat-maros-megyei-eletrajzi-lexikon","7":"first","8":"instock","9":"shipping-taxable","10":"product-type-simple"},"_links":{"self":[{"href":"https:\/\/uj.adatbank.ro\/lexikon\/wp-json\/wp\/v2\/product\/1585","targetHints":{"allow":["GET"]}}],"collection":[{"href":"https:\/\/uj.adatbank.ro\/lexikon\/wp-json\/wp\/v2\/product"}],"about":[{"href":"https:\/\/uj.adatbank.ro\/lexikon\/wp-json\/wp\/v2\/types\/product"}],"replies":[{"embeddable":true,"href":"https:\/\/uj.adatbank.ro\/lexikon\/wp-json\/wp\/v2\/comments?post=1585"}],"wp:attachment":[{"href":"https:\/\/uj.adatbank.ro\/lexikon\/wp-json\/wp\/v2\/media?parent=1585"}],"wp:term":[{"taxonomy":"product_brand","embeddable":true,"href":"https:\/\/uj.adatbank.ro\/lexikon\/wp-json\/wp\/v2\/product_brand?post=1585"},{"taxonomy":"product_cat","embeddable":true,"href":"https:\/\/uj.adatbank.ro\/lexikon\/wp-json\/wp\/v2\/product_cat?post=1585"},{"taxonomy":"product_tag","embeddable":true,"href":"https:\/\/uj.adatbank.ro\/lexikon\/wp-json\/wp\/v2\/product_tag?post=1585"}],"curies":[{"name":"wp","href":"https:\/\/api.w.org\/{rel}","templated":true}]}}