{"id":15850,"date":"2025-07-15T13:49:09","date_gmt":"2025-07-15T11:49:09","guid":{"rendered":"https:\/\/uj.adatbank.ro\/lexikon\/termek\/muller-friedrich-%c2%a7-muller-frigyes\/"},"modified":"2025-07-15T13:49:09","modified_gmt":"2025-07-15T11:49:09","slug":"muller-friedrich-%c2%a7-muller-frigyes","status":"publish","type":"product","link":"https:\/\/uj.adatbank.ro\/lexikon\/termek\/muller-friedrich-%c2%a7-muller-frigyes\/","title":{"rendered":"M\u00dcLLER, Friedrich; \u00a7 M\u00fcller Frigyes"},"content":{"rendered":"<p>Segesv\u00e1r, 1828. m\u00e1j. 15., \u2020 Nagyszeben, 1915. \u00e1pr. 25.: tan\u00e1r, t\u00f6rt\u00e9n\u00e9sz, mondakutat\u00f3, ev. p\u00fcsp\u00f6k. \u2013 M. Frigyes v\u00e1rosi tan\u00e1csos \u00e9s Misselbacher Sarolta fia. A gimn\u00e1ziumot sz\u00fcl\u0151v\u00e1ros\u00e1ban v\u00e9gezte; Kv.-on jogot (1845\u2013), t\u00f6rt\u00e9nelmi \u00e9s filol\u00f3giai tanulm\u00e1nyokat Lipcs\u00e9ben \u00e9s Berlinben teol\u00f3gi\u00e1t ta\u00adnult (1846\u201348). Segesv\u00e1ron gimn\u00e1ziumi tan\u00e1r lett (1848. j\u00fal.- ), \u00e9s kezdte gy\u0171jteni az erd\u00e9lyi mond\u00e1kat; az 1848\u201349. \u00e9vi szabads\u00e1gharcban mint nemzet\u0151r vett r\u00e9szt.. Ism\u00e9t a segesv\u00e1ri gimn. tan\u00e1ra (1849\u2013). Nev\u00e9hez f\u0171z\u0151dik az oktat\u00e1s korszer\u0171s\u00edt\u00e9s\u00e9nek folytat\u00e1sa, amit el\u0151de, G. D.Teutsch, kezdett meg: bevezette a rom\u00e1n nyelv \u00e9s a testnevel\u00e9s tan\u00edt\u00e1s\u00e1t \u2013 l\u00e1nyoknak is! (1867\u2013). A gimn\u00e1zium rektora (1863\u201369). \u00dajegyh\u00e1zi (1869\u2013), nagyszebeni lelk\u00e9sz (1874\u2013). Itt je\u00adlent\u0151s r\u00e9sze volt az \u00faj isk. rendszab\u00e1ly megal\u00adkot\u00e1s\u00e1ban, valamint a \u201ebeteg\u00e1pol\u00f3\u00adint\u00e9zet&#8221; fel\u00e1ll\u00edt\u00e1s\u00e1ban (1886\u2013). Lelk\u00e9sz Sz\u00e1szd\u00e1ny\u00e1nban (1893\u20131906), az erd\u00e9lyi sz\u00e1sz ev. egyh\u00e1z p\u00fcsp\u00f6khelyettese ( 1883\u2013), p\u00fcsp\u00f6ke nyugd\u00edjaz\u00e1s\u00e1ig (1893\u20131906. aug.). Az els\u0151k k\u00f6z\u00f6tt v\u00e9gzett r\u00e9g\u00e9szeti \u00e1sat\u00e1sokat a herm\u00e1nyi r\u00f3maikori telepesek dombvid\u00e9ki s\u00edrjain\u00e1l. J. M. Acknerrel egy\u00fctt nyilv\u00e1noss\u00e1gra hozta Die r\u00f6mischen Inschriften in Dacien (Wien, 1865) c. munk\u00e1j\u00e1t, amely el\u0151munka volt Th. Mommsens Corpus inscriptionum Latinarum c. m\u0171v\u00e9hez. M\u00e9g egyetemi tanulm\u00e1nyai idej\u00e9n J. Haltrichhal \u00e9s m\u00e1sokal elhat\u00e1rozt\u00e1k, hogy kutatni fogj\u00e1k \u00e9s \u00f6sszegy\u0171jtik az erd\u00e9lyi sz\u00e1szok n\u00e9pk\u00f6lt\u00e9szet\u00e9t. T\u00f6bb mint 50 tanulm\u00e1nyt \u00edrt Erd\u00e9ly t\u00f6rt\u00e9net\u00e9r\u0151l; \u00f6sszegy\u0171jt\u00f6tte a sz\u00e1sz mond\u00e1kat \u00e9s legend\u00e1kat a Siebenb\u00fcrgische Sagen c.-mel, m\u00e9rvad\u00f3 m\u0171 a sz\u00e1sz mondavil\u00e1g sz\u00e1m\u00e1ra, m. \u00e9s rom\u00e1n mond\u00e1kat is tartalmaz. \u00c1tk\u00f6lt\u00f6ztette a k\u00f6nyvt\u00e1rat a gimn\u00e1zium \u00e9p\u00fclet\u00e9be, \u00faj lelt\u00e1rk\u00f6nyvet fektetett fel, amely napjainkban is a lelt\u00e1roz\u00e1s technikai alapj\u00e1t k\u00e9pezte. Az akkor elk\u00e9sz\u00edtett alfabetikus katl\u00f3gust napjainkig kieg\u00e9sz\u00edtett\u00e9k \u00e9s napirenden tarj\u00e1k. P\u00fcsp\u00f6kk\u00e9 avat\u00e1sa ut\u00e1n az egyh\u00e1zi feladatoknak szentelte \u00e9let\u00e9t, meg\u00edrta Hirtenbrif (P\u00e1sztori lev\u00e9l) (1895) c. k\u00f6rlevel\u00e9t az egyh\u00e1zi feladatokr\u00f3l, \u00faj \u00e9nekesk\u00f6nyvet adott ki (1898), megind\u00edtotta a Kirchlichen Bl\u00e4tter c. lapot (1897\u2013). K\u00f6z\u00f6lt m\u00e9g a Bl\u00e4tter f\u00fcr Geist, Gem\u00fcth und Vaterlandskunde : Beiblatt zum Siebenb\u00fcrgen Wochenblatt-ban. Sz\u00e1mos tudom\u00e1nyos \u00e9s nyilv\u00e1nos kit\u00fcntet\u00e9sben volt r\u00e9sze. Doktor honoris causa c\u00edmet kapott a marburgi, leipzigi \u00e9s kv-i egyetemekt\u0151l, a M. Parlament k\u00e9pvisel\u0151je is volt. A tartom\u00e1nyi tan\u00e1cs tagja (1870). A f\u0151rendih\u00e1z tagja (1895-t\u0151l). A marburgi egy. (1883), a kv-i egy. t. b\u00f6lcs\u00e9sz\u00addoktora (1896), a lipcsei egy. t. teol. doktora (1897), megkapta a II. oszt. vaskoronarendjelt. \u2013 <strong>F. m.:<\/strong> Beitr\u00e4ge zur Geschichte des Hexenglaubens und des Hexenprocesses in Siebenb\u00fcrgen (Braunschweig, 1854); Siebenb\u00fcrgen Sagen (Kronstadt, 1857, 1885, 1972); Die kirchliche Baukunst des romanischen Stylen in Sieben\u00adb\u00fcrgen&#8230; (Wien, 1858; klny. a Jahrb\u00fccher&#8230; der Baudenkmale-b\u00f3l); Unsere Pfarrerswahl&#8230; N\u00e9vtelen\u00fcl (H. n., 1862); Dass unseren Schulen im Turnen ein l\u00e4ngst vermisstes Mittel der Jugendbildung geboten sei. (Eine Schulrede. (Hermannstadt, 1863., N\u00e9vtelen\u00fcl); Dass in dem Turnen auch unserm Volke eine kr\u00e4ftige zeitgem\u00e4sse Erziehung geboten sei. Rede bei der Einweihung, der Sch\u00e4ssburger Turnhalle am 14. Nov. 1863. (Hermanstadt. 1863., N\u00e9vtelen\u00fcl.); Deutsche Sprachdenkm\u00e4ler aus Siebenb\u00fcrgen (Hermannstadt, 1864; reprint: Wiesbaden, 1973; Buk., 1986); Die r\u00f6mischen Inschriften in Dacien. Gesammelt und bearbeitet von\u2026 (Wien, 1865); Referat bez\u00fcglich des Lehrplans f\u00fcr die Seminarien. (Hely n., 1871); Die wichtigsten Ergebnisse der durch den III. G.-A. vom Jahre 1869 angeordneten und am Anfang des Jahres 1870 durchgef\u00fchrten Volksz\u00e4hlung in den L\u00e4ndern der ungarischen Krone. (Hermannstadt, (1872. N\u00e9vtelen\u00fcl.); Verwahrung und Sondermeinung gegen den Beschluss der Hermannst\u00e4dter Bezirkskirchenversammlung vom 2. Januar 1880 betreffend die Intervallfrage. (Hermannstadt, 1880); Rede\u2026 gehalten bei der Grundsteinlegung zum Bethause und zu den damit verbundenen Anstalten (Waisenhaus und Kinderbewahranstalt) auf dem Soldisch am 25. M\u00e4rz 1882. Hermannstadt, 1882); Zur Grundsteinlegung des ev. Bethauses, des ev. Waisenhauses und der ev. Kinderbewahranstalt auf dem Soldisch am 25. M\u00e4rz 1882. (Hermannstadt, 1882); Gottesdienst in einer evang. s\u00e4chsischen Kirche im Jahre 1554. Ein Vortrag gehalten in Hermanstadt am 8. Dez. 1883. (Frankfurt a. M., 1884); Gepr\u00fcft und bestanden. Novelle (Hermannstadt. 1892, 1893); Rede aus Anlass der Beerdigung Sr. Hochw\u00fcrden des Bischofs D. G. D. Teutsch am 5. Juli. 1893. in der ev. Pfarrkirche in Hermannstadt. (Hermannstadt, 1893); Aus der Sp\u00e4tsommerfrische. Erlebtes und Erdachtes. (Hermannstadt, 1894); Rede zur Er\u00f6ffnung der 29. Hauptversammlung des siebenb\u00fcrgischen Hauptvereins der Gustav Adolf-Stiftung in S.-Reen. (Hermannstadt, 1894); Zur Sch\u00e4ssburger Frauenfrage. (Hermannstadt, 1895.); Rede zur Er\u00f6ffnung der 17. Landeskirchenversammlung (10. Nov. 1894.). (Hermannstadt, 1894); Festpredigt des Bischofs Dr. Fr. M\u00fcller zu seiner feierlichen Einf\u00fchrung in Amt und W\u00fcrde am 11. Nov. 1894. (Hermannstadt, 1895); Johann Karl Schuller und die Gr\u00e4fin Anna Amadei von M. F. G. (Hermannstadt, 1896); Licht und Schatten. (Hermannstadt, 1897); Rede zur Er\u00f6ffnung der 18. Landeskirchenversammlung (28. April 1887.). (Hermannstadt, 1897); Der \u00bbSiebenb\u00fcrger Bischof\u00bb. (Hermannstadt, 1897); Er\u00f6ffnungsrede zur 33. Jahresversammlung des siebenb. Hauptvereins der ev. Gustav Adolf-Stiftung (21. Aug. 1898.). (Hermannstadt, 1898); Weiherede\u2026 nach der Enth\u00fcllung des Honterusdenkmals in Kronstadt (21. Aug. 1898.) (Hermannstadt, 1898); Weihegebet\u2026 bei der Enth\u00fcllung des Teutschdenkmals in Hermannstadt am 19. August 1899. (Hermannstadt, 1899); Gebet des\u2026 zur Er\u00f6ffnung der 19. Landeskirchenversammlung. Hermannstadt., 1899); Ansprache\u2026 zur Er\u00f6ffnung der 19. Landeskirchen-versammlung. (Hermannstadt, 1899); Fraterna caritas. (Ein neuer Angriff auf unsere Kirche). (Hermannstadt, 1900); <strong>antol\u00f3g.:<\/strong> Torou\u0163iu Ilie: Studii \u015fi documente literare (Buc., 1931\u201346); szerk. a segesv\u00e1ri \u00c1g. ev. Gimn. Programmj\u00e1t. <br \/><strong>Irod.:<\/strong> Apold; LSS ; Lupa\u015f, Ioan : Zur Geschichte der Rum\u00e4nen (Sibiu, 1943), A m. orsz\u00e1ggy\u0171l\u00e9s (Bp., 1906); A mo-i k\u00f6z\u00e9piskol\u00e1kban 1850\u201355 megjelent \u00f6sszes program\u00e9rtekez\u00e9seknek repert\u00f3riuma (Bp., 1887), Pallas; RNL; Sighi\u015foara; Szab\u00f3-Sz\u00f6gi; Szinnyei; Todea 2013; Torou\u0163iu Ilie: Studii \u015fi documente literare 6. (Buc., 1931\u201346); Transilvania; Zov\u00e1nyi<\/br><\/p>\n","protected":false},"excerpt":{"rendered":"<p>Segesv\u00e1r, 1828. m\u00e1j. 15., \u2020 Nagyszeben, 1915. \u00e1pr. 25.: tan\u00e1r, t\u00f6rt\u00e9n\u00e9sz, mondakutat\u00f3, ev. p\u00fcsp\u00f6k. \u2013 M. Frigyes v\u00e1rosi tan\u00e1csos \u00e9s Misselbacher Sarolta fia. A gimn\u00e1ziumot sz\u00fcl\u0151v\u00e1ros\u00e1ban v\u00e9gezte; Kv.-on jogot (1845\u2013), t\u00f6rt\u00e9nelmi \u00e9s filol\u00f3giai tanulm\u00e1nyokat Lipcs\u00e9ben \u00e9s Berlinben teol\u00f3gi\u00e1t ta\u00adnult (1846\u201348). Segesv\u00e1ron gimn\u00e1ziumi tan\u00e1r lett (1848. j\u00fal.- ), \u00e9s kezdte gy\u0171jteni az erd\u00e9lyi mond\u00e1kat; az 1848\u201349. [&hellip;]<\/p>\n","protected":false},"featured_media":0,"comment_status":"open","ping_status":"closed","template":"","meta":[],"product_brand":[],"product_cat":[137],"product_tag":[],"class_list":{"0":"post-15850","1":"product","2":"type-product","3":"status-publish","5":"product_cat-maros-megyei-eletrajzi-lexikon","7":"first","8":"instock","9":"shipping-taxable","10":"product-type-simple"},"_links":{"self":[{"href":"https:\/\/uj.adatbank.ro\/lexikon\/wp-json\/wp\/v2\/product\/15850","targetHints":{"allow":["GET"]}}],"collection":[{"href":"https:\/\/uj.adatbank.ro\/lexikon\/wp-json\/wp\/v2\/product"}],"about":[{"href":"https:\/\/uj.adatbank.ro\/lexikon\/wp-json\/wp\/v2\/types\/product"}],"replies":[{"embeddable":true,"href":"https:\/\/uj.adatbank.ro\/lexikon\/wp-json\/wp\/v2\/comments?post=15850"}],"wp:attachment":[{"href":"https:\/\/uj.adatbank.ro\/lexikon\/wp-json\/wp\/v2\/media?parent=15850"}],"wp:term":[{"taxonomy":"product_brand","embeddable":true,"href":"https:\/\/uj.adatbank.ro\/lexikon\/wp-json\/wp\/v2\/product_brand?post=15850"},{"taxonomy":"product_cat","embeddable":true,"href":"https:\/\/uj.adatbank.ro\/lexikon\/wp-json\/wp\/v2\/product_cat?post=15850"},{"taxonomy":"product_tag","embeddable":true,"href":"https:\/\/uj.adatbank.ro\/lexikon\/wp-json\/wp\/v2\/product_tag?post=15850"}],"curies":[{"name":"wp","href":"https:\/\/api.w.org\/{rel}","templated":true}]}}

MÜLLER, Friedrich; § Müller Frigyes

<p>Segesvár, 1828. máj. 15., † Nagyszeben, 1915. ápr. 25.: tanár, történész, mondakutató, ev. püspök. – M. Frigyes városi tanácsos és Misselbacher Sarolta fia. A gimnáziumot szülővárosában végezte; Kv.-on jogot (1845–), történelmi és filológiai tanulmányokat Lipcsében és Berlinben teológiát ta­nult (1846–48). Segesváron gimnáziumi tanár lett (1848. júl.- ), és kezdte gyűjteni az erdélyi mondákat; az 1848–49. évi szabadságharcban mint nemzetőr vett részt.. Ismét a segesvári gimn. tanára (1849–). Nevéhez fűződik az oktatás korszerűsítésének folytatása, amit előde, G. D.Teutsch, kezdett meg: bevezette a román nyelv és a testnevelés tanítását – lányoknak is! (1867–). A gimnázium rektora (1863–69). Újegyházi (1869–), nagyszebeni lelkész (1874–). Itt je­lentős része volt az új isk. rendszabály megal­kotásában, valamint a „betegápoló­intézet&#8221; felállításában (1886–). Lelkész Szászdányánban (1893–1906), az erdélyi szász ev. egyház püspökhelyettese ( 1883–), püspöke nyugdíjazásáig (1893–1906. aug.). Az elsők között végzett régészeti ásatásokat a hermányi rómaikori telepesek dombvidéki sírjainál. J. M. Acknerrel együtt nyilvánosságra hozta Die römischen Inschriften in Dacien (Wien, 1865) c. munkáját, amely előmunka volt Th. Mommsens Corpus inscriptionum Latinarum c. művéhez. Még egyetemi tanulmányai idején J. Haltrichhal és másokal elhatározták, hogy kutatni fogják és összegyűjtik az erdélyi szászok népköltészetét. Több mint 50 tanulmányt írt Erdély történetéről; összegyűjtötte a szász mondákat és legendákat a Siebenbürgische Sagen c.-mel, mérvadó mű a szász mondavilág számára, m. és román mondákat is tartalmaz. Átköltöztette a könyvtárat a gimnázium épületébe, új leltárkönyvet fektetett fel, amely napjainkban is a leltározás technikai alapját képezte. Az akkor elkészített alfabetikus katlógust napjainkig kiegészítették és napirenden tarják. Püspökké avatása után az egyházi feladatoknak szentelte életét, megírta Hirtenbrif (Pásztori levél) (1895) c. körlevelét az egyházi feladatokról, új énekeskönyvet adott ki (1898), megindította a Kirchlichen Blätter c. lapot (1897–). Közölt még a Blätter für Geist, Gemüth und Vaterlandskunde : Beiblatt zum Siebenbürgen Wochenblatt-ban. Számos tudományos és nyilvános kitüntetésben volt része. Doktor honoris causa címet kapott a marburgi, leipzigi és kv-i egyetemektől, a M. Parlament képviselője is volt. A tartományi tanács tagja (1870). A főrendiház tagja (1895-től). A marburgi egy. (1883), a kv-i egy. t. bölcsész­doktora (1896), a lipcsei egy. t. teol. doktora (1897), megkapta a II. oszt. vaskoronarendjelt. – <strong>F. m.:</strong> Beiträge zur Geschichte des Hexenglaubens und des Hexenprocesses in Siebenbürgen (Braunschweig, 1854); Siebenbürgen Sagen (Kronstadt, 1857, 1885, 1972); Die kirchliche Baukunst des romanischen Stylen in Sieben­bürgen&#8230; (Wien, 1858; klny. a Jahrbücher&#8230; der Baudenkmale-ból); Unsere Pfarrerswahl&#8230; Névtelenül (H. n., 1862); Dass unseren Schulen im Turnen ein längst vermisstes Mittel der Jugendbildung geboten sei. (Eine Schulrede. (Hermannstadt, 1863., Névtelenül); Dass in dem Turnen auch unserm Volke eine kräftige zeitgemässe Erziehung geboten sei. Rede bei der Einweihung, der Schässburger Turnhalle am 14. Nov. 1863. (Hermanstadt. 1863., Névtelenül.); Deutsche Sprachdenkmäler aus Siebenbürgen (Hermannstadt, 1864; reprint: Wiesbaden, 1973; Buk., 1986); Die römischen Inschriften in Dacien. Gesammelt und bearbeitet von… (Wien, 1865); Referat bezüglich des Lehrplans für die Seminarien. (Hely n., 1871); Die wichtigsten Ergebnisse der durch den III. G.-A. vom Jahre 1869 angeordneten und am Anfang des Jahres 1870 durchgeführten Volkszählung in den Ländern der ungarischen Krone. (Hermannstadt, (1872. Névtelenül.); Verwahrung und Sondermeinung gegen den Beschluss der Hermannstädter Bezirkskirchenversammlung vom 2. Januar 1880 betreffend die Intervallfrage. (Hermannstadt, 1880); Rede… gehalten bei der Grundsteinlegung zum Bethause und zu den damit verbundenen Anstalten (Waisenhaus und Kinderbewahranstalt) auf dem Soldisch am 25. März 1882. Hermannstadt, 1882); Zur Grundsteinlegung des ev. Bethauses, des ev. Waisenhauses und der ev. Kinderbewahranstalt auf dem Soldisch am 25. März 1882. (Hermannstadt, 1882); Gottesdienst in einer evang. sächsischen Kirche im Jahre 1554. Ein Vortrag gehalten in Hermanstadt am 8. Dez. 1883. (Frankfurt a. M., 1884); Geprüft und bestanden. Novelle (Hermannstadt. 1892, 1893); Rede aus Anlass der Beerdigung Sr. Hochwürden des Bischofs D. G. D. Teutsch am 5. Juli. 1893. in der ev. Pfarrkirche in Hermannstadt. (Hermannstadt, 1893); Aus der Spätsommerfrische. Erlebtes und Erdachtes. (Hermannstadt, 1894); Rede zur Eröffnung der 29. Hauptversammlung des siebenbürgischen Hauptvereins der Gustav Adolf-Stiftung in S.-Reen. (Hermannstadt, 1894); Zur Schässburger Frauenfrage. (Hermannstadt, 1895.); Rede zur Eröffnung der 17. Landeskirchenversammlung (10. Nov. 1894.). (Hermannstadt, 1894); Festpredigt des Bischofs Dr. Fr. Müller zu seiner feierlichen Einführung in Amt und Würde am 11. Nov. 1894. (Hermannstadt, 1895); Johann Karl Schuller und die Gräfin Anna Amadei von M. F. G. (Hermannstadt, 1896); Licht und Schatten. (Hermannstadt, 1897); Rede zur Eröffnung der 18. Landeskirchenversammlung (28. April 1887.). (Hermannstadt, 1897); Der »Siebenbürger Bischof». (Hermannstadt, 1897); Eröffnungsrede zur 33. Jahresversammlung des siebenb. Hauptvereins der ev. Gustav Adolf-Stiftung (21. Aug. 1898.). (Hermannstadt, 1898); Weiherede… nach der Enthüllung des Honterusdenkmals in Kronstadt (21. Aug. 1898.) (Hermannstadt, 1898); Weihegebet… bei der Enthüllung des Teutschdenkmals in Hermannstadt am 19. August 1899. (Hermannstadt, 1899); Gebet des… zur Eröffnung der 19. Landeskirchenversammlung. Hermannstadt., 1899); Ansprache… zur Eröffnung der 19. Landeskirchen-versammlung. (Hermannstadt, 1899); Fraterna caritas. (Ein neuer Angriff auf unsere Kirche). (Hermannstadt, 1900); <strong>antológ.:</strong> Torouţiu Ilie: Studii şi documente literare (Buc., 1931–46); szerk. a segesvári Ág. ev. Gimn. Programmját. <br /><strong>Irod.:</strong> Apold; LSS ; Lupaş, Ioan : Zur Geschichte der Rumänen (Sibiu, 1943), A m. országgyűlés (Bp., 1906); A mo-i középiskolákban 1850–55 megjelent összes programértekezéseknek repertóriuma (Bp., 1887), Pallas; RNL; Sighişoara; Szabó-Szögi; Szinnyei; Todea 2013; Torouţiu Ilie: Studii şi documente literare 6. (Buc., 1931–46); Transilvania; Zoványi</br></p>

<p>Segesvár, 1828. máj. 15., † Nagyszeben, 1915. ápr. 25.: tanár, történész, mondakutató, ev. püspök. – M. Frigyes városi tanácsos és Misselbacher Sarolta fia. A gimnáziumot szülővárosában végezte; Kv.-on jogot (1845–), történelmi és filológiai tanulmányokat Lipcsében és Berlinben teológiát ta­nult (1846–48). Segesváron gimnáziumi tanár lett (1848. júl.- ), és kezdte gyűjteni az erdélyi mondákat; az 1848–49. [&hellip;]</p>
