{"id":15857,"date":"2025-07-15T13:49:25","date_gmt":"2025-07-15T11:49:25","guid":{"rendered":"https:\/\/uj.adatbank.ro\/lexikon\/termek\/muller-hermann-%c2%a7\/"},"modified":"2025-07-15T13:49:25","modified_gmt":"2025-07-15T11:49:25","slug":"muller-hermann-%c2%a7","status":"publish","type":"product","link":"https:\/\/uj.adatbank.ro\/lexikon\/termek\/muller-hermann-%c2%a7\/","title":{"rendered":"M\u00dcLLER Hermann, \u00a7"},"content":{"rendered":"<p>Mv., 1882. j\u00fan 25, m , \u2020 ?: \u00fcgyv\u00e9d. \u2013 Apja t\u00e1blab\u00edr\u00f3 volt. A szebeni ev. Gimn.-ban \u00e9retts\u00e9gizett Tov\u00e1bb tanult a Grazi egyetem Jogtud. Kar\u00e1n (1900\u2013), a lipcsei egy. Jogtud. Kar\u00e1n (1903), a berlini egy,. Jogtud. Kar\u00e1n (1903\u201304). Szebenben \u00fcgyv\u00e9djel\u0151lt, majd \u00fcgyv\u00e9di irod\u00e1t nyitott (1910), k\u00e9t \u00e9vig helyettes v\u00e1rosi fisk\u00e1lis. Az els\u0151 vh. ut\u00e1n Kv.-ra k\u00f6lt\u00f6z\u00f6tt, a m\u00e1sodik vh alatt N\u00e9meto.-ba menek\u00fclt. Hazai \u00e9s k\u00fclf\u00f6ldi n\u00e9met \u00fajs\u00e1gokban politikai \u00e9s k\u00f6zjogi cikkeket \u00edrt. Nagy felt\u0171n\u00e9st keltett Das autonome Siebenb\u00fcrgen c. f\u00fczete (1926) melyben Erd\u00e9ly teljes auton\u00f3mi\u00e1j\u00e1t k\u00f6vetelte. Kv.-on k\u00f6zrem\u0171k\u00f6d\u00f6tt a Miscare Social Economica munk\u00e1j\u00e1ban. <br \/><strong>Irod.:<\/strong> Osv\u00e1th, Szab\u00f3\u2013Simon\u2013Sz\u00f6gi<\/br><\/p>\n","protected":false},"excerpt":{"rendered":"<p>Mv., 1882. j\u00fan 25, m , \u2020 ?: \u00fcgyv\u00e9d. \u2013 Apja t\u00e1blab\u00edr\u00f3 volt. A szebeni ev. Gimn.-ban \u00e9retts\u00e9gizett Tov\u00e1bb tanult a Grazi egyetem Jogtud. Kar\u00e1n (1900\u2013), a lipcsei egy. Jogtud. Kar\u00e1n (1903), a berlini egy,. Jogtud. Kar\u00e1n (1903\u201304). Szebenben \u00fcgyv\u00e9djel\u0151lt, majd \u00fcgyv\u00e9di irod\u00e1t nyitott (1910), k\u00e9t \u00e9vig helyettes v\u00e1rosi fisk\u00e1lis. Az els\u0151 vh. ut\u00e1n Kv.-ra [&hellip;]<\/p>\n","protected":false},"featured_media":0,"comment_status":"open","ping_status":"closed","template":"","meta":[],"product_brand":[],"product_cat":[137],"product_tag":[],"class_list":{"0":"post-15857","1":"product","2":"type-product","3":"status-publish","5":"product_cat-maros-megyei-eletrajzi-lexikon","7":"first","8":"instock","9":"shipping-taxable","10":"product-type-simple"},"_links":{"self":[{"href":"https:\/\/uj.adatbank.ro\/lexikon\/wp-json\/wp\/v2\/product\/15857","targetHints":{"allow":["GET"]}}],"collection":[{"href":"https:\/\/uj.adatbank.ro\/lexikon\/wp-json\/wp\/v2\/product"}],"about":[{"href":"https:\/\/uj.adatbank.ro\/lexikon\/wp-json\/wp\/v2\/types\/product"}],"replies":[{"embeddable":true,"href":"https:\/\/uj.adatbank.ro\/lexikon\/wp-json\/wp\/v2\/comments?post=15857"}],"wp:attachment":[{"href":"https:\/\/uj.adatbank.ro\/lexikon\/wp-json\/wp\/v2\/media?parent=15857"}],"wp:term":[{"taxonomy":"product_brand","embeddable":true,"href":"https:\/\/uj.adatbank.ro\/lexikon\/wp-json\/wp\/v2\/product_brand?post=15857"},{"taxonomy":"product_cat","embeddable":true,"href":"https:\/\/uj.adatbank.ro\/lexikon\/wp-json\/wp\/v2\/product_cat?post=15857"},{"taxonomy":"product_tag","embeddable":true,"href":"https:\/\/uj.adatbank.ro\/lexikon\/wp-json\/wp\/v2\/product_tag?post=15857"}],"curies":[{"name":"wp","href":"https:\/\/api.w.org\/{rel}","templated":true}]}}

MÜLLER Hermann, §

<p>Mv., 1882. jún 25, m , † ?: ügyvéd. – Apja táblabíró volt. A szebeni ev. Gimn.-ban érettségizett Tovább tanult a Grazi egyetem Jogtud. Karán (1900–), a lipcsei egy. Jogtud. Karán (1903), a berlini egy,. Jogtud. Karán (1903–04). Szebenben ügyvédjelőlt, majd ügyvédi irodát nyitott (1910), két évig helyettes városi fiskális. Az első vh. után Kv.-ra költözött, a második vh alatt Németo.-ba menekült. Hazai és külföldi német újságokban politikai és közjogi cikkeket írt. Nagy feltűnést keltett Das autonome Siebenbürgen c. füzete (1926) melyben Erdély teljes autonómiáját követelte. Kv.-on közreműködött a Miscare Social Economica munkájában. <br /><strong>Irod.:</strong> Osváth, Szabó–Simon–Szögi</br></p>

<p>Mv., 1882. jún 25, m , † ?: ügyvéd. – Apja táblabíró volt. A szebeni ev. Gimn.-ban érettségizett Tovább tanult a Grazi egyetem Jogtud. Karán (1900–), a lipcsei egy. Jogtud. Karán (1903), a berlini egy,. Jogtud. Karán (1903–04). Szebenben ügyvédjelőlt, majd ügyvédi irodát nyitott (1910), két évig helyettes városi fiskális. Az első vh. után Kv.-ra [&hellip;]</p>
