{"id":15858,"date":"2025-07-15T13:49:27","date_gmt":"2025-07-15T11:49:27","guid":{"rendered":"https:\/\/uj.adatbank.ro\/lexikon\/termek\/muller-ivan\/"},"modified":"2025-07-15T13:49:27","modified_gmt":"2025-07-15T11:49:27","slug":"muller-ivan","status":"publish","type":"product","link":"https:\/\/uj.adatbank.ro\/lexikon\/termek\/muller-ivan\/","title":{"rendered":"M\u00dcLLER Iv\u00e1n"},"content":{"rendered":"<p>1829.? \u2020 Sz\u00e1szr\u00e9gen, 1888. \u00e1pr. 18.: f\u00f6ldm\u00e9r\u0151. \u2013 Testv\u00e9re: M. Johann. Feles\u00e9ge: Emilie Luckwald.Fiaik: M. Arnold, Rudolf, Ernst, Alfred. <br \/><strong>Irod.:<\/strong> Gy\u00e1szjelent\u0151<\/br><\/p>\n","protected":false},"excerpt":{"rendered":"<p>1829.? \u2020 Sz\u00e1szr\u00e9gen, 1888. \u00e1pr. 18.: f\u00f6ldm\u00e9r\u0151. \u2013 Testv\u00e9re: M. Johann. Feles\u00e9ge: Emilie Luckwald.Fiaik: M. Arnold, Rudolf, Ernst, Alfred. Irod.: Gy\u00e1szjelent\u0151<\/p>\n","protected":false},"featured_media":0,"comment_status":"open","ping_status":"closed","template":"","meta":[],"product_brand":[],"product_cat":[137],"product_tag":[],"class_list":{"0":"post-15858","1":"product","2":"type-product","3":"status-publish","5":"product_cat-maros-megyei-eletrajzi-lexikon","7":"first","8":"instock","9":"shipping-taxable","10":"product-type-simple"},"_links":{"self":[{"href":"https:\/\/uj.adatbank.ro\/lexikon\/wp-json\/wp\/v2\/product\/15858","targetHints":{"allow":["GET"]}}],"collection":[{"href":"https:\/\/uj.adatbank.ro\/lexikon\/wp-json\/wp\/v2\/product"}],"about":[{"href":"https:\/\/uj.adatbank.ro\/lexikon\/wp-json\/wp\/v2\/types\/product"}],"replies":[{"embeddable":true,"href":"https:\/\/uj.adatbank.ro\/lexikon\/wp-json\/wp\/v2\/comments?post=15858"}],"wp:attachment":[{"href":"https:\/\/uj.adatbank.ro\/lexikon\/wp-json\/wp\/v2\/media?parent=15858"}],"wp:term":[{"taxonomy":"product_brand","embeddable":true,"href":"https:\/\/uj.adatbank.ro\/lexikon\/wp-json\/wp\/v2\/product_brand?post=15858"},{"taxonomy":"product_cat","embeddable":true,"href":"https:\/\/uj.adatbank.ro\/lexikon\/wp-json\/wp\/v2\/product_cat?post=15858"},{"taxonomy":"product_tag","embeddable":true,"href":"https:\/\/uj.adatbank.ro\/lexikon\/wp-json\/wp\/v2\/product_tag?post=15858"}],"curies":[{"name":"wp","href":"https:\/\/api.w.org\/{rel}","templated":true}]}}