{"id":15860,"date":"2025-07-15T13:49:31","date_gmt":"2025-07-15T11:49:31","guid":{"rendered":"https:\/\/uj.adatbank.ro\/lexikon\/termek\/muller-janos-muller-johann\/"},"modified":"2025-07-15T13:49:31","modified_gmt":"2025-07-15T11:49:31","slug":"muller-janos-muller-johann","status":"publish","type":"product","link":"https:\/\/uj.adatbank.ro\/lexikon\/termek\/muller-janos-muller-johann\/","title":{"rendered":"M\u00dcLLER J\u00e1nos, M\u00fcller Johann"},"content":{"rendered":"<p>? \u2020\u00a0?\u00a0: sz\u00e1szr\u00e9geni v\u00e1llalkoz\u00f3, m\u0171\u00e9p\u00edt\u00e9sz. \u2013 Mv.-en is m\u0171k\u00f6d\u00f6tt. A jobb\u00e1gyfalvi pl\u00e9b\u00e1nia templomot \u00e9p\u00edtette (1880). D\u00f3sa L\u00e1szl\u00f3 tervei alapj\u00e1n \u00e9p\u00edtette Mv.-en a f\u0151t\u00e9ri M\u00e9sz\u00e1ros Ipart\u00e1rsulat sz\u00e9kh\u00e1z\u00e1t (1888), a T\u00f6rv\u00e9nysz\u00e9ki palot\u00e1t (1897). Sz\u00e1szr\u00e9genben \u00e9p\u00edtette az egykori L\u00e1nyiskola f\u0151\u00e9p\u00fclet\u00e9t (1892), ahol a k\u00e9t vh. k\u00f6z\u00f6tt a N\u00e9met Tan\u00edt\u00f3k\u00e9pz\u0151 m\u0171k\u0151d\u00f6tt, majd a Rom\u00e1n Tan\u00edt\u00f3k\u00e9pz\u0151nek adott helyet (1948\u201356) \u00e9s napjainkban az Augustin Maior \u00c1llami Gimn\u00e1zium n\u00e9met tagozata tal\u00e1lhat\u00f3 benne. <br \/><strong>Irod.:<\/strong> Cs\u00edkfalva; Id\u0151t\u00e1r 2; Man, 3.; Reghin \u2013 ghid<\/br><\/p>\n","protected":false},"excerpt":{"rendered":"<p>? \u2020\u00a0?\u00a0: sz\u00e1szr\u00e9geni v\u00e1llalkoz\u00f3, m\u0171\u00e9p\u00edt\u00e9sz. \u2013 Mv.-en is m\u0171k\u00f6d\u00f6tt. A jobb\u00e1gyfalvi pl\u00e9b\u00e1nia templomot \u00e9p\u00edtette (1880). D\u00f3sa L\u00e1szl\u00f3 tervei alapj\u00e1n \u00e9p\u00edtette Mv.-en a f\u0151t\u00e9ri M\u00e9sz\u00e1ros Ipart\u00e1rsulat sz\u00e9kh\u00e1z\u00e1t (1888), a T\u00f6rv\u00e9nysz\u00e9ki palot\u00e1t (1897). Sz\u00e1szr\u00e9genben \u00e9p\u00edtette az egykori L\u00e1nyiskola f\u0151\u00e9p\u00fclet\u00e9t (1892), ahol a k\u00e9t vh. k\u00f6z\u00f6tt a N\u00e9met Tan\u00edt\u00f3k\u00e9pz\u0151 m\u0171k\u0151d\u00f6tt, majd a Rom\u00e1n Tan\u00edt\u00f3k\u00e9pz\u0151nek adott helyet (1948\u201356) \u00e9s [&hellip;]<\/p>\n","protected":false},"featured_media":0,"comment_status":"open","ping_status":"closed","template":"","meta":[],"product_brand":[],"product_cat":[137],"product_tag":[],"class_list":{"0":"post-15860","1":"product","2":"type-product","3":"status-publish","5":"product_cat-maros-megyei-eletrajzi-lexikon","7":"first","8":"instock","9":"shipping-taxable","10":"product-type-simple"},"_links":{"self":[{"href":"https:\/\/uj.adatbank.ro\/lexikon\/wp-json\/wp\/v2\/product\/15860","targetHints":{"allow":["GET"]}}],"collection":[{"href":"https:\/\/uj.adatbank.ro\/lexikon\/wp-json\/wp\/v2\/product"}],"about":[{"href":"https:\/\/uj.adatbank.ro\/lexikon\/wp-json\/wp\/v2\/types\/product"}],"replies":[{"embeddable":true,"href":"https:\/\/uj.adatbank.ro\/lexikon\/wp-json\/wp\/v2\/comments?post=15860"}],"wp:attachment":[{"href":"https:\/\/uj.adatbank.ro\/lexikon\/wp-json\/wp\/v2\/media?parent=15860"}],"wp:term":[{"taxonomy":"product_brand","embeddable":true,"href":"https:\/\/uj.adatbank.ro\/lexikon\/wp-json\/wp\/v2\/product_brand?post=15860"},{"taxonomy":"product_cat","embeddable":true,"href":"https:\/\/uj.adatbank.ro\/lexikon\/wp-json\/wp\/v2\/product_cat?post=15860"},{"taxonomy":"product_tag","embeddable":true,"href":"https:\/\/uj.adatbank.ro\/lexikon\/wp-json\/wp\/v2\/product_tag?post=15860"}],"curies":[{"name":"wp","href":"https:\/\/api.w.org\/{rel}","templated":true}]}}

MÜLLER János, Müller Johann

<p>? † ? : szászrégeni vállalkozó, műépítész. – Mv.-en is működött. A jobbágyfalvi plébánia templomot építette (1880). Dósa László tervei alapján építette Mv.-en a főtéri Mészáros Ipartársulat székházát (1888), a Törvényszéki palotát (1897). Szászrégenben építette az egykori Lányiskola főépületét (1892), ahol a két vh. között a Német Tanítóképző műkődött, majd a Román Tanítóképzőnek adott helyet (1948–56) és napjainkban az Augustin Maior Állami Gimnázium német tagozata található benne. <br /><strong>Irod.:</strong> Csíkfalva; Időtár 2; Man, 3.; Reghin – ghid</br></p>

<p>? † ? : szászrégeni vállalkozó, műépítész. – Mv.-en is működött. A jobbágyfalvi plébánia templomot építette (1880). Dósa László tervei alapján építette Mv.-en a főtéri Mészáros Ipartársulat székházát (1888), a Törvényszéki palotát (1897). Szászrégenben építette az egykori Lányiskola főépületét (1892), ahol a két vh. között a Német Tanítóképző műkődött, majd a Román Tanítóképzőnek adott helyet (1948–56) és [&hellip;]</p>
