{"id":15861,"date":"2025-07-15T13:49:33","date_gmt":"2025-07-15T11:49:33","guid":{"rendered":"https:\/\/uj.adatbank.ro\/lexikon\/termek\/muller-janos-muller-johann-muller-ioan\/"},"modified":"2025-07-15T13:49:33","modified_gmt":"2025-07-15T11:49:33","slug":"muller-janos-muller-johann-muller-ioan","status":"publish","type":"product","link":"https:\/\/uj.adatbank.ro\/lexikon\/termek\/muller-janos-muller-johann-muller-ioan\/","title":{"rendered":"M\u00dcLLER J\u00e1nos, M\u00fcller Johann, M\u00fcller, Ioan"},"content":{"rendered":"<p>? \u2020\u00a0?: sz\u00e1szr\u00e9geni v\u00e1llalkoz\u00f3, gy\u00e1ros. \u2013 Az els\u0151 g\u0151zf\u0171r\u00e9sz- \u00e9s parkettgy\u00e1rat l\u00e9tes\u00edtette Sz\u00e1szr\u00e9genben (1880\u20131922). Mivel a f\u0171r\u00e9szgy\u00e1r messze volt a Marost\u00f3l \u00e9s a vas\u00fatt\u00f3l, a sz\u00e1ll\u00edt\u00e1s t\u00fal k\u00f6lts\u00e9ges volt, a f\u0171r\u00e9szr\u00e9szleget felsz\u00e1molta, csak a mellette m\u0171k\u0151d\u0151 t\u00e9glagy\u00e1rat tartotta meg. N\u00e9h\u00e1ny \u00e9v m\u00falva Weinrich Frigyes g\u00f6rl\u00e9cgy\u00e1rr\u00e1 (b\u00fatorl\u00e9c) alak\u00edtotta \u00e1t. <br \/><strong>Irod.:<\/strong> B\u00edr\u00f3 D\u00f3n\u00e1t; K\u00e1d\u00e1r \u2013 P\u00e1l-Antal; K\u00e1d\u00e1r Zsombor: K\u00e9t \u00fczemismertet\u00e9s haszna  =  K\u00e1d\u00e1r Zsombor: Sz\u00e9kelyf\u00f6ldi erd\u00e9szeti arck\u00e9pcsarnok (Bp., 1999); Pan\u0103; Sz\u00e1szr\u00e9gen \u00e9s vid\u00e9ke; Szter\u00e9nyi J\u00f3zsef<\/br><\/p>\n","protected":false},"excerpt":{"rendered":"<p>? \u2020\u00a0?: sz\u00e1szr\u00e9geni v\u00e1llalkoz\u00f3, gy\u00e1ros. \u2013 Az els\u0151 g\u0151zf\u0171r\u00e9sz- \u00e9s parkettgy\u00e1rat l\u00e9tes\u00edtette Sz\u00e1szr\u00e9genben (1880\u20131922). Mivel a f\u0171r\u00e9szgy\u00e1r messze volt a Marost\u00f3l \u00e9s a vas\u00fatt\u00f3l, a sz\u00e1ll\u00edt\u00e1s t\u00fal k\u00f6lts\u00e9ges volt, a f\u0171r\u00e9szr\u00e9szleget felsz\u00e1molta, csak a mellette m\u0171k\u0151d\u0151 t\u00e9glagy\u00e1rat tartotta meg. N\u00e9h\u00e1ny \u00e9v m\u00falva Weinrich Frigyes g\u00f6rl\u00e9cgy\u00e1rr\u00e1 (b\u00fatorl\u00e9c) alak\u00edtotta \u00e1t. Irod.: B\u00edr\u00f3 D\u00f3n\u00e1t; K\u00e1d\u00e1r \u2013 P\u00e1l-Antal; K\u00e1d\u00e1r [&hellip;]<\/p>\n","protected":false},"featured_media":0,"comment_status":"open","ping_status":"closed","template":"","meta":[],"product_brand":[],"product_cat":[137],"product_tag":[],"class_list":{"0":"post-15861","1":"product","2":"type-product","3":"status-publish","5":"product_cat-maros-megyei-eletrajzi-lexikon","7":"first","8":"instock","9":"shipping-taxable","10":"product-type-simple"},"_links":{"self":[{"href":"https:\/\/uj.adatbank.ro\/lexikon\/wp-json\/wp\/v2\/product\/15861","targetHints":{"allow":["GET"]}}],"collection":[{"href":"https:\/\/uj.adatbank.ro\/lexikon\/wp-json\/wp\/v2\/product"}],"about":[{"href":"https:\/\/uj.adatbank.ro\/lexikon\/wp-json\/wp\/v2\/types\/product"}],"replies":[{"embeddable":true,"href":"https:\/\/uj.adatbank.ro\/lexikon\/wp-json\/wp\/v2\/comments?post=15861"}],"wp:attachment":[{"href":"https:\/\/uj.adatbank.ro\/lexikon\/wp-json\/wp\/v2\/media?parent=15861"}],"wp:term":[{"taxonomy":"product_brand","embeddable":true,"href":"https:\/\/uj.adatbank.ro\/lexikon\/wp-json\/wp\/v2\/product_brand?post=15861"},{"taxonomy":"product_cat","embeddable":true,"href":"https:\/\/uj.adatbank.ro\/lexikon\/wp-json\/wp\/v2\/product_cat?post=15861"},{"taxonomy":"product_tag","embeddable":true,"href":"https:\/\/uj.adatbank.ro\/lexikon\/wp-json\/wp\/v2\/product_tag?post=15861"}],"curies":[{"name":"wp","href":"https:\/\/api.w.org\/{rel}","templated":true}]}}

MÜLLER János, Müller Johann, Müller, Ioan

<p>? † ?: szászrégeni vállalkozó, gyáros. – Az első gőzfűrész- és parkettgyárat létesítette Szászrégenben (1880–1922). Mivel a fűrészgyár messze volt a Marostól és a vasúttól, a szállítás túl költséges volt, a fűrészrészleget felszámolta, csak a mellette műkődő téglagyárat tartotta meg. Néhány év múlva Weinrich Frigyes görlécgyárrá (bútorléc) alakította át. <br /><strong>Irod.:</strong> Bíró Dónát; Kádár – Pál-Antal; Kádár Zsombor: Két üzemismertetés haszna  =  Kádár Zsombor: Székelyföldi erdészeti arcképcsarnok (Bp., 1999); Pană; Szászrégen és vidéke; Szterényi József</br></p>

<p>? † ?: szászrégeni vállalkozó, gyáros. – Az első gőzfűrész- és parkettgyárat létesítette Szászrégenben (1880–1922). Mivel a fűrészgyár messze volt a Marostól és a vasúttól, a szállítás túl költséges volt, a fűrészrészleget felszámolta, csak a mellette műkődő téglagyárat tartotta meg. Néhány év múlva Weinrich Frigyes görlécgyárrá (bútorléc) alakította át. Irod.: Bíró Dónát; Kádár – Pál-Antal; Kádár [&hellip;]</p>
