{"id":15863,"date":"2025-07-15T13:49:39","date_gmt":"2025-07-15T11:49:39","guid":{"rendered":"https:\/\/uj.adatbank.ro\/lexikon\/termek\/muller-johann-2\/"},"modified":"2025-07-15T13:49:39","modified_gmt":"2025-07-15T11:49:39","slug":"muller-johann-2","status":"publish","type":"product","link":"https:\/\/uj.adatbank.ro\/lexikon\/termek\/muller-johann-2\/","title":{"rendered":"M\u00dcLLER Johann"},"content":{"rendered":"<p>? \u2020 ?: f\u00f6ldbirtokos. \u2013 Sz\u00e1szszentiv\u00e1nban a f\u00f6ldoszt\u00e1skor kisaj\u00e1t\u00edtottak 2, 74 hold belter\u00fcletet egy rom\u00e1n tannnyelv\u0171 iskola \u00e9p\u00edt\u00e9se c\u00e9lj\u00e1b\u00f3l (1925). <br \/><strong>Irod.:<\/strong> Prozan<\/br><\/p>\n","protected":false},"excerpt":{"rendered":"<p>? \u2020 ?: f\u00f6ldbirtokos. \u2013 Sz\u00e1szszentiv\u00e1nban a f\u00f6ldoszt\u00e1skor kisaj\u00e1t\u00edtottak 2, 74 hold belter\u00fcletet egy rom\u00e1n tannnyelv\u0171 iskola \u00e9p\u00edt\u00e9se c\u00e9lj\u00e1b\u00f3l (1925). Irod.: Prozan<\/p>\n","protected":false},"featured_media":0,"comment_status":"open","ping_status":"closed","template":"","meta":[],"product_brand":[],"product_cat":[137],"product_tag":[],"class_list":{"0":"post-15863","1":"product","2":"type-product","3":"status-publish","5":"product_cat-maros-megyei-eletrajzi-lexikon","7":"first","8":"instock","9":"shipping-taxable","10":"product-type-simple"},"_links":{"self":[{"href":"https:\/\/uj.adatbank.ro\/lexikon\/wp-json\/wp\/v2\/product\/15863","targetHints":{"allow":["GET"]}}],"collection":[{"href":"https:\/\/uj.adatbank.ro\/lexikon\/wp-json\/wp\/v2\/product"}],"about":[{"href":"https:\/\/uj.adatbank.ro\/lexikon\/wp-json\/wp\/v2\/types\/product"}],"replies":[{"embeddable":true,"href":"https:\/\/uj.adatbank.ro\/lexikon\/wp-json\/wp\/v2\/comments?post=15863"}],"wp:attachment":[{"href":"https:\/\/uj.adatbank.ro\/lexikon\/wp-json\/wp\/v2\/media?parent=15863"}],"wp:term":[{"taxonomy":"product_brand","embeddable":true,"href":"https:\/\/uj.adatbank.ro\/lexikon\/wp-json\/wp\/v2\/product_brand?post=15863"},{"taxonomy":"product_cat","embeddable":true,"href":"https:\/\/uj.adatbank.ro\/lexikon\/wp-json\/wp\/v2\/product_cat?post=15863"},{"taxonomy":"product_tag","embeddable":true,"href":"https:\/\/uj.adatbank.ro\/lexikon\/wp-json\/wp\/v2\/product_tag?post=15863"}],"curies":[{"name":"wp","href":"https:\/\/api.w.org\/{rel}","templated":true}]}}