{"id":15870,"date":"2025-07-15T13:49:52","date_gmt":"2025-07-15T11:49:52","guid":{"rendered":"https:\/\/uj.adatbank.ro\/lexikon\/termek\/muller-nagy-eva\/"},"modified":"2025-07-15T13:49:52","modified_gmt":"2025-07-15T11:49:52","slug":"muller-nagy-eva","status":"publish","type":"product","link":"https:\/\/uj.adatbank.ro\/lexikon\/termek\/muller-nagy-eva\/","title":{"rendered":"M\u00dcLLER NAGY \u00c9va"},"content":{"rendered":"<p>? \u2020\u00a0?: tan\u00e1r a mv.-i volt Ref. Koll.-ban, az akkori Ranghe\u0163 Fi\u00fal\u00edc-ban, a mai Bolyai Farkas L\u00edc-ban. <br \/><strong>Irod.:<\/strong> Sk\u00f3la<\/br><\/p>\n","protected":false},"excerpt":{"rendered":"<p>? \u2020\u00a0?: tan\u00e1r a mv.-i volt Ref. Koll.-ban, az akkori Ranghe\u0163 Fi\u00fal\u00edc-ban, a mai Bolyai Farkas L\u00edc-ban. Irod.: Sk\u00f3la<\/p>\n","protected":false},"featured_media":0,"comment_status":"open","ping_status":"closed","template":"","meta":[],"product_brand":[],"product_cat":[137],"product_tag":[],"class_list":{"0":"post-15870","1":"product","2":"type-product","3":"status-publish","5":"product_cat-maros-megyei-eletrajzi-lexikon","7":"first","8":"instock","9":"shipping-taxable","10":"product-type-simple"},"_links":{"self":[{"href":"https:\/\/uj.adatbank.ro\/lexikon\/wp-json\/wp\/v2\/product\/15870","targetHints":{"allow":["GET"]}}],"collection":[{"href":"https:\/\/uj.adatbank.ro\/lexikon\/wp-json\/wp\/v2\/product"}],"about":[{"href":"https:\/\/uj.adatbank.ro\/lexikon\/wp-json\/wp\/v2\/types\/product"}],"replies":[{"embeddable":true,"href":"https:\/\/uj.adatbank.ro\/lexikon\/wp-json\/wp\/v2\/comments?post=15870"}],"wp:attachment":[{"href":"https:\/\/uj.adatbank.ro\/lexikon\/wp-json\/wp\/v2\/media?parent=15870"}],"wp:term":[{"taxonomy":"product_brand","embeddable":true,"href":"https:\/\/uj.adatbank.ro\/lexikon\/wp-json\/wp\/v2\/product_brand?post=15870"},{"taxonomy":"product_cat","embeddable":true,"href":"https:\/\/uj.adatbank.ro\/lexikon\/wp-json\/wp\/v2\/product_cat?post=15870"},{"taxonomy":"product_tag","embeddable":true,"href":"https:\/\/uj.adatbank.ro\/lexikon\/wp-json\/wp\/v2\/product_tag?post=15870"}],"curies":[{"name":"wp","href":"https:\/\/api.w.org\/{rel}","templated":true}]}}