{"id":15871,"date":"2025-07-15T13:49:54","date_gmt":"2025-07-15T11:49:54","guid":{"rendered":"https:\/\/uj.adatbank.ro\/lexikon\/termek\/muller-robert\/"},"modified":"2025-07-15T13:49:54","modified_gmt":"2025-07-15T11:49:54","slug":"muller-robert","status":"publish","type":"product","link":"https:\/\/uj.adatbank.ro\/lexikon\/termek\/muller-robert\/","title":{"rendered":"M\u00dcLLER R\u00f3bert"},"content":{"rendered":"<p>R\u00e1baf\u00fczes, 1876, \u2020 ?: tan\u00e1r. \u2013 Polg\u00e1ri iskolai tanulm\u00e1nyai ut\u00e1n egyetemet v\u00e9gzett (1899). Orosh\u00e1z\u00e1n m\u0171k\u00f6d\u00f6tt mint tan\u00e1r, majd Mv.-re ker\u00fclt \u00e9s itt tan\u00edtott Fels\u0151bb Kereskedelmi Iskol\u00e1ban nyugalomba vonul\u00e1s\u00e1ig (1927\u201338). R\u00e9szt vett az I. vh.-ban (1914\u201318), a 22. gy. ezredben az olasz fronton harcolt, fogs\u00e1gba esett (1918. nov.\u201320.jan.) mint hadnagy szerelt le, a koron\u00e1s ez\u00fcst \u00e9rdemkereszt a vit. \u00c9rdem szalagj\u00e1n, a II. ez\u00fcst vit. \u00e9rem kit\u00fcntet\u00e9ssel. <br \/><strong>Irod.:<\/strong> Erd\u00e9lyi ezredek; \u00cenv. comercial econ.; Sz\u00e9kelyf\u00f6ld \u00ed.k.<\/br><\/p>\n","protected":false},"excerpt":{"rendered":"<p>R\u00e1baf\u00fczes, 1876, \u2020 ?: tan\u00e1r. \u2013 Polg\u00e1ri iskolai tanulm\u00e1nyai ut\u00e1n egyetemet v\u00e9gzett (1899). Orosh\u00e1z\u00e1n m\u0171k\u00f6d\u00f6tt mint tan\u00e1r, majd Mv.-re ker\u00fclt \u00e9s itt tan\u00edtott Fels\u0151bb Kereskedelmi Iskol\u00e1ban nyugalomba vonul\u00e1s\u00e1ig (1927\u201338). R\u00e9szt vett az I. vh.-ban (1914\u201318), a 22. gy. ezredben az olasz fronton harcolt, fogs\u00e1gba esett (1918. nov.\u201320.jan.) mint hadnagy szerelt le, a koron\u00e1s ez\u00fcst \u00e9rdemkereszt [&hellip;]<\/p>\n","protected":false},"featured_media":0,"comment_status":"open","ping_status":"closed","template":"","meta":[],"product_brand":[],"product_cat":[137],"product_tag":[],"class_list":{"0":"post-15871","1":"product","2":"type-product","3":"status-publish","5":"product_cat-maros-megyei-eletrajzi-lexikon","7":"first","8":"instock","9":"shipping-taxable","10":"product-type-simple"},"_links":{"self":[{"href":"https:\/\/uj.adatbank.ro\/lexikon\/wp-json\/wp\/v2\/product\/15871","targetHints":{"allow":["GET"]}}],"collection":[{"href":"https:\/\/uj.adatbank.ro\/lexikon\/wp-json\/wp\/v2\/product"}],"about":[{"href":"https:\/\/uj.adatbank.ro\/lexikon\/wp-json\/wp\/v2\/types\/product"}],"replies":[{"embeddable":true,"href":"https:\/\/uj.adatbank.ro\/lexikon\/wp-json\/wp\/v2\/comments?post=15871"}],"wp:attachment":[{"href":"https:\/\/uj.adatbank.ro\/lexikon\/wp-json\/wp\/v2\/media?parent=15871"}],"wp:term":[{"taxonomy":"product_brand","embeddable":true,"href":"https:\/\/uj.adatbank.ro\/lexikon\/wp-json\/wp\/v2\/product_brand?post=15871"},{"taxonomy":"product_cat","embeddable":true,"href":"https:\/\/uj.adatbank.ro\/lexikon\/wp-json\/wp\/v2\/product_cat?post=15871"},{"taxonomy":"product_tag","embeddable":true,"href":"https:\/\/uj.adatbank.ro\/lexikon\/wp-json\/wp\/v2\/product_tag?post=15871"}],"curies":[{"name":"wp","href":"https:\/\/api.w.org\/{rel}","templated":true}]}}

MÜLLER Róbert

<p>Rábafüzes, 1876, † ?: tanár. – Polgári iskolai tanulmányai után egyetemet végzett (1899). Orosházán működött mint tanár, majd Mv.-re került és itt tanított Felsőbb Kereskedelmi Iskolában nyugalomba vonulásáig (1927–38). Részt vett az I. vh.-ban (1914–18), a 22. gy. ezredben az olasz fronton harcolt, fogságba esett (1918. nov.–20.jan.) mint hadnagy szerelt le, a koronás ezüst érdemkereszt a vit. Érdem szalagján, a II. ezüst vit. érem kitüntetéssel. <br /><strong>Irod.:</strong> Erdélyi ezredek; Înv. comercial econ.; Székelyföld í.k.</br></p>

<p>Rábafüzes, 1876, † ?: tanár. – Polgári iskolai tanulmányai után egyetemet végzett (1899). Orosházán működött mint tanár, majd Mv.-re került és itt tanított Felsőbb Kereskedelmi Iskolában nyugalomba vonulásáig (1927–38). Részt vett az I. vh.-ban (1914–18), a 22. gy. ezredben az olasz fronton harcolt, fogságba esett (1918. nov.–20.jan.) mint hadnagy szerelt le, a koronás ezüst érdemkereszt [&hellip;]</p>
