{"id":15877,"date":"2025-07-15T13:50:05","date_gmt":"2025-07-15T11:50:05","guid":{"rendered":"https:\/\/uj.adatbank.ro\/lexikon\/termek\/munkacsi-marton-munkacsy\/"},"modified":"2025-07-15T13:50:05","modified_gmt":"2025-07-15T11:50:05","slug":"munkacsi-marton-munkacsy","status":"publish","type":"product","link":"https:\/\/uj.adatbank.ro\/lexikon\/termek\/munkacsi-marton-munkacsy\/","title":{"rendered":"MUNK\u00c1CSI M\u00e1rton, Munk\u00e1csy"},"content":{"rendered":"<p>Dics\u0151szentm\u00e1rton, 1896. m\u00e1j. 18, \u2020\u00a0New York, 1963. j\u00fal. 14.: fot\u00f3riporter, fot\u00f3m\u0171v\u00e9sz. \u2013 Gyermekkor\u00e1t Dics\u0151szentm\u00e1rtonban t\u00f6lt\u00f6tte, autodidakta \u00fajs\u00e1g\u00edr\u00f3 (1914\u2013), sportlapokat tud\u00f3s\u00edtott, verseket \u00edrt. Az 1910-es \u00e9vekt\u0151l fot\u00f3zott Sz\u00ednh\u00e1zi \u00c9letnek. A Pesti Napl\u00f3, Az Est, a Ma Este sz\u00e1m\u00e1ra sportfot\u00f3kat k\u00e9sz\u00edtett. Berlin\u00adben az Ullstein-lapok fot\u00f3riportere (1928\u201334), de a Berliner Illustrierte Zeitung, a Die Dame, az Uhu, a Die Woche Is k\u00f6z\u00f6lt\u00e9k k\u00e9peit, \u00e9s olyan fot\u00f3s \u00e9vk\u00f6nyvek, mint a Das Deutsche Lichtbilden vagy a Modern Photography. k\u00f6z\u00f6lt\u00e9k f\u00e9nyk\u00e9peit (1931\u201334), h\u00edres \u00e9s gazdag fot\u00f3s lett. Egyik legh\u00edresebb k\u00e9psorozat\u00e1t a Zeppelin vil\u00e1g k\u00f6r\u00fcli \u00fatj\u00e1n r\u00f6gz\u00edtette (1932). A fasiz\u00e1l\u00f3d\u00f3 N\u00e9metorsz\u00e1gb\u00f3l \u00e1ttelep\u00fclt az Egyes\u00fclt \u00c1llamokba (1934\u2013), s f\u0151k\u00e9nt a Harpers Bazaar sz\u00e1m\u00e1ra k\u00e9\u00adsz\u00edtett rekl\u00e1m- \u00e9s divatk\u00e9peket. Alap\u00edt\u00f3ja a Life magazin fot\u00f3rovat\u00e1nak.Rengeteg szt\u00e1rfot\u00f3t k\u00e9sz\u00edtett. Modelljeit el\u00ads\u0151k\u00e9nt f\u00e9nyk\u00e9pezte st\u00fadi\u00f3n k\u00edv\u00fcl. Az 1940-es \u00e9vek elej\u00e9n \u0151 volt a vil\u00e1g legjobban fizetett fot\u00f3riportere, p\u00e1ly\u00e1ja cs\u00facs\u00e1n k\u00e9sz\u00edtette a Ladies Home Journal sz\u00e1m\u00e1ra az amerikai csal\u00e1\u00addok \u00e9let\u00e9t bemutat\u00f3 f\u00e9nyk\u00e9psorozat\u00e1t (Ho\u00adgyan \u00e9l Amerika).Sz\u00edvinfarktusa (1943) ut\u00e1n egyre kevesebbet fot\u00f3zott, s befejezte \u00f6n\u00e9let\u00adrajzi ihlet\u00e9s\u0171 reg\u00e9ny\u00e9t (Fools Apprentice, 1945). Felgy\u00f3gyul\u00e1s\u00e1t k\u00f6vet\u0151en a tv sz\u00e1m\u00e1ra kisfilmeket k\u00e9sz\u00edtett, de egyre ink\u00e1bb a fot\u00f3\u00adszakma perem\u00e9re ker\u00fclt \u00e9s elszeg\u00e9nyedett. \u2013 F.ki\u00e1ll.: egy\u00e9ni: New York (1878, 1979, 1985, 1993); P\u00e1rizs (1992, 1993); M. Fotogr\u00e1fiai M\u00faz. (Kecskem\u00e9t, 1996). \u2013 <strong>F. m.:<\/strong> Nudes (New York, 1951). <br \/><strong>Irod.:<\/strong> Dics\u0151szentm\u00e1rton; Kincses K\u00e1roly: M. &#038; M. (Kecskem\u00e9t-Bp, 1996); T\u00f6r\u00f6k G\u00e1sp\u00e1r: Visszapillant\u00e1s a fot\u00f3m\u0171v\u00e9szet v\u00e1s\u00e1rhelyi el\u0151zm\u00e9nyeire (N\u00fa., M\u00fazsa, 302. sz., 1997. j\u00fal. 11.); \u00daM\u00c9L<\/br><\/p>\n","protected":false},"excerpt":{"rendered":"<p>Dics\u0151szentm\u00e1rton, 1896. m\u00e1j. 18, \u2020\u00a0New York, 1963. j\u00fal. 14.: fot\u00f3riporter, fot\u00f3m\u0171v\u00e9sz. \u2013 Gyermekkor\u00e1t Dics\u0151szentm\u00e1rtonban t\u00f6lt\u00f6tte, autodidakta \u00fajs\u00e1g\u00edr\u00f3 (1914\u2013), sportlapokat tud\u00f3s\u00edtott, verseket \u00edrt. Az 1910-es \u00e9vekt\u0151l fot\u00f3zott Sz\u00ednh\u00e1zi \u00c9letnek. A Pesti Napl\u00f3, Az Est, a Ma Este sz\u00e1m\u00e1ra sportfot\u00f3kat k\u00e9sz\u00edtett. Berlin\u00adben az Ullstein-lapok fot\u00f3riportere (1928\u201334), de a Berliner Illustrierte Zeitung, a Die Dame, az Uhu, a [&hellip;]<\/p>\n","protected":false},"featured_media":0,"comment_status":"open","ping_status":"closed","template":"","meta":[],"product_brand":[],"product_cat":[137],"product_tag":[],"class_list":{"0":"post-15877","1":"product","2":"type-product","3":"status-publish","5":"product_cat-maros-megyei-eletrajzi-lexikon","7":"first","8":"instock","9":"shipping-taxable","10":"product-type-simple"},"_links":{"self":[{"href":"https:\/\/uj.adatbank.ro\/lexikon\/wp-json\/wp\/v2\/product\/15877","targetHints":{"allow":["GET"]}}],"collection":[{"href":"https:\/\/uj.adatbank.ro\/lexikon\/wp-json\/wp\/v2\/product"}],"about":[{"href":"https:\/\/uj.adatbank.ro\/lexikon\/wp-json\/wp\/v2\/types\/product"}],"replies":[{"embeddable":true,"href":"https:\/\/uj.adatbank.ro\/lexikon\/wp-json\/wp\/v2\/comments?post=15877"}],"wp:attachment":[{"href":"https:\/\/uj.adatbank.ro\/lexikon\/wp-json\/wp\/v2\/media?parent=15877"}],"wp:term":[{"taxonomy":"product_brand","embeddable":true,"href":"https:\/\/uj.adatbank.ro\/lexikon\/wp-json\/wp\/v2\/product_brand?post=15877"},{"taxonomy":"product_cat","embeddable":true,"href":"https:\/\/uj.adatbank.ro\/lexikon\/wp-json\/wp\/v2\/product_cat?post=15877"},{"taxonomy":"product_tag","embeddable":true,"href":"https:\/\/uj.adatbank.ro\/lexikon\/wp-json\/wp\/v2\/product_tag?post=15877"}],"curies":[{"name":"wp","href":"https:\/\/api.w.org\/{rel}","templated":true}]}}

MUNKÁCSI Márton, Munkácsy

<p>Dicsőszentmárton, 1896. máj. 18, † New York, 1963. júl. 14.: fotóriporter, fotóművész. – Gyermekkorát Dicsőszentmártonban töltötte, autodidakta újságíró (1914–), sportlapokat tudósított, verseket írt. Az 1910-es évektől fotózott Színházi Életnek. A Pesti Napló, Az Est, a Ma Este számára sportfotókat készített. Berlin­ben az Ullstein-lapok fotóriportere (1928–34), de a Berliner Illustrierte Zeitung, a Die Dame, az Uhu, a Die Woche Is közölték képeit, és olyan fotós évkönyvek, mint a Das Deutsche Lichtbilden vagy a Modern Photography. közölték fényképeit (1931–34), híres és gazdag fotós lett. Egyik leghíresebb képsorozatát a Zeppelin világ körüli útján rögzítette (1932). A fasizálódó Németországból áttelepült az Egyesült Államokba (1934–), s főként a Harpers Bazaar számára ké­szített reklám- és divatképeket. Alapítója a Life magazin fotórovatának.Rengeteg sztárfotót készített. Modelljeit el­sőként fényképezte stúdión kívül. Az 1940-es évek elején ő volt a világ legjobban fizetett fotóriportere, pályája csúcsán készítette a Ladies Home Journal számára az amerikai csalá­dok életét bemutató fényképsorozatát (Ho­gyan él Amerika).Szívinfarktusa (1943) után egyre kevesebbet fotózott, s befejezte önélet­rajzi ihletésű regényét (Fools Apprentice, 1945). Felgyógyulását követően a tv számára kisfilmeket készített, de egyre inkább a fotó­szakma peremére került és elszegényedett. – F.kiáll.: egyéni: New York (1878, 1979, 1985, 1993); Párizs (1992, 1993); M. Fotográfiai Múz. (Kecskemét, 1996). – <strong>F. m.:</strong> Nudes (New York, 1951). <br /><strong>Irod.:</strong> Dicsőszentmárton; Kincses Károly: M. &#038; M. (Kecskemét-Bp, 1996); Török Gáspár: Visszapillantás a fotóművészet vásárhelyi előzményeire (Nú., Múzsa, 302. sz., 1997. júl. 11.); ÚMÉL</br></p>

<p>Dicsőszentmárton, 1896. máj. 18, † New York, 1963. júl. 14.: fotóriporter, fotóművész. – Gyermekkorát Dicsőszentmártonban töltötte, autodidakta újságíró (1914–), sportlapokat tudósított, verseket írt. Az 1910-es évektől fotózott Színházi Életnek. A Pesti Napló, Az Est, a Ma Este számára sportfotókat készített. Berlin­ben az Ullstein-lapok fotóriportere (1928–34), de a Berliner Illustrierte Zeitung, a Die Dame, az Uhu, a [&hellip;]</p>
