{"id":15880,"date":"2025-07-15T13:50:11","date_gmt":"2025-07-15T11:50:11","guid":{"rendered":"https:\/\/uj.adatbank.ro\/lexikon\/termek\/munkher-marton-muncher-marton\/"},"modified":"2025-07-15T13:50:11","modified_gmt":"2025-07-15T11:50:11","slug":"munkher-marton-muncher-marton","status":"publish","type":"product","link":"https:\/\/uj.adatbank.ro\/lexikon\/termek\/munkher-marton-muncher-marton\/","title":{"rendered":"M\u00dcNKHER M\u00e1rton; M\u00fcncher M\u00e1rton"},"content":{"rendered":"<p>? \u2020\u00a0?: asztalos-c\u00e9hmester. \u2013 Megalak\u00edtotta az els\u0151 mv.-i asztalosc\u00e9het (1753. okt. 14.) \u00e9s ennek biztos\u00edt\u00e1s\u00e1ra, a paizsk\u00e9sz\u00edt\u0151k 1615. m\u00e1rcius 24-\u00e9n kelt, Bethlen G\u00e1bort\u00f3l nyert szabadalomlev\u00e9l felhaszn\u00e1l\u00e1s\u00e1val megszerezte a M\u00e1ria Ter\u00e9zia \u00e1ltal hitelesitett \u00e9s meg\u00faj\u00edtott kiv\u00e1lts\u00e1glevelet (1762. m\u00e1rc. 26). A felt\u0171n\u0151 alaposs\u00e1ggal \u00e9s jogi \u00e9rz\u00e9kkel \u00f6ssze\u00e1ll\u00edtott Constitutioiban (1754. \u00e1pr. 24) a tisztes ipar ir\u00e1ny\u00edt\u00e1s\u00e1hoz elengedhetetlen\u00fcl sz\u00fcks\u00e9ges felt\u00e9telek megk\u00f6t\u00e9s\u00e9t, egy j\u00f3lszervezett ipari c\u00e9h l\u00e9talapj\u00e1nak megteremt\u0151d\u00e9s\u00e9t l\u00e1thatjuk. Az istenf\u00e9lelemre val\u00f3 \u00f6szt\u00f6n sz\u00fcks\u00e9gess\u00e9g\u00e9t is szemel\u0151tt tartva, el\u0151\u00edrja a c\u00e9h tagjainak a mesters\u00e9ghez tartoz\u00f3 minden vonatkoz\u00e1saiban j\u00e1rtas k\u00f6telezetts\u00e9get, a remekcsin\u00e1l\u00e1s felt\u00e9teleit, a t\u00e1blaj\u00e1rtat\u00e1s vonatkoz\u00e1sait, a c\u00e9h vezet\u0151s\u00e9g\u00e9nek, tagjainak, a leg\u00e9nyeknek \u00e9s inasoknak jogait \u00e9s k\u00f6teless\u00e9geit. A Constitutiok alapj\u00e1n vezetett asztalosc\u00e9h val\u00f3ban dics\u0151s\u00e9ggel szerepelt Mv. v\u00e1ros tekint\u00e9lyes c\u00e9hei k\u00f6zt. Az \u0151 c\u00e9hmesters\u00e9ge idej\u00e9b\u0151l maradt fenn az eml\u00edtett szabadalomleveleken \u00e9s constitutios-k\u00f6nyv\u00f6n k\u00edv\u00fcl a c\u00e9h titkos fi\u00f3kkal ell\u00e1tott l\u00e1d\u00e1ja is, bels\u0151 fed\u0151lapj\u00e1n: &#8222;K\u00e9szitetett a&#8217; M. V\u00e1s\u00e1r: N -. Asztalos Cz\u00e9h sz\u00e1m\u00e1ra in Ao 1770. die 18 Febr. M\u00fcncker M\u00e1rton Ur Cz: Mester&#8221; fel\u00edr\u00e1ssal. A ref. koll\u00e9gium fasor fel\u0151li, 9 szob\u00e1b\u00f3l \u00e1ll\u00f3 \u00e9p\u00edtkez\u00e9s\u00e9nek asztalosmunk\u00e1latait \u0151 \u00e9s Vilmos nev\u0171 fia v\u00e9gezt\u00e9k (1767). Az Ebh\u00e1ton (Kazinczy-utc\u00e1ban) lakott. Az asztalosipart\u00e1rsulat c\u00e9hl\u00e1d\u00e1j\u00e1ban tal\u00e1lhat\u00f3, bek\u00f6t\u00f6tt k\u00e9z\u00edr\u00e1sos k\u00f6nyv\u00e9nek c\u00edme: Constituti\u00f3k. Maros-V\u00e1s\u00e1rhely Szabad Kir\u00e1lyi V\u00e1ros\u00e1ban, a&#8217; Bets\u00fcletes Nemes Asztalos Cz\u00e9h fel\u00e1ll\u00e9ttatv\u00e1n, &#8216;s Privilegi\u00e1ltatv\u00e1n, Articulusokkal robor\u00e1ltatv\u00e1n, azon Articulus\u00f3k mell\u00e9 a&#8217; Bets\u00fcletes Cz\u00e9h&#8217; akaratty\u00e1b\u00f3l Constituti\u00f3k compil\u00e1ltattanak ez jelen val\u00f3 1754-dik Esztend\u0151ben, Szent Gy\u00f6rgy Hav\u00e1nak 24-dik napj\u00e1n, Asztalos M\u00fcnkher M\u00e1rton Uram Cz\u00e9h Mesters\u00e9g\u00e9ben. (Teljes sz\u00f6vege \u00e9s ismertet\u00e9se megjelent Fodor Istv\u00e1n: Kr\u00f3nik\u00e1s F\u00fczetek, III. sor. 5. sz. 1938.). <br \/><strong>Irod.:<\/strong> B\u00f3nis J.: A mv.-i c\u00e9hek t\u00e1rgyi eml\u00e9kei = Mv. t\u00f6rt\u00e9net\u00e9b\u0151l; Kr\u00f3n. F\u00fcz. (1939. 4\/9)<\/br><\/p>\n","protected":false},"excerpt":{"rendered":"<p>? \u2020\u00a0?: asztalos-c\u00e9hmester. \u2013 Megalak\u00edtotta az els\u0151 mv.-i asztalosc\u00e9het (1753. okt. 14.) \u00e9s ennek biztos\u00edt\u00e1s\u00e1ra, a paizsk\u00e9sz\u00edt\u0151k 1615. m\u00e1rcius 24-\u00e9n kelt, Bethlen G\u00e1bort\u00f3l nyert szabadalomlev\u00e9l felhaszn\u00e1l\u00e1s\u00e1val megszerezte a M\u00e1ria Ter\u00e9zia \u00e1ltal hitelesitett \u00e9s meg\u00faj\u00edtott kiv\u00e1lts\u00e1glevelet (1762. m\u00e1rc. 26). A felt\u0171n\u0151 alaposs\u00e1ggal \u00e9s jogi \u00e9rz\u00e9kkel \u00f6ssze\u00e1ll\u00edtott Constitutioiban (1754. \u00e1pr. 24) a tisztes ipar ir\u00e1ny\u00edt\u00e1s\u00e1hoz elengedhetetlen\u00fcl sz\u00fcks\u00e9ges [&hellip;]<\/p>\n","protected":false},"featured_media":0,"comment_status":"open","ping_status":"closed","template":"","meta":[],"product_brand":[],"product_cat":[137],"product_tag":[],"class_list":{"0":"post-15880","1":"product","2":"type-product","3":"status-publish","5":"product_cat-maros-megyei-eletrajzi-lexikon","7":"first","8":"instock","9":"shipping-taxable","10":"product-type-simple"},"_links":{"self":[{"href":"https:\/\/uj.adatbank.ro\/lexikon\/wp-json\/wp\/v2\/product\/15880","targetHints":{"allow":["GET"]}}],"collection":[{"href":"https:\/\/uj.adatbank.ro\/lexikon\/wp-json\/wp\/v2\/product"}],"about":[{"href":"https:\/\/uj.adatbank.ro\/lexikon\/wp-json\/wp\/v2\/types\/product"}],"replies":[{"embeddable":true,"href":"https:\/\/uj.adatbank.ro\/lexikon\/wp-json\/wp\/v2\/comments?post=15880"}],"wp:attachment":[{"href":"https:\/\/uj.adatbank.ro\/lexikon\/wp-json\/wp\/v2\/media?parent=15880"}],"wp:term":[{"taxonomy":"product_brand","embeddable":true,"href":"https:\/\/uj.adatbank.ro\/lexikon\/wp-json\/wp\/v2\/product_brand?post=15880"},{"taxonomy":"product_cat","embeddable":true,"href":"https:\/\/uj.adatbank.ro\/lexikon\/wp-json\/wp\/v2\/product_cat?post=15880"},{"taxonomy":"product_tag","embeddable":true,"href":"https:\/\/uj.adatbank.ro\/lexikon\/wp-json\/wp\/v2\/product_tag?post=15880"}],"curies":[{"name":"wp","href":"https:\/\/api.w.org\/{rel}","templated":true}]}}

MÜNKHER Márton; Müncher Márton

<p>? † ?: asztalos-céhmester. – Megalakította az első mv.-i asztaloscéhet (1753. okt. 14.) és ennek biztosítására, a paizskészítők 1615. március 24-én kelt, Bethlen Gábortól nyert szabadalomlevél felhasználásával megszerezte a Mária Terézia által hitelesitett és megújított kiváltságlevelet (1762. márc. 26). A feltűnő alapossággal és jogi érzékkel összeállított Constitutioiban (1754. ápr. 24) a tisztes ipar irányításához elengedhetetlenül szükséges feltételek megkötését, egy jólszervezett ipari céh létalapjának megteremtődését láthatjuk. Az istenfélelemre való ösztön szükségességét is szemelőtt tartva, előírja a céh tagjainak a mesterséghez tartozó minden vonatkozásaiban jártas kötelezettséget, a remekcsinálás feltételeit, a táblajártatás vonatkozásait, a céh vezetőségének, tagjainak, a legényeknek és inasoknak jogait és kötelességeit. A Constitutiok alapján vezetett asztaloscéh valóban dicsőséggel szerepelt Mv. város tekintélyes céhei közt. Az ő céhmestersége idejéből maradt fenn az említett szabadalomleveleken és constitutios-könyvön kívül a céh titkos fiókkal ellátott ládája is, belső fedőlapján: &#8222;Készitetett a&#8217; M. Vásár: N -. Asztalos Czéh számára in Ao 1770. die 18 Febr. Müncker Márton Ur Cz: Mester&#8221; felírással. A ref. kollégium fasor felőli, 9 szobából álló építkezésének asztalosmunkálatait ő és Vilmos nevű fia végezték (1767). Az Ebháton (Kazinczy-utcában) lakott. Az asztalosipartársulat céhládájában található, bekötött kézírásos könyvének címe: Constitutiók. Maros-Vásárhely Szabad Királyi Városában, a&#8217; Betsületes Nemes Asztalos Czéh felálléttatván, &#8216;s Privilegiáltatván, Articulusokkal roboráltatván, azon Articulusók mellé a&#8217; Betsületes Czéh&#8217; akarattyából Constitutiók compiláltattanak ez jelen való 1754-dik Esztendőben, Szent György Havának 24-dik napján, Asztalos Münkher Márton Uram Czéh Mesterségében. (Teljes szövege és ismertetése megjelent Fodor István: Krónikás Füzetek, III. sor. 5. sz. 1938.). <br /><strong>Irod.:</strong> Bónis J.: A mv.-i céhek tárgyi emlékei = Mv. történetéből; Krón. Füz. (1939. 4/9)</br></p>

<p>? † ?: asztalos-céhmester. – Megalakította az első mv.-i asztaloscéhet (1753. okt. 14.) és ennek biztosítására, a paizskészítők 1615. március 24-én kelt, Bethlen Gábortól nyert szabadalomlevél felhasználásával megszerezte a Mária Terézia által hitelesitett és megújított kiváltságlevelet (1762. márc. 26). A feltűnő alapossággal és jogi érzékkel összeállított Constitutioiban (1754. ápr. 24) a tisztes ipar irányításához elengedhetetlenül szükséges [&hellip;]</p>
