{"id":15884,"date":"2025-07-15T13:50:21","date_gmt":"2025-07-15T11:50:21","guid":{"rendered":"https:\/\/uj.adatbank.ro\/lexikon\/termek\/muntean-gheorghe\/"},"modified":"2025-07-15T13:50:21","modified_gmt":"2025-07-15T11:50:21","slug":"muntean-gheorghe","status":"publish","type":"product","link":"https:\/\/uj.adatbank.ro\/lexikon\/termek\/muntean-gheorghe\/","title":{"rendered":"MUNTEAN, Gheorghe"},"content":{"rendered":"<p>Sz\u00e9kelymoson, 1899. aug.13. \u2020 ?: f\u00f6ldm\u0171ves. \u2013 A Nemzeti Liber\u00e1lis P\u00e1rt tagja volt. Letart\u00f3ztatt\u00e1k \u00e9s a t\u00e1rsadalmi rend elleni t\u00e9nyked\u00e9s \u00e9s tiltott kiadv\u00e1nyok terjeszt\u00e9se miatt v\u00e1d al\u00e1 helyezt\u00e9k (1959. \u00e1pr. 23.). K\u00f6zs\u00e9gi b\u00edr\u00f3 volt (1938\u201340). A rendszerv\u00e1lt\u00e1s ut\u00e1n propagand\u00e1t fejtett ki a korm\u00e1nyz\u00e1si forma lej\u00e1rat\u00e1sa \u00e9rdek\u00e9ben (1959). \u00dajabb vh. kit\u00f6r\u00e9s\u00e9t \u00f3hajtotta a r\u00e9gi rendszer vissza\u00e1ll\u00edt\u00e1sa \u00e9rdek\u00e9ben. Ellenezte \u00e9s akad\u00e1lyozta a mez\u0151gazdas\u00e1g szoc. \u00e1talak\u00edt\u00e1s\u00e1t. A h\u00e1zkutat\u00e1s sor\u00e1n ellens\u00e9ges ki\u00e1ltv\u00e1nyt tal\u00e1ltak n\u00e1la. <br \/><strong>Irod.:<\/strong> \u00c1ldozatok\u20131956<\/br><\/p>\n","protected":false},"excerpt":{"rendered":"<p>Sz\u00e9kelymoson, 1899. aug.13. \u2020 ?: f\u00f6ldm\u0171ves. \u2013 A Nemzeti Liber\u00e1lis P\u00e1rt tagja volt. Letart\u00f3ztatt\u00e1k \u00e9s a t\u00e1rsadalmi rend elleni t\u00e9nyked\u00e9s \u00e9s tiltott kiadv\u00e1nyok terjeszt\u00e9se miatt v\u00e1d al\u00e1 helyezt\u00e9k (1959. \u00e1pr. 23.). K\u00f6zs\u00e9gi b\u00edr\u00f3 volt (1938\u201340). A rendszerv\u00e1lt\u00e1s ut\u00e1n propagand\u00e1t fejtett ki a korm\u00e1nyz\u00e1si forma lej\u00e1rat\u00e1sa \u00e9rdek\u00e9ben (1959). \u00dajabb vh. kit\u00f6r\u00e9s\u00e9t \u00f3hajtotta a r\u00e9gi rendszer vissza\u00e1ll\u00edt\u00e1sa [&hellip;]<\/p>\n","protected":false},"featured_media":0,"comment_status":"open","ping_status":"closed","template":"","meta":[],"product_brand":[],"product_cat":[137],"product_tag":[],"class_list":{"0":"post-15884","1":"product","2":"type-product","3":"status-publish","5":"product_cat-maros-megyei-eletrajzi-lexikon","7":"first","8":"instock","9":"shipping-taxable","10":"product-type-simple"},"_links":{"self":[{"href":"https:\/\/uj.adatbank.ro\/lexikon\/wp-json\/wp\/v2\/product\/15884","targetHints":{"allow":["GET"]}}],"collection":[{"href":"https:\/\/uj.adatbank.ro\/lexikon\/wp-json\/wp\/v2\/product"}],"about":[{"href":"https:\/\/uj.adatbank.ro\/lexikon\/wp-json\/wp\/v2\/types\/product"}],"replies":[{"embeddable":true,"href":"https:\/\/uj.adatbank.ro\/lexikon\/wp-json\/wp\/v2\/comments?post=15884"}],"wp:attachment":[{"href":"https:\/\/uj.adatbank.ro\/lexikon\/wp-json\/wp\/v2\/media?parent=15884"}],"wp:term":[{"taxonomy":"product_brand","embeddable":true,"href":"https:\/\/uj.adatbank.ro\/lexikon\/wp-json\/wp\/v2\/product_brand?post=15884"},{"taxonomy":"product_cat","embeddable":true,"href":"https:\/\/uj.adatbank.ro\/lexikon\/wp-json\/wp\/v2\/product_cat?post=15884"},{"taxonomy":"product_tag","embeddable":true,"href":"https:\/\/uj.adatbank.ro\/lexikon\/wp-json\/wp\/v2\/product_tag?post=15884"}],"curies":[{"name":"wp","href":"https:\/\/api.w.org\/{rel}","templated":true}]}}

<p>Székelymoson, 1899. aug.13. † ?: földműves. – A Nemzeti Liberális Párt tagja volt. Letartóztatták és a társadalmi rend elleni ténykedés és tiltott kiadványok terjesztése miatt vád alá helyezték (1959. ápr. 23.). Községi bíró volt (1938–40). A rendszerváltás után propagandát fejtett ki a kormányzási forma lejáratása érdekében (1959). Újabb vh. kitörését óhajtotta a régi rendszer visszaállítása érdekében. Ellenezte és akadályozta a mezőgazdaság szoc. átalakítását. A házkutatás során ellenséges kiáltványt találtak nála. <br /><strong>Irod.:</strong> Áldozatok–1956</br></p>

<p>Székelymoson, 1899. aug.13. † ?: földműves. – A Nemzeti Liberális Párt tagja volt. Letartóztatták és a társadalmi rend elleni ténykedés és tiltott kiadványok terjesztése miatt vád alá helyezték (1959. ápr. 23.). Községi bíró volt (1938–40). A rendszerváltás után propagandát fejtett ki a kormányzási forma lejáratása érdekében (1959). Újabb vh. kitörését óhajtotta a régi rendszer visszaállítása [&hellip;]</p>
