{"id":15885,"date":"2025-07-15T13:50:23","date_gmt":"2025-07-15T11:50:23","guid":{"rendered":"https:\/\/uj.adatbank.ro\/lexikon\/termek\/muntean-iosif-m\/"},"modified":"2025-07-15T13:50:23","modified_gmt":"2025-07-15T11:50:23","slug":"muntean-iosif-m","status":"publish","type":"product","link":"https:\/\/uj.adatbank.ro\/lexikon\/termek\/muntean-iosif-m\/","title":{"rendered":"MUNTEAN, Iosif M."},"content":{"rendered":"<p>V\u00edzakna, 1889., \u2020 ? : jog\u00e1sz. \u2013 Mv.-en t\u00f6rv\u00e9nysz\u00e9ki eln\u00f6k. \u2013F\u00f6ldbirtokos csal\u00e1db\u00f3l sz\u00fcletett. P\u00e1rizsban vlgezte a jogot, azut\u00e1n az argesi t\u00f6rv\u00e9nysz\u00e9kn\u00e9l volt joggyakornok (1915), t\u00f6rv\u00e9nysz\u00e9ki alb\u00edr\u00f3 Buk.-ban (1916), Balcicban t\u00f6rv\u00e9nysz\u00e9ki b\u00edr\u00f3 (1919), M\u00e1ramarosszigeten t\u00f6rvsz\u00e9ki eln\u00f6k, t\u00e1blab\u00edr\u00f3 (1930), ilyen min\u00e9s\u00e9gben t\u00f6rv\u00e9nysz\u00e9ki eln\u00f6k Mv.-en. A Rom\u00e1n Koronarend lovagja, az Avantul Tari \u00e9s m\u00e1s h\u00e1bor\u00fas eml\u00e9k\u00e9rem tulajdonosa volt. Irod. : Ki kicsoda?<\/br><\/p>\n","protected":false},"excerpt":{"rendered":"<p>V\u00edzakna, 1889., \u2020 ? : jog\u00e1sz. \u2013 Mv.-en t\u00f6rv\u00e9nysz\u00e9ki eln\u00f6k. \u2013F\u00f6ldbirtokos csal\u00e1db\u00f3l sz\u00fcletett. P\u00e1rizsban vlgezte a jogot, azut\u00e1n az argesi t\u00f6rv\u00e9nysz\u00e9kn\u00e9l volt joggyakornok (1915), t\u00f6rv\u00e9nysz\u00e9ki alb\u00edr\u00f3 Buk.-ban (1916), Balcicban t\u00f6rv\u00e9nysz\u00e9ki b\u00edr\u00f3 (1919), M\u00e1ramarosszigeten t\u00f6rvsz\u00e9ki eln\u00f6k, t\u00e1blab\u00edr\u00f3 (1930), ilyen min\u00e9s\u00e9gben t\u00f6rv\u00e9nysz\u00e9ki eln\u00f6k Mv.-en. A Rom\u00e1n Koronarend lovagja, az Avantul Tari \u00e9s m\u00e1s h\u00e1bor\u00fas eml\u00e9k\u00e9rem tulajdonosa volt. [&hellip;]<\/p>\n","protected":false},"featured_media":0,"comment_status":"open","ping_status":"closed","template":"","meta":[],"product_brand":[],"product_cat":[137],"product_tag":[],"class_list":{"0":"post-15885","1":"product","2":"type-product","3":"status-publish","5":"product_cat-maros-megyei-eletrajzi-lexikon","7":"first","8":"instock","9":"shipping-taxable","10":"product-type-simple"},"_links":{"self":[{"href":"https:\/\/uj.adatbank.ro\/lexikon\/wp-json\/wp\/v2\/product\/15885","targetHints":{"allow":["GET"]}}],"collection":[{"href":"https:\/\/uj.adatbank.ro\/lexikon\/wp-json\/wp\/v2\/product"}],"about":[{"href":"https:\/\/uj.adatbank.ro\/lexikon\/wp-json\/wp\/v2\/types\/product"}],"replies":[{"embeddable":true,"href":"https:\/\/uj.adatbank.ro\/lexikon\/wp-json\/wp\/v2\/comments?post=15885"}],"wp:attachment":[{"href":"https:\/\/uj.adatbank.ro\/lexikon\/wp-json\/wp\/v2\/media?parent=15885"}],"wp:term":[{"taxonomy":"product_brand","embeddable":true,"href":"https:\/\/uj.adatbank.ro\/lexikon\/wp-json\/wp\/v2\/product_brand?post=15885"},{"taxonomy":"product_cat","embeddable":true,"href":"https:\/\/uj.adatbank.ro\/lexikon\/wp-json\/wp\/v2\/product_cat?post=15885"},{"taxonomy":"product_tag","embeddable":true,"href":"https:\/\/uj.adatbank.ro\/lexikon\/wp-json\/wp\/v2\/product_tag?post=15885"}],"curies":[{"name":"wp","href":"https:\/\/api.w.org\/{rel}","templated":true}]}}

<p>Vízakna, 1889., † ? : jogász. – Mv.-en törvényszéki elnök. –Földbirtokos családból született. Párizsban vlgezte a jogot, azután az argesi törvényszéknél volt joggyakornok (1915), törvényszéki albíró Buk.-ban (1916), Balcicban törvényszéki bíró (1919), Máramarosszigeten törvszéki elnök, táblabíró (1930), ilyen minéségben törvényszéki elnök Mv.-en. A Román Koronarend lovagja, az Avantul Tari és más háborús emlékérem tulajdonosa volt. Irod. : Ki kicsoda?</br></p>

<p>Vízakna, 1889., † ? : jogász. – Mv.-en törvényszéki elnök. –Földbirtokos családból született. Párizsban vlgezte a jogot, azután az argesi törvényszéknél volt joggyakornok (1915), törvényszéki albíró Buk.-ban (1916), Balcicban törvényszéki bíró (1919), Máramarosszigeten törvszéki elnök, táblabíró (1930), ilyen minéségben törvényszéki elnök Mv.-en. A Román Koronarend lovagja, az Avantul Tari és más háborús emlékérem tulajdonosa volt. [&hellip;]</p>
