{"id":15887,"date":"2025-07-15T13:50:26","date_gmt":"2025-07-15T11:50:26","guid":{"rendered":"https:\/\/uj.adatbank.ro\/lexikon\/termek\/munteanu-alexandru-%c2%a7\/"},"modified":"2025-07-15T13:50:26","modified_gmt":"2025-07-15T11:50:26","slug":"munteanu-alexandru-%c2%a7","status":"publish","type":"product","link":"https:\/\/uj.adatbank.ro\/lexikon\/termek\/munteanu-alexandru-%c2%a7\/","title":{"rendered":"MUNTEANU, Alexandru, \u00a7"},"content":{"rendered":"<p>Kerel\u0151, 1906. dec. 3., \u2020 Mv., 1991. nov. 25. : latintan\u00e1r, \u00edr\u00f3. \u2013 Elemi iskol\u00e1t a sz\u00fcl\u0151faluban, gimn\u00e1ziumot Mv.-en \u00e9s Bal\u00e1zsfalv\u00e1n (1918\u201319); azut\u00e1n \u201eSf. Vasile\u201d Lic. Bal\u00e1zsfalv\u00e1n v\u00e9gezte (1926); a kv.-i Regele Ferdinand I. Egyetem irodalom \u00e9s filoz\u00f3fia szak\u00e1n rom\u00e1n \u00e9s latintan\u00e1ri k\u00e9pes\u00edt\u00e9st nyert (1931). Mv-en az Al. Papiu Ilarian L\u00edc. tan\u00e1ra (1931\u201333), D\u00edcs\u0151szentm\u00e1rtonban az Andrei B\u00e2rseanu Vegyes K\u00f6z\u00e9piskol\u00e1ban (1933\u201337); D\u00e9v\u00e1n a \u201eDecebal\u201d L\u00edc.-ban tan\u00e1r (1937\u201338); Kv.-on az Egyetemi K\u00f6nyvt\u00e1r k\u00f6nyvt\u00e1rosa (1938); tan\u00edt\u00f3 Balktelep-J\u00f3sikafalv\u00e1n (1939\u201341), tan\u00edt\u00f3 Ludason \u00e9s tanfel\u00fcgyel\u0151 Ludas j\u00e1r\u00e1sban, Kapuson \u00e9s B\u00e1ndon (1941\u201345). Tan\u00e1r \u00e9s iskolaigazgat\u00f3 Mv. n\u00e9h\u00e1ny elemi iskol\u00e1j\u00e1ban (1945\u201356), az Al. Papiu Ilarian L\u00edc.-ban (1956\u201357, 1959\u201360), azut\u00e1n a Bolyai L\u00edc.-ban (1960\u201361), a 4-es sz K\u00f6z\u00e9piskol\u00e1ban tan\u00edtott nyugd\u00edjaz\u00e1s\u00e1ig (1961\u201368). Irodalmi tev\u00e9kenys\u00e9get m\u00e1r iskol\u00e1s \u00e9s egyetemista kor\u00e1ban folytatott, olvas\u00f3k\u00f6r\u00f6ket vezetett, irodalmi versenyeken vett r\u00e9szt \u00e9s nyert meg. Kv.-on a Hyperion c. foly\u00f3iratban k\u00f6z\u00f6lt el\u0151sz\u00f6r karcolatot: \u201eR\u0103m\u0103\u015fagul\u201d c.-mel (.Sz\u00e9lesk\u00f6r\u0171 irodalmi munk\u00e1ss\u00e1got fejtett ki, minden m\u0171fajban jelentkezett, t\u00e9m\u00e1it kora aktualit\u00e1saib\u00f3l mer\u00edtette. Mv.-en tagja volta \u201eMuresul\u201d irodalmi k\u00f6rnek (1946\u201348), majd a \u201eLiviu Rebreanu\u201d irodalmi k\u00f6r mentora volt (1957\u2013). \u00cdr\u00e1sokat k\u00f6z\u00f6lt a Curentul, Universul, Sc\u00e2nteia, Organul \u015fcoalei, Gazeta de Turda, Universul literar, Gazeta \u00eenv\u0103\u0163\u0103m\u00e2ntului, St. r. c. lapokban. \u2013 F.m. : Lumini \u015fi umbre : note literare (Tg.M, 1940); Specific rom\u00e2nesc (Blaj, 1945); <strong>antol\u00f3g.:<\/strong> Pagini mure\u015fene (Tg. M., 1980). <br \/><strong>Irod.:<\/strong> Cosma; [Nekrol\u00f3g] (N\u00fa. 1991. nov. 26.)<\/br><\/p>\n","protected":false},"excerpt":{"rendered":"<p>Kerel\u0151, 1906. dec. 3., \u2020 Mv., 1991. nov. 25. : latintan\u00e1r, \u00edr\u00f3. \u2013 Elemi iskol\u00e1t a sz\u00fcl\u0151faluban, gimn\u00e1ziumot Mv.-en \u00e9s Bal\u00e1zsfalv\u00e1n (1918\u201319); azut\u00e1n \u201eSf. Vasile\u201d Lic. Bal\u00e1zsfalv\u00e1n v\u00e9gezte (1926); a kv.-i Regele Ferdinand I. Egyetem irodalom \u00e9s filoz\u00f3fia szak\u00e1n rom\u00e1n \u00e9s latintan\u00e1ri k\u00e9pes\u00edt\u00e9st nyert (1931). Mv-en az Al. Papiu Ilarian L\u00edc. tan\u00e1ra (1931\u201333), D\u00edcs\u0151szentm\u00e1rtonban az [&hellip;]<\/p>\n","protected":false},"featured_media":0,"comment_status":"open","ping_status":"closed","template":"","meta":[],"product_brand":[],"product_cat":[137],"product_tag":[],"class_list":{"0":"post-15887","1":"product","2":"type-product","3":"status-publish","5":"product_cat-maros-megyei-eletrajzi-lexikon","7":"first","8":"instock","9":"shipping-taxable","10":"product-type-simple"},"_links":{"self":[{"href":"https:\/\/uj.adatbank.ro\/lexikon\/wp-json\/wp\/v2\/product\/15887","targetHints":{"allow":["GET"]}}],"collection":[{"href":"https:\/\/uj.adatbank.ro\/lexikon\/wp-json\/wp\/v2\/product"}],"about":[{"href":"https:\/\/uj.adatbank.ro\/lexikon\/wp-json\/wp\/v2\/types\/product"}],"replies":[{"embeddable":true,"href":"https:\/\/uj.adatbank.ro\/lexikon\/wp-json\/wp\/v2\/comments?post=15887"}],"wp:attachment":[{"href":"https:\/\/uj.adatbank.ro\/lexikon\/wp-json\/wp\/v2\/media?parent=15887"}],"wp:term":[{"taxonomy":"product_brand","embeddable":true,"href":"https:\/\/uj.adatbank.ro\/lexikon\/wp-json\/wp\/v2\/product_brand?post=15887"},{"taxonomy":"product_cat","embeddable":true,"href":"https:\/\/uj.adatbank.ro\/lexikon\/wp-json\/wp\/v2\/product_cat?post=15887"},{"taxonomy":"product_tag","embeddable":true,"href":"https:\/\/uj.adatbank.ro\/lexikon\/wp-json\/wp\/v2\/product_tag?post=15887"}],"curies":[{"name":"wp","href":"https:\/\/api.w.org\/{rel}","templated":true}]}}

<p>Kerelő, 1906. dec. 3., † Mv., 1991. nov. 25. : latintanár, író. – Elemi iskolát a szülőfaluban, gimnáziumot Mv.-en és Balázsfalván (1918–19); azután „Sf. Vasile” Lic. Balázsfalván végezte (1926); a kv.-i Regele Ferdinand I. Egyetem irodalom és filozófia szakán román és latintanári képesítést nyert (1931). Mv-en az Al. Papiu Ilarian Líc. tanára (1931–33), Dícsőszentmártonban az Andrei Bârseanu Vegyes Középiskolában (1933–37); Déván a „Decebal” Líc.-ban tanár (1937–38); Kv.-on az Egyetemi Könyvtár könyvtárosa (1938); tanító Balktelep-Jósikafalván (1939–41), tanító Ludason és tanfelügyelő Ludas járásban, Kapuson és Bándon (1941–45). Tanár és iskolaigazgató Mv. néhány elemi iskolájában (1945–56), az Al. Papiu Ilarian Líc.-ban (1956–57, 1959–60), azután a Bolyai Líc.-ban (1960–61), a 4-es sz Középiskolában tanított nyugdíjazásáig (1961–68). Irodalmi tevékenységet már iskolás és egyetemista korában folytatott, olvasóköröket vezetett, irodalmi versenyeken vett részt és nyert meg. Kv.-on a Hyperion c. folyóiratban közölt először karcolatot: „Rămăşagul” c.-mel (.Széleskörű irodalmi munkásságot fejtett ki, minden műfajban jelentkezett, témáit kora aktualitásaiból merítette. Mv.-en tagja volta „Muresul” irodalmi körnek (1946–48), majd a „Liviu Rebreanu” irodalmi kör mentora volt (1957–). Írásokat közölt a Curentul, Universul, Scânteia, Organul şcoalei, Gazeta de Turda, Universul literar, Gazeta învăţământului, St. r. c. lapokban. – F.m. : Lumini şi umbre : note literare (Tg.M, 1940); Specific românesc (Blaj, 1945); <strong>antológ.:</strong> Pagini mureşene (Tg. M., 1980). <br /><strong>Irod.:</strong> Cosma; [Nekrológ] (Nú. 1991. nov. 26.)</br></p>

<p>Kerelő, 1906. dec. 3., † Mv., 1991. nov. 25. : latintanár, író. – Elemi iskolát a szülőfaluban, gimnáziumot Mv.-en és Balázsfalván (1918–19); azután „Sf. Vasile” Lic. Balázsfalván végezte (1926); a kv.-i Regele Ferdinand I. Egyetem irodalom és filozófia szakán román és latintanári képesítést nyert (1931). Mv-en az Al. Papiu Ilarian Líc. tanára (1931–33), Dícsőszentmártonban az [&hellip;]</p>
