{"id":15891,"date":"2025-07-15T13:50:35","date_gmt":"2025-07-15T11:50:35","guid":{"rendered":"https:\/\/uj.adatbank.ro\/lexikon\/termek\/munteanu-ilie-%c2%a7-muntean-ilie\/"},"modified":"2025-07-15T13:50:35","modified_gmt":"2025-07-15T11:50:35","slug":"munteanu-ilie-%c2%a7-muntean-ilie","status":"publish","type":"product","link":"https:\/\/uj.adatbank.ro\/lexikon\/termek\/munteanu-ilie-%c2%a7-muntean-ilie\/","title":{"rendered":"MUNTEANU, Ilie, \u00a7 Muntean, Ilie"},"content":{"rendered":"<p>Hodac, 1959. febr. 29., \u2020 Mv., 1989. dec. 22. : a forradalom m\u00e1rtirja. \u2013 A mv.-i \u00c9p\u00edt\u00e9szeti iskol\u00e1ban lakatos szakm\u00e1t tanult, majd az esti l\u00edc.-ban \u00e9retts\u00e9gizett. Tiszteletbeli polg\u00e1ra Mv.-nek post mortem. Feles\u00e9ge M. Anu\u0163a (\u2020 Mv., 1991. j\u00fan. 22), k\u00e9t \u00e1rva maradt ut\u00e1nuk. Mv.-en utca viseli a nev\u00e9t. <br \/><strong>Irod.:<\/strong> Elm\u00falt jelen; Kincses; M\u00e1th\u00e9 Levente; Mv.-i \u00e1ldozatok (N\u00fa., 1990. dec. 21.); [Gy\u00e1szh\u00edr] (N\u00fa., 1991. j\u00fan. 25); N\u00fa. (1998. j\u00fan. 24); Szikszai; T\u0151k\u00e9s<\/br><\/p>\n","protected":false},"excerpt":{"rendered":"<p>Hodac, 1959. febr. 29., \u2020 Mv., 1989. dec. 22. : a forradalom m\u00e1rtirja. \u2013 A mv.-i \u00c9p\u00edt\u00e9szeti iskol\u00e1ban lakatos szakm\u00e1t tanult, majd az esti l\u00edc.-ban \u00e9retts\u00e9gizett. Tiszteletbeli polg\u00e1ra Mv.-nek post mortem. Feles\u00e9ge M. Anu\u0163a (\u2020 Mv., 1991. j\u00fan. 22), k\u00e9t \u00e1rva maradt ut\u00e1nuk. Mv.-en utca viseli a nev\u00e9t. Irod.: Elm\u00falt jelen; Kincses; M\u00e1th\u00e9 Levente; Mv.-i [&hellip;]<\/p>\n","protected":false},"featured_media":0,"comment_status":"open","ping_status":"closed","template":"","meta":[],"product_brand":[],"product_cat":[137],"product_tag":[],"class_list":{"0":"post-15891","1":"product","2":"type-product","3":"status-publish","5":"product_cat-maros-megyei-eletrajzi-lexikon","7":"first","8":"instock","9":"shipping-taxable","10":"product-type-simple"},"_links":{"self":[{"href":"https:\/\/uj.adatbank.ro\/lexikon\/wp-json\/wp\/v2\/product\/15891","targetHints":{"allow":["GET"]}}],"collection":[{"href":"https:\/\/uj.adatbank.ro\/lexikon\/wp-json\/wp\/v2\/product"}],"about":[{"href":"https:\/\/uj.adatbank.ro\/lexikon\/wp-json\/wp\/v2\/types\/product"}],"replies":[{"embeddable":true,"href":"https:\/\/uj.adatbank.ro\/lexikon\/wp-json\/wp\/v2\/comments?post=15891"}],"wp:attachment":[{"href":"https:\/\/uj.adatbank.ro\/lexikon\/wp-json\/wp\/v2\/media?parent=15891"}],"wp:term":[{"taxonomy":"product_brand","embeddable":true,"href":"https:\/\/uj.adatbank.ro\/lexikon\/wp-json\/wp\/v2\/product_brand?post=15891"},{"taxonomy":"product_cat","embeddable":true,"href":"https:\/\/uj.adatbank.ro\/lexikon\/wp-json\/wp\/v2\/product_cat?post=15891"},{"taxonomy":"product_tag","embeddable":true,"href":"https:\/\/uj.adatbank.ro\/lexikon\/wp-json\/wp\/v2\/product_tag?post=15891"}],"curies":[{"name":"wp","href":"https:\/\/api.w.org\/{rel}","templated":true}]}}