{"id":15892,"date":"2025-07-15T13:50:36","date_gmt":"2025-07-15T11:50:36","guid":{"rendered":"https:\/\/uj.adatbank.ro\/lexikon\/termek\/munteanu-ioan\/"},"modified":"2025-07-15T13:50:36","modified_gmt":"2025-07-15T11:50:36","slug":"munteanu-ioan","status":"publish","type":"product","link":"https:\/\/uj.adatbank.ro\/lexikon\/termek\/munteanu-ioan\/","title":{"rendered":"MUNTEANU, Ioan"},"content":{"rendered":"<p>? \u2020 ?: g. kat. lelk\u00e9sz. \u2013 Mez\u0151madaras lelk\u00e9sze (\u20131868-ig). R\u00e9szt vett a bal\u00e1zsfalvi egyes\u00fcl\u00e9si gy\u0171l\u00e9sen (1848. m\u00e1j. 3\u201315). Egyes\u00fcl\u00e9si \u00f3haj\u00e1t gyakran kifejtette pr\u00e9dik\u00e1ci\u00f3iban is, ami\u00e9rt Farag\u00f3 Ill\u00e9s g. kat. p\u00fcsp\u00f6k Bal\u00e1zsfalv\u00e1ra h\u00edvatta, \u00e9s megfedte (1848. aug.). A forradalom ut\u00e1n \u00faj rom\u00e1n tannyelv\u0171 iskol\u00e1t \u00e9s tan\u00edt\u00f3i lak\u00e1st \u00e9p\u00edttetett, pedig a templom is jav\u00edt\u00e1sra szorult volna (1852). Mivel az \u00e1llam nem biztos\u00edtott tan\u00edt\u00f3t, a lelk\u00e9sz javaslat\u00e1ra a tanul\u00f3k sz\u00fclei adt\u00e1k \u00f6ssze a k\u00e9t fogadott taner\u0151 fizet\u00e9s\u00e9t (1866\u2013). Amikor Vajdakut\u00e1ra akart\u00e1k \u00e1thelyezni, h\u00edvei \u00edr\u00e1sban protest\u00e1ltak Farag\u00f3 Ill\u00e9s esperesn\u00e9l \u00e9s \u015eulu\u0163iu p\u00fcsp\u00f6kn\u00e9l (1853. okt. 22.). <br \/><strong>Irod.:<\/strong> Hancu, Ana: Noi informa\u0163ii referitoare la preotul I. M. din M\u0103d\u0103ra\u015fu de C\u00e2mpie (Libraria, 2., 2003)<\/br><\/p>\n","protected":false},"excerpt":{"rendered":"<p>? \u2020 ?: g. kat. lelk\u00e9sz. \u2013 Mez\u0151madaras lelk\u00e9sze (\u20131868-ig). R\u00e9szt vett a bal\u00e1zsfalvi egyes\u00fcl\u00e9si gy\u0171l\u00e9sen (1848. m\u00e1j. 3\u201315). Egyes\u00fcl\u00e9si \u00f3haj\u00e1t gyakran kifejtette pr\u00e9dik\u00e1ci\u00f3iban is, ami\u00e9rt Farag\u00f3 Ill\u00e9s g. kat. p\u00fcsp\u00f6k Bal\u00e1zsfalv\u00e1ra h\u00edvatta, \u00e9s megfedte (1848. aug.). A forradalom ut\u00e1n \u00faj rom\u00e1n tannyelv\u0171 iskol\u00e1t \u00e9s tan\u00edt\u00f3i lak\u00e1st \u00e9p\u00edttetett, pedig a templom is jav\u00edt\u00e1sra szorult volna [&hellip;]<\/p>\n","protected":false},"featured_media":0,"comment_status":"open","ping_status":"closed","template":"","meta":[],"product_brand":[],"product_cat":[137],"product_tag":[],"class_list":{"0":"post-15892","1":"product","2":"type-product","3":"status-publish","5":"product_cat-maros-megyei-eletrajzi-lexikon","7":"first","8":"instock","9":"shipping-taxable","10":"product-type-simple"},"_links":{"self":[{"href":"https:\/\/uj.adatbank.ro\/lexikon\/wp-json\/wp\/v2\/product\/15892","targetHints":{"allow":["GET"]}}],"collection":[{"href":"https:\/\/uj.adatbank.ro\/lexikon\/wp-json\/wp\/v2\/product"}],"about":[{"href":"https:\/\/uj.adatbank.ro\/lexikon\/wp-json\/wp\/v2\/types\/product"}],"replies":[{"embeddable":true,"href":"https:\/\/uj.adatbank.ro\/lexikon\/wp-json\/wp\/v2\/comments?post=15892"}],"wp:attachment":[{"href":"https:\/\/uj.adatbank.ro\/lexikon\/wp-json\/wp\/v2\/media?parent=15892"}],"wp:term":[{"taxonomy":"product_brand","embeddable":true,"href":"https:\/\/uj.adatbank.ro\/lexikon\/wp-json\/wp\/v2\/product_brand?post=15892"},{"taxonomy":"product_cat","embeddable":true,"href":"https:\/\/uj.adatbank.ro\/lexikon\/wp-json\/wp\/v2\/product_cat?post=15892"},{"taxonomy":"product_tag","embeddable":true,"href":"https:\/\/uj.adatbank.ro\/lexikon\/wp-json\/wp\/v2\/product_tag?post=15892"}],"curies":[{"name":"wp","href":"https:\/\/api.w.org\/{rel}","templated":true}]}}

<p>? † ?: g. kat. lelkész. – Mezőmadaras lelkésze (–1868-ig). Részt vett a balázsfalvi egyesülési gyűlésen (1848. máj. 3–15). Egyesülési óhaját gyakran kifejtette prédikációiban is, amiért Faragó Illés g. kat. püspök Balázsfalvára hívatta, és megfedte (1848. aug.). A forradalom után új román tannyelvű iskolát és tanítói lakást építtetett, pedig a templom is javításra szorult volna (1852). Mivel az állam nem biztosított tanítót, a lelkész javaslatára a tanulók szülei adták össze a két fogadott tanerő fizetését (1866–). Amikor Vajdakutára akarták áthelyezni, hívei írásban protestáltak Faragó Illés esperesnél és Şuluţiu püspöknél (1853. okt. 22.). <br /><strong>Irod.:</strong> Hancu, Ana: Noi informaţii referitoare la preotul I. M. din Mădăraşu de Câmpie (Libraria, 2., 2003)</br></p>

<p>? † ?: g. kat. lelkész. – Mezőmadaras lelkésze (–1868-ig). Részt vett a balázsfalvi egyesülési gyűlésen (1848. máj. 3–15). Egyesülési óhaját gyakran kifejtette prédikációiban is, amiért Faragó Illés g. kat. püspök Balázsfalvára hívatta, és megfedte (1848. aug.). A forradalom után új román tannyelvű iskolát és tanítói lakást építtetett, pedig a templom is javításra szorult volna [&hellip;]</p>
