{"id":15893,"date":"2025-07-15T13:50:38","date_gmt":"2025-07-15T11:50:38","guid":{"rendered":"https:\/\/uj.adatbank.ro\/lexikon\/termek\/munteanu-ioan-2\/"},"modified":"2025-07-15T13:50:38","modified_gmt":"2025-07-15T11:50:38","slug":"munteanu-ioan-2","status":"publish","type":"product","link":"https:\/\/uj.adatbank.ro\/lexikon\/termek\/munteanu-ioan-2\/","title":{"rendered":"MUNTEANU, Ioan"},"content":{"rendered":"<p>? \u2020 ?: ?. \u2013 a Mv.-i Kereskedelmi \u00e9s Ipar Kamara Ideiglenes Bizotts\u00e1g\u00e1nak tagja. A Szovjet Parancsnoks\u00e1g v\u00e1rosunkb\u00f3l val\u00f3 t\u00e1voz\u00e1sakor r\u00e9szt vett a nekik (1944) \u00e1tadott ingatlan \u00e9s ing\u00f3 javak visszaszolg\u00e1ltat\u00e1s\u00e1n\u00e1l (1945. okt. 28.). <br \/><strong>Irod.:<\/strong> Nan: Camera de comer\u0163<\/br><\/p>\n","protected":false},"excerpt":{"rendered":"<p>? \u2020 ?: ?. \u2013 a Mv.-i Kereskedelmi \u00e9s Ipar Kamara Ideiglenes Bizotts\u00e1g\u00e1nak tagja. A Szovjet Parancsnoks\u00e1g v\u00e1rosunkb\u00f3l val\u00f3 t\u00e1voz\u00e1sakor r\u00e9szt vett a nekik (1944) \u00e1tadott ingatlan \u00e9s ing\u00f3 javak visszaszolg\u00e1ltat\u00e1s\u00e1n\u00e1l (1945. okt. 28.). Irod.: Nan: Camera de comer\u0163<\/p>\n","protected":false},"featured_media":0,"comment_status":"open","ping_status":"closed","template":"","meta":[],"product_brand":[],"product_cat":[137],"product_tag":[],"class_list":{"0":"post-15893","1":"product","2":"type-product","3":"status-publish","5":"product_cat-maros-megyei-eletrajzi-lexikon","7":"first","8":"instock","9":"shipping-taxable","10":"product-type-simple"},"_links":{"self":[{"href":"https:\/\/uj.adatbank.ro\/lexikon\/wp-json\/wp\/v2\/product\/15893","targetHints":{"allow":["GET"]}}],"collection":[{"href":"https:\/\/uj.adatbank.ro\/lexikon\/wp-json\/wp\/v2\/product"}],"about":[{"href":"https:\/\/uj.adatbank.ro\/lexikon\/wp-json\/wp\/v2\/types\/product"}],"replies":[{"embeddable":true,"href":"https:\/\/uj.adatbank.ro\/lexikon\/wp-json\/wp\/v2\/comments?post=15893"}],"wp:attachment":[{"href":"https:\/\/uj.adatbank.ro\/lexikon\/wp-json\/wp\/v2\/media?parent=15893"}],"wp:term":[{"taxonomy":"product_brand","embeddable":true,"href":"https:\/\/uj.adatbank.ro\/lexikon\/wp-json\/wp\/v2\/product_brand?post=15893"},{"taxonomy":"product_cat","embeddable":true,"href":"https:\/\/uj.adatbank.ro\/lexikon\/wp-json\/wp\/v2\/product_cat?post=15893"},{"taxonomy":"product_tag","embeddable":true,"href":"https:\/\/uj.adatbank.ro\/lexikon\/wp-json\/wp\/v2\/product_tag?post=15893"}],"curies":[{"name":"wp","href":"https:\/\/api.w.org\/{rel}","templated":true}]}}