{"id":15901,"date":"2025-07-15T13:50:52","date_gmt":"2025-07-15T11:50:52","guid":{"rendered":"https:\/\/uj.adatbank.ro\/lexikon\/termek\/muradin-laszlo\/"},"modified":"2025-07-15T13:50:52","modified_gmt":"2025-07-15T11:50:52","slug":"muradin-laszlo","status":"publish","type":"product","link":"https:\/\/uj.adatbank.ro\/lexikon\/termek\/muradin-laszlo\/","title":{"rendered":"MUR\u00c1DIN L\u00e1szl\u00f3"},"content":{"rendered":"<p>Harasztos, 1930. nov. 29., \u2020 ?: nyelv\u00e9sz. ~ Jen\u0151 b\u00e1tyja. K\u00f6z\u00e9piskolai tanulm\u00e1nyait a gyulafeh\u00e9rv\u00e1ri Majl\u00e1th Gimn\u00e1ziumban, a Kv.-i Piarista F\u0151gimn.-ban \u00e9s a mv.-i R. K. Gimn\u00e1zoimban \u00e9s a Bolyai L\u00edc.-ban v\u00e9gezte, a Bolyai TE \u2013en szerzett magyar nyelv \u00e9s irodalom szakos tan\u00e1ri oklevelet (1954). M\u00e9g egyetemi hallgat\u00f3 kor\u00e1ban a Magyar Nyelv\u00e9szeti Tansz\u00e9k gyakornoka, majd ugyanitt tan\u00e1rseg\u00e9d. 1958-t\u00f3l a Rom\u00e1n Akad\u00e9mia kolozsv\u00e1ri Nyelvtudom\u00e1nyi \u00e9s Irodalomt\u00f6rt\u00e9neti Int\u00e9zet\u00e9nek tudom\u00e1nyos munkat\u00e1rsa, 1964-t\u0151l f\u0151kutat\u00f3. Az akad\u00e9mia nyelvtudom\u00e1nyi int\u00e9zet\u00e9ben 1968 \u00f3ta az egyetlen rom\u00e1niai nyelv\u00e9szeti \u00e9s irodalomt\u00f6rt\u00e9neti szakfoly\u00f3irat, a Nyelv- \u00e9s Irodalomtudom\u00e1nyi K\u00f6zlem\u00e9nyek szerkeszt\u0151je. Kutat\u00e1si ter\u00fclete a magyar nyelvj\u00e1r\u00e1stan, a rom\u00e1niai magyar nyelvj\u00e1r\u00e1sok nyelvf\u00f6ldrajzi vonatkoz\u00e1sai. R\u00e9szt vett a keleti sz\u00e9kely, moldvai cs\u00e1ng\u00f3 \u00e9s aranyossz\u00e9ki t\u00e1jnyelvi atlaszok adatgy\u0171jt\u0151 munk\u00e1j\u00e1ban, A mintegy 3400 c\u00edmszavas k\u00e9rd\u0151f\u00fczettel v\u00e9gzett, 136 falura kiterjed\u0151 \u00e1ltal\u00e1nos nagyatlasz, a Rom\u00e1niai Magyar Nyelvj\u00e1r\u00e1sok Atlasza nyelvf\u00f6ldrajzi adatainak gy\u0171jt\u0151je, a m\u0171 szerkeszt\u0151je. Szaktanulm\u00e1nyai \u00e1ltal\u00e1ban e t\u00e9m\u00e1hoz kapcsol\u00f3dnak, s az atlasz adataira \u00e9p\u00fclnek a NyIrK has\u00e1bjain megjelent tanulm\u00e1nyai. Munkat\u00e1rsa az Eur\u00f3pai Nyelvatlasznak (Atlas linguarum Europae), gy\u0171jt\u0151je az atlasz rom\u00e1niai magyar kutat\u00f3pontjai anyag\u00e1nak. Tagja a rom\u00e1n akad\u00e9miai nagysz\u00f3t\u00e1r (Dic\u0163ionarul Limbii Rom\u00e2ne) etimol\u00f3giai bizotts\u00e1g\u00e1nak. Szaktanulm\u00e1nyait k\u00f6zli a debreceni Magyar Nyelvj\u00e1r\u00e1sok \u00e9s a budapesti Nyelv\u0151r is. Nyelvj\u00e1r\u00e1stani munk\u00e1ss\u00e1g\u00e1\u00e9rt a Magyar Nyelvtudom\u00e1nyi T\u00e1rsas\u00e1g Cs\u0171ry B\u00e1lint-eml\u00e9k\u00e9remmel t\u00fcntette ki. A nemzetis\u00e9gi \u00e9let ig\u00e9nyei szempontj\u00e1b\u00f3l jelent\u0151s nyelvm\u0171vel\u0151, nyelvi ismereteket terjeszt\u0151 tev\u00e9kenys\u00e9ge is a rom\u00e1niai magyar sajt\u00f3ban. Ilyen t\u00e1rgy\u00fa \u00edr\u00e1sait k\u00f6z\u00f6lte az El\u0151re, A H\u00e9t, Utunk, M\u0171vel\u0151d\u00e9s, Dolgoz\u00f3 N\u0151; \u00e1lland\u00f3 nyelvm\u0171vel\u0151 rovatot tartott a kolozsv\u00e1ri Igazs\u00e1g \u00e9s a marosv\u00e1s\u00e1rhelyi \u00daj \u00c9let has\u00e1bjain. T\u00e1rsszerkeszt\u0151je az Anyanyelv\u00fcnk m\u0171vel\u00e9se c. kiadv\u00e1nynak (1975), v\u00e1logat\u00e1s\u00e1ban \u00e9s jegyzeteivel jelentek meg Kosztol\u00e1nyi Dezs\u0151 nyelvm\u0171vel\u0151 \u00edr\u00e1sai Gondolatok a nyelvr\u0151l c\u00edmen (1977, T\u00e9ka), egyik szerz\u0151je a Korunk F\u00fczetek Nevek t\u00e9rben \u00e9s id\u0151ben c. n\u00e9vtudom\u00e1nyi sz\u00e1m\u00e1nak (1984). 1989 decembere \u00f3ta a Szabads\u00e1g, Falvak N\u00e9pe, Erd\u00e9lyi Figyel\u0151 nyelvm\u0171vel\u0151 munkat\u00e1rsa.- <strong>F. m.:<\/strong> Szavak titka (Kv., 1977); Szavak sz\u00ednev\u00e1ltoz\u00e1sa (S\u00fct\u0151 Andr\u00e1s bevezet\u0151j\u00e9vel; Kv., 1983), T\u00e1rsadalom \u00e9s iskola. Cikkek, tanulm\u00e1nyok.( P. Dombi Erzs\u00e9bet el\u0151szav\u00e1val, Buk., 1983);.A hely, ahol \u00e9l\u00fcnk: Barangol\u00e1sok Erd\u00e9ly helynevei k\u00f6z\u00f6tt (Sz\u00e9kelyudvarhely, 1998); <strong>t\u00e1rssz.:<\/strong> Nyelv\u00e9szeti tanulm\u00e1nyok. Szerkesztette s az el\u0151sz\u00f3t \u00edrta. Teiszler P\u00e1l; Buk., 1980), Nevek t\u00e9rben \u00e9s id\u0151ben (Buk., 1984), <strong>szerk.:<\/strong> Anyanyelv\u00fcnk m\u0171vel\u00e9se (G\u00e1lffy M\u00f3zessel; Buk., 1975); Kosztol\u00e1nyi Dezs\u0151: Gondolatok a nyelvr\u0151l (Buk., 1977, T\u00e9ka). <br \/><strong>Irod.:<\/strong> F\u00fcl\u00f6p; Mv.-i R.K.okt.; R\u00e9thy\u2013\u00dajv\u00e1ri\u2013V\u00e1czi; RMIL<\/br><\/p>\n","protected":false},"excerpt":{"rendered":"<p>Harasztos, 1930. nov. 29., \u2020 ?: nyelv\u00e9sz. ~ Jen\u0151 b\u00e1tyja. K\u00f6z\u00e9piskolai tanulm\u00e1nyait a gyulafeh\u00e9rv\u00e1ri Majl\u00e1th Gimn\u00e1ziumban, a Kv.-i Piarista F\u0151gimn.-ban \u00e9s a mv.-i R. K. Gimn\u00e1zoimban \u00e9s a Bolyai L\u00edc.-ban v\u00e9gezte, a Bolyai TE \u2013en szerzett magyar nyelv \u00e9s irodalom szakos tan\u00e1ri oklevelet (1954). M\u00e9g egyetemi hallgat\u00f3 kor\u00e1ban a Magyar Nyelv\u00e9szeti Tansz\u00e9k gyakornoka, majd ugyanitt [&hellip;]<\/p>\n","protected":false},"featured_media":0,"comment_status":"open","ping_status":"closed","template":"","meta":[],"product_brand":[],"product_cat":[137],"product_tag":[],"class_list":{"0":"post-15901","1":"product","2":"type-product","3":"status-publish","5":"product_cat-maros-megyei-eletrajzi-lexikon","7":"first","8":"instock","9":"shipping-taxable","10":"product-type-simple"},"_links":{"self":[{"href":"https:\/\/uj.adatbank.ro\/lexikon\/wp-json\/wp\/v2\/product\/15901","targetHints":{"allow":["GET"]}}],"collection":[{"href":"https:\/\/uj.adatbank.ro\/lexikon\/wp-json\/wp\/v2\/product"}],"about":[{"href":"https:\/\/uj.adatbank.ro\/lexikon\/wp-json\/wp\/v2\/types\/product"}],"replies":[{"embeddable":true,"href":"https:\/\/uj.adatbank.ro\/lexikon\/wp-json\/wp\/v2\/comments?post=15901"}],"wp:attachment":[{"href":"https:\/\/uj.adatbank.ro\/lexikon\/wp-json\/wp\/v2\/media?parent=15901"}],"wp:term":[{"taxonomy":"product_brand","embeddable":true,"href":"https:\/\/uj.adatbank.ro\/lexikon\/wp-json\/wp\/v2\/product_brand?post=15901"},{"taxonomy":"product_cat","embeddable":true,"href":"https:\/\/uj.adatbank.ro\/lexikon\/wp-json\/wp\/v2\/product_cat?post=15901"},{"taxonomy":"product_tag","embeddable":true,"href":"https:\/\/uj.adatbank.ro\/lexikon\/wp-json\/wp\/v2\/product_tag?post=15901"}],"curies":[{"name":"wp","href":"https:\/\/api.w.org\/{rel}","templated":true}]}}

MURÁDIN László

<p>Harasztos, 1930. nov. 29., † ?: nyelvész. ~ Jenő bátyja. Középiskolai tanulmányait a gyulafehérvári Majláth Gimnáziumban, a Kv.-i Piarista Főgimn.-ban és a mv.-i R. K. Gimnázoimban és a Bolyai Líc.-ban végezte, a Bolyai TE –en szerzett magyar nyelv és irodalom szakos tanári oklevelet (1954). Még egyetemi hallgató korában a Magyar Nyelvészeti Tanszék gyakornoka, majd ugyanitt tanársegéd. 1958-tól a Román Akadémia kolozsvári Nyelvtudományi és Irodalomtörténeti Intézetének tudományos munkatársa, 1964-től főkutató. Az akadémia nyelvtudományi intézetében 1968 óta az egyetlen romániai nyelvészeti és irodalomtörténeti szakfolyóirat, a Nyelv- és Irodalomtudományi Közlemények szerkesztője. Kutatási területe a magyar nyelvjárástan, a romániai magyar nyelvjárások nyelvföldrajzi vonatkozásai. Részt vett a keleti székely, moldvai csángó és aranyosszéki tájnyelvi atlaszok adatgyűjtő munkájában, A mintegy 3400 címszavas kérdőfüzettel végzett, 136 falura kiterjedő általános nagyatlasz, a Romániai Magyar Nyelvjárások Atlasza nyelvföldrajzi adatainak gyűjtője, a mű szerkesztője. Szaktanulmányai általában e témához kapcsolódnak, s az atlasz adataira épülnek a NyIrK hasábjain megjelent tanulmányai. Munkatársa az Európai Nyelvatlasznak (Atlas linguarum Europae), gyűjtője az atlasz romániai magyar kutatópontjai anyagának. Tagja a román akadémiai nagyszótár (Dicţionarul Limbii Române) etimológiai bizottságának. Szaktanulmányait közli a debreceni Magyar Nyelvjárások és a budapesti Nyelvőr is. Nyelvjárástani munkásságáért a Magyar Nyelvtudományi Társaság Csűry Bálint-emlékéremmel tüntette ki. A nemzetiségi élet igényei szempontjából jelentős nyelvművelő, nyelvi ismereteket terjesztő tevékenysége is a romániai magyar sajtóban. Ilyen tárgyú írásait közölte az Előre, A Hét, Utunk, Művelődés, Dolgozó Nő; állandó nyelvművelő rovatot tartott a kolozsvári Igazság és a marosvásárhelyi Új Élet hasábjain. Társszerkesztője az Anyanyelvünk művelése c. kiadványnak (1975), válogatásában és jegyzeteivel jelentek meg Kosztolányi Dezső nyelvművelő írásai Gondolatok a nyelvről címen (1977, Téka), egyik szerzője a Korunk Füzetek Nevek térben és időben c. névtudományi számának (1984). 1989 decembere óta a Szabadság, Falvak Népe, Erdélyi Figyelő nyelvművelő munkatársa.- <strong>F. m.:</strong> Szavak titka (Kv., 1977); Szavak színeváltozása (Sütő András bevezetőjével; Kv., 1983), Társadalom és iskola. Cikkek, tanulmányok.( P. Dombi Erzsébet előszavával, Buk., 1983);.A hely, ahol élünk: Barangolások Erdély helynevei között (Székelyudvarhely, 1998); <strong>társsz.:</strong> Nyelvészeti tanulmányok. Szerkesztette s az előszót írta. Teiszler Pál; Buk., 1980), Nevek térben és időben (Buk., 1984), <strong>szerk.:</strong> Anyanyelvünk művelése (Gálffy Mózessel; Buk., 1975); Kosztolányi Dezső: Gondolatok a nyelvről (Buk., 1977, Téka). <br /><strong>Irod.:</strong> Fülöp; Mv.-i R.K.okt.; Réthy–Újvári–Váczi; RMIL</br></p>

<p>Harasztos, 1930. nov. 29., † ?: nyelvész. ~ Jenő bátyja. Középiskolai tanulmányait a gyulafehérvári Majláth Gimnáziumban, a Kv.-i Piarista Főgimn.-ban és a mv.-i R. K. Gimnázoimban és a Bolyai Líc.-ban végezte, a Bolyai TE –en szerzett magyar nyelv és irodalom szakos tanári oklevelet (1954). Még egyetemi hallgató korában a Magyar Nyelvészeti Tanszék gyakornoka, majd ugyanitt [&hellip;]</p>
