{"id":15911,"date":"2025-07-15T13:51:14","date_gmt":"2025-07-15T11:51:14","guid":{"rendered":"https:\/\/uj.adatbank.ro\/lexikon\/termek\/muresan-dumitru\/"},"modified":"2025-07-15T13:51:14","modified_gmt":"2025-07-15T11:51:14","slug":"muresan-dumitru","status":"publish","type":"product","link":"https:\/\/uj.adatbank.ro\/lexikon\/termek\/muresan-dumitru\/","title":{"rendered":"MURE\u015eAN, Dumitru"},"content":{"rendered":"<p>Vidr\u00e1tszeg, 1924., \u2020 1993.: agr\u00e1rm\u00e9rn\u00f6k. \u2013 A k\u00f6z\u00e9piskol\u00e1t Iasiban \u00e9s Gyulafeh\u00e9rv\u00e1ron az egyetemet Kv.-on v\u00e9gezte\u00a0; doktor\u00e1lt (1972). Szakos\u00edt\u00e1son Olaszo.-ban volt (1965\u201366). Prod\u00e9k\u00e1n a kv.-i Agr\u00e1rtudom\u00e1nyi Egyetemen (1953\u201356\u00a0; 1957\u201359, 1976\u201381\u00a0; 1985\u201389), d\u00e9k\u00e1n (1984\u201385). <br \/><strong>Irod.:<\/strong> Concep\u0163ia economic\u0103 a lui \u015etefan Zeletin (Buc., 1975); Imbun\u0103t\u0103\u0163iri funciare (Buc., 1970, 1976, 1980); <strong>t\u00e1rssz.:<\/strong> Az \u00f6nt\u00f6z\u00e9s gyakorlata (Buk., 1973); Doctrine economice contemporane (Buc., 1986), Iriga\u0163ii desec\u0103ri \u015fi combaterea eroziunii solului (Buc., 1992). \u2013 Irod. : Clujeni ai sec. 20<\/br><\/p>\n","protected":false},"excerpt":{"rendered":"<p>Vidr\u00e1tszeg, 1924., \u2020 1993.: agr\u00e1rm\u00e9rn\u00f6k. \u2013 A k\u00f6z\u00e9piskol\u00e1t Iasiban \u00e9s Gyulafeh\u00e9rv\u00e1ron az egyetemet Kv.-on v\u00e9gezte\u00a0; doktor\u00e1lt (1972). Szakos\u00edt\u00e1son Olaszo.-ban volt (1965\u201366). Prod\u00e9k\u00e1n a kv.-i Agr\u00e1rtudom\u00e1nyi Egyetemen (1953\u201356\u00a0; 1957\u201359, 1976\u201381\u00a0; 1985\u201389), d\u00e9k\u00e1n (1984\u201385). Irod.: Concep\u0163ia economic\u0103 a lui \u015etefan Zeletin (Buc., 1975); Imbun\u0103t\u0103\u0163iri funciare (Buc., 1970, 1976, 1980); t\u00e1rssz.: Az \u00f6nt\u00f6z\u00e9s gyakorlata (Buk., 1973); Doctrine economice [&hellip;]<\/p>\n","protected":false},"featured_media":0,"comment_status":"open","ping_status":"closed","template":"","meta":[],"product_brand":[],"product_cat":[137],"product_tag":[],"class_list":{"0":"post-15911","1":"product","2":"type-product","3":"status-publish","5":"product_cat-maros-megyei-eletrajzi-lexikon","7":"first","8":"instock","9":"shipping-taxable","10":"product-type-simple"},"_links":{"self":[{"href":"https:\/\/uj.adatbank.ro\/lexikon\/wp-json\/wp\/v2\/product\/15911","targetHints":{"allow":["GET"]}}],"collection":[{"href":"https:\/\/uj.adatbank.ro\/lexikon\/wp-json\/wp\/v2\/product"}],"about":[{"href":"https:\/\/uj.adatbank.ro\/lexikon\/wp-json\/wp\/v2\/types\/product"}],"replies":[{"embeddable":true,"href":"https:\/\/uj.adatbank.ro\/lexikon\/wp-json\/wp\/v2\/comments?post=15911"}],"wp:attachment":[{"href":"https:\/\/uj.adatbank.ro\/lexikon\/wp-json\/wp\/v2\/media?parent=15911"}],"wp:term":[{"taxonomy":"product_brand","embeddable":true,"href":"https:\/\/uj.adatbank.ro\/lexikon\/wp-json\/wp\/v2\/product_brand?post=15911"},{"taxonomy":"product_cat","embeddable":true,"href":"https:\/\/uj.adatbank.ro\/lexikon\/wp-json\/wp\/v2\/product_cat?post=15911"},{"taxonomy":"product_tag","embeddable":true,"href":"https:\/\/uj.adatbank.ro\/lexikon\/wp-json\/wp\/v2\/product_tag?post=15911"}],"curies":[{"name":"wp","href":"https:\/\/api.w.org\/{rel}","templated":true}]}}