{"id":15915,"date":"2025-07-15T13:51:21","date_gmt":"2025-07-15T11:51:21","guid":{"rendered":"https:\/\/uj.adatbank.ro\/lexikon\/termek\/muresan-ion-%c2%a7-muresan-ioan-voros-roka\/"},"modified":"2025-07-15T13:51:21","modified_gmt":"2025-07-15T11:51:21","slug":"muresan-ion-%c2%a7-muresan-ioan-voros-roka","status":"publish","type":"product","link":"https:\/\/uj.adatbank.ro\/lexikon\/termek\/muresan-ion-%c2%a7-muresan-ioan-voros-roka\/","title":{"rendered":"MURE\u015eAN, Ion, \u00a7 Mure\u015fan, Ioan, V\u00f6r\u00f6s R\u00f3ka"},"content":{"rendered":"<p>1944. \u2020\u00a0Mv., 1991. febr. 24. Eltemett\u00e9k Unirea-n (Feh\u00e9r): sportol\u00f3, labdar\u00fag\u00f3. \u2013 Az ASA csapat\u00e1ban j\u00e1tszott, kiv\u00e1l\u00f3 csat\u00e1r, j\u00f3 fizikai adotts\u00e1gokkal rendelkez\u0151 j\u00e1t\u00e9kos volt. <br \/><strong>Irod.:<\/strong> [Nekrol\u00f3g] (N\u00fa., 1991. febr. 27.); Szucher<\/br><\/p>\n","protected":false},"excerpt":{"rendered":"<p>1944. \u2020\u00a0Mv., 1991. febr. 24. Eltemett\u00e9k Unirea-n (Feh\u00e9r): sportol\u00f3, labdar\u00fag\u00f3. \u2013 Az ASA csapat\u00e1ban j\u00e1tszott, kiv\u00e1l\u00f3 csat\u00e1r, j\u00f3 fizikai adotts\u00e1gokkal rendelkez\u0151 j\u00e1t\u00e9kos volt. Irod.: [Nekrol\u00f3g] (N\u00fa., 1991. febr. 27.); Szucher<\/p>\n","protected":false},"featured_media":0,"comment_status":"open","ping_status":"closed","template":"","meta":[],"product_brand":[],"product_cat":[137],"product_tag":[],"class_list":{"0":"post-15915","1":"product","2":"type-product","3":"status-publish","5":"product_cat-maros-megyei-eletrajzi-lexikon","7":"first","8":"instock","9":"shipping-taxable","10":"product-type-simple"},"_links":{"self":[{"href":"https:\/\/uj.adatbank.ro\/lexikon\/wp-json\/wp\/v2\/product\/15915","targetHints":{"allow":["GET"]}}],"collection":[{"href":"https:\/\/uj.adatbank.ro\/lexikon\/wp-json\/wp\/v2\/product"}],"about":[{"href":"https:\/\/uj.adatbank.ro\/lexikon\/wp-json\/wp\/v2\/types\/product"}],"replies":[{"embeddable":true,"href":"https:\/\/uj.adatbank.ro\/lexikon\/wp-json\/wp\/v2\/comments?post=15915"}],"wp:attachment":[{"href":"https:\/\/uj.adatbank.ro\/lexikon\/wp-json\/wp\/v2\/media?parent=15915"}],"wp:term":[{"taxonomy":"product_brand","embeddable":true,"href":"https:\/\/uj.adatbank.ro\/lexikon\/wp-json\/wp\/v2\/product_brand?post=15915"},{"taxonomy":"product_cat","embeddable":true,"href":"https:\/\/uj.adatbank.ro\/lexikon\/wp-json\/wp\/v2\/product_cat?post=15915"},{"taxonomy":"product_tag","embeddable":true,"href":"https:\/\/uj.adatbank.ro\/lexikon\/wp-json\/wp\/v2\/product_tag?post=15915"}],"curies":[{"name":"wp","href":"https:\/\/api.w.org\/{rel}","templated":true}]}}