{"id":15918,"date":"2025-07-15T13:51:28","date_gmt":"2025-07-15T11:51:28","guid":{"rendered":"https:\/\/uj.adatbank.ro\/lexikon\/termek\/muresan-nicolae\/"},"modified":"2025-07-15T13:51:28","modified_gmt":"2025-07-15T11:51:28","slug":"muresan-nicolae","status":"publish","type":"product","link":"https:\/\/uj.adatbank.ro\/lexikon\/termek\/muresan-nicolae\/","title":{"rendered":"MURE\u015eAN, Nicolae"},"content":{"rendered":"<p>? \u2020\u00a0? : forradalm\u00e1r.- A marosszentgy\u00f6rgyi Simion Mure\u015fan ort. lelk\u00e9sz fia volt, a faluban szolg\u00e1lt (1794\u20131810 k.). A fiatal Muresan, tribunk\u00e9nt, Avram Iancu mellett harcolt az 1848-as harcokban. Alprefekus lett \u00e9s Avram Iancu katonai f\u0151hadisz\u00e1ll\u00e1s\u00e1nak megszervez\u0151je volt. R\u00e9szt vett, m\u00e1s vezet\u0151kkel egy\u00fctt, Mihelenyen (Hunyad) a Ioan Drago\u015f bp.-i parlamenti k\u00e9pvisel\u0151vel, Kossuth kolabor\u00e1ns\u00e1val, tartott tal\u00e1lkoz\u00e1son (1849. \u00e1pr. 26.), amelyen \u00e1tvett\u00e9k a rom\u00e1n Avram Iancu vezette forradalm\u00e1rokkal val\u00f3 egy\u00fcttm\u0171k\u0151d\u00e9sre \u00e9s sz\u00f6vets\u00e9gre tett aj\u00e1nl\u00f3 levelet. Nem sokkal ezut\u00e1n \u00fajb\u00f3l tal\u00e1lkoztak ugyanott \u00e9s ugyancsak Ioan Drago\u015f-sal, aki Kossuth debreceni ki\u00e1ltv\u00e1ny\u00e1t hozta el, aki fegyversz\u00fcnet keret\u00e9ben, a rom\u00e1n forradalm\u00e1rok fegyverlet\u00e9tel\u00e9t javasolta (1849. m\u00e1j. 3.). Mihelenyb\u0151l midannyian Abrudb\u00e1ny\u00e1ra mentek, ahol egy gy\u0171l\u00e9sen kimondt\u00e1k a b\u00e9k\u00e9t a m. forradalm\u00e1rokkal, majd Top\u00e1nfalv\u00e1n (Feh\u00e9r) m\u00e9g folytatt\u00e1k a t\u00e1rgyal\u00e1sokat (1849. m\u00e1j. 5.). Abrudb\u00e1ny\u00e1n a k\u00f6v. napon egy m\u00e1sik gy\u0171l\u00e9st tartottak Drago\u015f k\u00e9pvisel\u0151vel (m\u00e1j. 6.). A t\u00e1rgyal\u00e1sok ideje alatt a Hatvani vezette m. sereg be\u00f6z\u00f6nl\u00f6tt a v\u00e1rosba, \u00e9s megt\u00e1madta a v\u00e9dtelen rom\u00e1n lakoss\u00e1got, Vasile Moldov\u00e1nt \u00e9s az alprefekus N.M.-t bez\u00e1rt\u00e1k, de \u00e9jszaka siker\u00fclt megsz\u00f6knie. K\u00e9s\u0151bb m\u00e9g \u0151 vezette a Iancu \u00e1ltal Tord\u00e1ra k\u00fcld\u00f6tt rom\u00e1n deleg\u00e1ci\u00f3t (1849. aug. 19.). Megbetegedett, nem ismert tov\u00e1bbi tev\u00e9kenys\u00e9ge. <br \/><strong>Irod.:<\/strong> Opri\u015f 1999; S\u00e2ngeorgiu de Mure\u015f; Transilvania 1848\u201349<\/br><\/p>\n","protected":false},"excerpt":{"rendered":"<p>? \u2020\u00a0? : forradalm\u00e1r.- A marosszentgy\u00f6rgyi Simion Mure\u015fan ort. lelk\u00e9sz fia volt, a faluban szolg\u00e1lt (1794\u20131810 k.). A fiatal Muresan, tribunk\u00e9nt, Avram Iancu mellett harcolt az 1848-as harcokban. Alprefekus lett \u00e9s Avram Iancu katonai f\u0151hadisz\u00e1ll\u00e1s\u00e1nak megszervez\u0151je volt. R\u00e9szt vett, m\u00e1s vezet\u0151kkel egy\u00fctt, Mihelenyen (Hunyad) a Ioan Drago\u015f bp.-i parlamenti k\u00e9pvisel\u0151vel, Kossuth kolabor\u00e1ns\u00e1val, tartott tal\u00e1lkoz\u00e1son (1849. [&hellip;]<\/p>\n","protected":false},"featured_media":0,"comment_status":"open","ping_status":"closed","template":"","meta":[],"product_brand":[],"product_cat":[137],"product_tag":[],"class_list":{"0":"post-15918","1":"product","2":"type-product","3":"status-publish","5":"product_cat-maros-megyei-eletrajzi-lexikon","7":"first","8":"instock","9":"shipping-taxable","10":"product-type-simple"},"_links":{"self":[{"href":"https:\/\/uj.adatbank.ro\/lexikon\/wp-json\/wp\/v2\/product\/15918","targetHints":{"allow":["GET"]}}],"collection":[{"href":"https:\/\/uj.adatbank.ro\/lexikon\/wp-json\/wp\/v2\/product"}],"about":[{"href":"https:\/\/uj.adatbank.ro\/lexikon\/wp-json\/wp\/v2\/types\/product"}],"replies":[{"embeddable":true,"href":"https:\/\/uj.adatbank.ro\/lexikon\/wp-json\/wp\/v2\/comments?post=15918"}],"wp:attachment":[{"href":"https:\/\/uj.adatbank.ro\/lexikon\/wp-json\/wp\/v2\/media?parent=15918"}],"wp:term":[{"taxonomy":"product_brand","embeddable":true,"href":"https:\/\/uj.adatbank.ro\/lexikon\/wp-json\/wp\/v2\/product_brand?post=15918"},{"taxonomy":"product_cat","embeddable":true,"href":"https:\/\/uj.adatbank.ro\/lexikon\/wp-json\/wp\/v2\/product_cat?post=15918"},{"taxonomy":"product_tag","embeddable":true,"href":"https:\/\/uj.adatbank.ro\/lexikon\/wp-json\/wp\/v2\/product_tag?post=15918"}],"curies":[{"name":"wp","href":"https:\/\/api.w.org\/{rel}","templated":true}]}}

MUREŞAN, Nicolae

<p>? † ? : forradalmár.- A marosszentgyörgyi Simion Mureşan ort. lelkész fia volt, a faluban szolgált (1794–1810 k.). A fiatal Muresan, tribunként, Avram Iancu mellett harcolt az 1848-as harcokban. Alprefekus lett és Avram Iancu katonai főhadiszállásának megszervezője volt. Részt vett, más vezetőkkel együtt, Mihelenyen (Hunyad) a Ioan Dragoş bp.-i parlamenti képviselővel, Kossuth kolaboránsával, tartott találkozáson (1849. ápr. 26.), amelyen átvették a román Avram Iancu vezette forradalmárokkal való együttműkődésre és szövetségre tett ajánló levelet. Nem sokkal ezután újból találkoztak ugyanott és ugyancsak Ioan Dragoş-sal, aki Kossuth debreceni kiáltványát hozta el, aki fegyverszünet keretében, a román forradalmárok fegyverletételét javasolta (1849. máj. 3.). Mihelenyből midannyian Abrudbányára mentek, ahol egy gyűlésen kimondták a békét a m. forradalmárokkal, majd Topánfalván (Fehér) még folytatták a tárgyalásokat (1849. máj. 5.). Abrudbányán a köv. napon egy másik gyűlést tartottak Dragoş képviselővel (máj. 6.). A tárgyalások ideje alatt a Hatvani vezette m. sereg beözönlött a városba, és megtámadta a védtelen román lakosságot, Vasile Moldovánt és az alprefekus N.M.-t bezárták, de éjszaka sikerült megszöknie. Később még ő vezette a Iancu által Tordára küldött román delegációt (1849. aug. 19.). Megbetegedett, nem ismert további tevékenysége. <br /><strong>Irod.:</strong> Opriş 1999; Sângeorgiu de Mureş; Transilvania 1848–49</br></p>

<p>? † ? : forradalmár.- A marosszentgyörgyi Simion Mureşan ort. lelkész fia volt, a faluban szolgált (1794–1810 k.). A fiatal Muresan, tribunként, Avram Iancu mellett harcolt az 1848-as harcokban. Alprefekus lett és Avram Iancu katonai főhadiszállásának megszervezője volt. Részt vett, más vezetőkkel együtt, Mihelenyen (Hunyad) a Ioan Dragoş bp.-i parlamenti képviselővel, Kossuth kolaboránsával, tartott találkozáson (1849. [&hellip;]</p>
