{"id":15921,"date":"2025-07-15T13:51:34","date_gmt":"2025-07-15T11:51:34","guid":{"rendered":"https:\/\/uj.adatbank.ro\/lexikon\/termek\/muresan-septimiu\/"},"modified":"2025-07-15T13:51:34","modified_gmt":"2025-07-15T11:51:34","slug":"muresan-septimiu","status":"publish","type":"product","link":"https:\/\/uj.adatbank.ro\/lexikon\/termek\/muresan-septimiu\/","title":{"rendered":"MURE\u015eAN, Septimiu"},"content":{"rendered":"<p>? \u2020\u00a0?: k\u00f6zigazgat\u00e1si f\u0151fel\u00fcgyel\u0151; prefektus. \u2013 Maros megye prefektusa (1923. \u00e1pr. 4.-j\u00fal. 26.). B\u0171nv\u00e1di elj\u00e1r\u00e1st ind\u00edtott Marthy Ferenc volt polg\u00e1rmester ellen (1923). Elt\u00e1vol\u00edtatta a Kult\u00farpalot\u00e1b\u00f3l a Bocskai, Bethlen G\u00e1bor, Kossuth \u00e9s De\u00e1k Ferencet \u00e1br\u00e1zol\u00f3 ablakokat (1923). Kv.-ra helyezt\u00e9k. <br \/><strong>Irod.:<\/strong> GOJM (nr. 2, 1923. apr. 30); Id\u0151t\u00e1r 3.<\/br><\/p>\n","protected":false},"excerpt":{"rendered":"<p>? \u2020\u00a0?: k\u00f6zigazgat\u00e1si f\u0151fel\u00fcgyel\u0151; prefektus. \u2013 Maros megye prefektusa (1923. \u00e1pr. 4.-j\u00fal. 26.). B\u0171nv\u00e1di elj\u00e1r\u00e1st ind\u00edtott Marthy Ferenc volt polg\u00e1rmester ellen (1923). Elt\u00e1vol\u00edtatta a Kult\u00farpalot\u00e1b\u00f3l a Bocskai, Bethlen G\u00e1bor, Kossuth \u00e9s De\u00e1k Ferencet \u00e1br\u00e1zol\u00f3 ablakokat (1923). Kv.-ra helyezt\u00e9k. Irod.: GOJM (nr. 2, 1923. apr. 30); Id\u0151t\u00e1r 3.<\/p>\n","protected":false},"featured_media":0,"comment_status":"open","ping_status":"closed","template":"","meta":[],"product_brand":[],"product_cat":[137],"product_tag":[],"class_list":{"0":"post-15921","1":"product","2":"type-product","3":"status-publish","5":"product_cat-maros-megyei-eletrajzi-lexikon","7":"first","8":"instock","9":"shipping-taxable","10":"product-type-simple"},"_links":{"self":[{"href":"https:\/\/uj.adatbank.ro\/lexikon\/wp-json\/wp\/v2\/product\/15921","targetHints":{"allow":["GET"]}}],"collection":[{"href":"https:\/\/uj.adatbank.ro\/lexikon\/wp-json\/wp\/v2\/product"}],"about":[{"href":"https:\/\/uj.adatbank.ro\/lexikon\/wp-json\/wp\/v2\/types\/product"}],"replies":[{"embeddable":true,"href":"https:\/\/uj.adatbank.ro\/lexikon\/wp-json\/wp\/v2\/comments?post=15921"}],"wp:attachment":[{"href":"https:\/\/uj.adatbank.ro\/lexikon\/wp-json\/wp\/v2\/media?parent=15921"}],"wp:term":[{"taxonomy":"product_brand","embeddable":true,"href":"https:\/\/uj.adatbank.ro\/lexikon\/wp-json\/wp\/v2\/product_brand?post=15921"},{"taxonomy":"product_cat","embeddable":true,"href":"https:\/\/uj.adatbank.ro\/lexikon\/wp-json\/wp\/v2\/product_cat?post=15921"},{"taxonomy":"product_tag","embeddable":true,"href":"https:\/\/uj.adatbank.ro\/lexikon\/wp-json\/wp\/v2\/product_tag?post=15921"}],"curies":[{"name":"wp","href":"https:\/\/api.w.org\/{rel}","templated":true}]}}