{"id":15922,"date":"2025-07-15T13:51:36","date_gmt":"2025-07-15T11:51:36","guid":{"rendered":"https:\/\/uj.adatbank.ro\/lexikon\/termek\/muresan-vasile\/"},"modified":"2025-07-15T13:51:36","modified_gmt":"2025-07-15T11:51:36","slug":"muresan-vasile","status":"publish","type":"product","link":"https:\/\/uj.adatbank.ro\/lexikon\/termek\/muresan-vasile\/","title":{"rendered":"MURE\u015eAN, Vasile"},"content":{"rendered":"<p>Monosfalu, ?, \u2020 D\u00e9da, 2008. jan. 30.: tan\u00e1r. \u2013 Naszodon v\u00e9gzett tan\u00edt\u00f3k\u00e9pz\u0151t. Marosfelfaluban kezdte tev\u00e9kenys\u00e9g\u00e9t, azut\u00e1n Marosk\u00f6vesdre ker\u00fclt, mag\u00e1n\u00faton elv\u00e9gezte Kv.-on a BBTE Biol\u00f3gia szak\u00e1t, igazgat\u00f3 lett Fels\u0151r\u00e9p\u00e1n (Maros), onnan Marosoroszfaluba ker\u00fclt szint\u00e9n igazgat\u00f3nak, v\u00e9g\u00fcl D\u00e9d\u00e1n a Vasile Netea iskolak\u00f6zpont igazgat\u00f3jak\u00e9nt dolgozott. Minden faluban, ahol igazgat\u00f3k\u00e9nt tev\u00e9kenykedett \u00faj iskol\u00e1t \u00e9p\u00edttetett, felszerelte \u0151ket a kor k\u00f6vetelm\u00e9nyeinek megfelel\u0151en. <br \/><strong>Irod.:<\/strong> Dasc\u0103li mure\u015feni 3.<\/br><\/p>\n","protected":false},"excerpt":{"rendered":"<p>Monosfalu, ?, \u2020 D\u00e9da, 2008. jan. 30.: tan\u00e1r. \u2013 Naszodon v\u00e9gzett tan\u00edt\u00f3k\u00e9pz\u0151t. Marosfelfaluban kezdte tev\u00e9kenys\u00e9g\u00e9t, azut\u00e1n Marosk\u00f6vesdre ker\u00fclt, mag\u00e1n\u00faton elv\u00e9gezte Kv.-on a BBTE Biol\u00f3gia szak\u00e1t, igazgat\u00f3 lett Fels\u0151r\u00e9p\u00e1n (Maros), onnan Marosoroszfaluba ker\u00fclt szint\u00e9n igazgat\u00f3nak, v\u00e9g\u00fcl D\u00e9d\u00e1n a Vasile Netea iskolak\u00f6zpont igazgat\u00f3jak\u00e9nt dolgozott. Minden faluban, ahol igazgat\u00f3k\u00e9nt tev\u00e9kenykedett \u00faj iskol\u00e1t \u00e9p\u00edttetett, felszerelte \u0151ket a kor k\u00f6vetelm\u00e9nyeinek [&hellip;]<\/p>\n","protected":false},"featured_media":0,"comment_status":"open","ping_status":"closed","template":"","meta":[],"product_brand":[],"product_cat":[137],"product_tag":[],"class_list":{"0":"post-15922","1":"product","2":"type-product","3":"status-publish","5":"product_cat-maros-megyei-eletrajzi-lexikon","7":"first","8":"instock","9":"shipping-taxable","10":"product-type-simple"},"_links":{"self":[{"href":"https:\/\/uj.adatbank.ro\/lexikon\/wp-json\/wp\/v2\/product\/15922","targetHints":{"allow":["GET"]}}],"collection":[{"href":"https:\/\/uj.adatbank.ro\/lexikon\/wp-json\/wp\/v2\/product"}],"about":[{"href":"https:\/\/uj.adatbank.ro\/lexikon\/wp-json\/wp\/v2\/types\/product"}],"replies":[{"embeddable":true,"href":"https:\/\/uj.adatbank.ro\/lexikon\/wp-json\/wp\/v2\/comments?post=15922"}],"wp:attachment":[{"href":"https:\/\/uj.adatbank.ro\/lexikon\/wp-json\/wp\/v2\/media?parent=15922"}],"wp:term":[{"taxonomy":"product_brand","embeddable":true,"href":"https:\/\/uj.adatbank.ro\/lexikon\/wp-json\/wp\/v2\/product_brand?post=15922"},{"taxonomy":"product_cat","embeddable":true,"href":"https:\/\/uj.adatbank.ro\/lexikon\/wp-json\/wp\/v2\/product_cat?post=15922"},{"taxonomy":"product_tag","embeddable":true,"href":"https:\/\/uj.adatbank.ro\/lexikon\/wp-json\/wp\/v2\/product_tag?post=15922"}],"curies":[{"name":"wp","href":"https:\/\/api.w.org\/{rel}","templated":true}]}}

MUREŞAN, Vasile

<p>Monosfalu, ?, † Déda, 2008. jan. 30.: tanár. – Naszodon végzett tanítóképzőt. Marosfelfaluban kezdte tevékenységét, azután Maroskövesdre került, magánúton elvégezte Kv.-on a BBTE Biológia szakát, igazgató lett Felsőrépán (Maros), onnan Marosoroszfaluba került szintén igazgatónak, végül Dédán a Vasile Netea iskolaközpont igazgatójaként dolgozott. Minden faluban, ahol igazgatóként tevékenykedett új iskolát építtetett, felszerelte őket a kor követelményeinek megfelelően. <br /><strong>Irod.:</strong> Dascăli mureşeni 3.</br></p>

<p>Monosfalu, ?, † Déda, 2008. jan. 30.: tanár. – Naszodon végzett tanítóképzőt. Marosfelfaluban kezdte tevékenységét, azután Maroskövesdre került, magánúton elvégezte Kv.-on a BBTE Biológia szakát, igazgató lett Felsőrépán (Maros), onnan Marosoroszfaluba került szintén igazgatónak, végül Dédán a Vasile Netea iskolaközpont igazgatójaként dolgozott. Minden faluban, ahol igazgatóként tevékenykedett új iskolát építtetett, felszerelte őket a kor követelményeinek [&hellip;]</p>
