{"id":15923,"date":"2025-07-15T13:51:38","date_gmt":"2025-07-15T11:51:38","guid":{"rendered":"https:\/\/uj.adatbank.ro\/lexikon\/termek\/muresan-victor\/"},"modified":"2026-02-17T12:30:28","modified_gmt":"2026-02-17T11:30:28","slug":"muresan-victor","status":"publish","type":"product","link":"https:\/\/uj.adatbank.ro\/lexikon\/termek\/muresan-victor\/","title":{"rendered":"MURE\u015eAN, Victor"},"content":{"rendered":"<p>? \u2020\u00a0?: v\u00e1rosi p\u00e9nz\u00fcgyigazgat\u00f3. \u2013 Gyergy\u00f3szentmikl\u00f3sr\u00f3l ker\u00fclt Mv.-re (1929) a v\u00e1rosi p\u00e9nz\u00fcgyigazgat\u00f3s\u00e1g \u00e9l\u00e9re. A Nemzeti Parasztp\u00e1rt h\u00edve, megtiltotta a magyar nyelv haszn\u00e1lat\u00e1t a hivatalban (1929).<br \/>\n<strong>Irod.:<\/strong> Id\u0151t\u00e1r 3<\/p>\n","protected":false},"excerpt":{"rendered":"<p>? \u2020\u00a0?: v\u00e1rosi p\u00e9nz\u00fcgyigazgat\u00f3. \u2013 Gyergy\u00f3szentmikl\u00f3sr\u00f3l ker\u00fclt Mv.-re (1929) a v\u00e1rosi p\u00e9nz\u00fcgyigazgat\u00f3s\u00e1g \u00e9l\u00e9re. A Nemzeti Parasztp\u00e1rt h\u00edve, megtiltotta a magyar nyelv haszn\u00e1lat\u00e1t a hivatalban (1929). Irod.: Id\u0151t\u00e1r 3<\/p>\n","protected":false},"featured_media":0,"comment_status":"open","ping_status":"closed","template":"","meta":[],"product_brand":[],"product_cat":[137],"product_tag":[],"class_list":{"0":"post-15923","1":"product","2":"type-product","3":"status-publish","5":"product_cat-maros-megyei-eletrajzi-lexikon","7":"first","8":"instock","9":"shipping-taxable","10":"product-type-simple"},"_links":{"self":[{"href":"https:\/\/uj.adatbank.ro\/lexikon\/wp-json\/wp\/v2\/product\/15923","targetHints":{"allow":["GET"]}}],"collection":[{"href":"https:\/\/uj.adatbank.ro\/lexikon\/wp-json\/wp\/v2\/product"}],"about":[{"href":"https:\/\/uj.adatbank.ro\/lexikon\/wp-json\/wp\/v2\/types\/product"}],"replies":[{"embeddable":true,"href":"https:\/\/uj.adatbank.ro\/lexikon\/wp-json\/wp\/v2\/comments?post=15923"}],"wp:attachment":[{"href":"https:\/\/uj.adatbank.ro\/lexikon\/wp-json\/wp\/v2\/media?parent=15923"}],"wp:term":[{"taxonomy":"product_brand","embeddable":true,"href":"https:\/\/uj.adatbank.ro\/lexikon\/wp-json\/wp\/v2\/product_brand?post=15923"},{"taxonomy":"product_cat","embeddable":true,"href":"https:\/\/uj.adatbank.ro\/lexikon\/wp-json\/wp\/v2\/product_cat?post=15923"},{"taxonomy":"product_tag","embeddable":true,"href":"https:\/\/uj.adatbank.ro\/lexikon\/wp-json\/wp\/v2\/product_tag?post=15923"}],"curies":[{"name":"wp","href":"https:\/\/api.w.org\/{rel}","templated":true}]}}