{"id":15928,"date":"2025-07-15T13:51:50","date_gmt":"2025-07-15T11:51:50","guid":{"rendered":"https:\/\/uj.adatbank.ro\/lexikon\/termek\/murgulescu-elena-salageanu\/"},"modified":"2025-07-15T13:51:50","modified_gmt":"2025-07-15T11:51:50","slug":"murgulescu-elena-salageanu","status":"publish","type":"product","link":"https:\/\/uj.adatbank.ro\/lexikon\/termek\/murgulescu-elena-salageanu\/","title":{"rendered":"MURGULESCU, Elena; S\u0103l\u0103geanu"},"content":{"rendered":"<p>Idecspatak, 1911. dec. 9., \u2020\u00a0?: matematikus, egyetemi tan\u00e1r. \u2013 A k\u00f6z\u00e9piskol\u00e1t a mv.-i Unirea Lceumban (1930), az egyetemet Kv.-on v\u00e9gezte (1930\u201334). Egyetemi tan\u00e1rseg\u00e9d Temesv\u00e1ron (1935\u201349), Buk.-ben a M\u0171egyetemen katedraf\u00f6n\u00f6k (1949\u2013), doktor\u00e1lt (1959); prof. (1964\u2013). \u2013 <strong>F. m.:<\/strong> <strong>t\u00e1rssz.:<\/strong> Exerci\u0163ii \u015fi probleme pentru cursul de geometrie analitic\u0103 \u00een \u015fcolile tehnice superioare (Buc., 1957); Geometrie analitic\u0103 \u015fi diferen\u0163ial\u0103 (Buc., 1962, 1965), Culegere de probleme de geometrie analitic\u0103 \u015fi diferen\u0163ial\u0103. Algebr\u0103 vectorial\u0103 \u015fi geometrie analitic\u0103 plan\u0103 (Buc., 1971); Geometrie analitic\u0103 \u015fi geometrie diferen\u0163ial\u0103. Culegere \u015fi traduceri (Buc., 1974). <br \/><strong>Irod.:<\/strong> Todea\u2013F\u00fcl\u00f6p\u2013Avram<\/br><\/p>\n","protected":false},"excerpt":{"rendered":"<p>Idecspatak, 1911. dec. 9., \u2020\u00a0?: matematikus, egyetemi tan\u00e1r. \u2013 A k\u00f6z\u00e9piskol\u00e1t a mv.-i Unirea Lceumban (1930), az egyetemet Kv.-on v\u00e9gezte (1930\u201334). Egyetemi tan\u00e1rseg\u00e9d Temesv\u00e1ron (1935\u201349), Buk.-ben a M\u0171egyetemen katedraf\u00f6n\u00f6k (1949\u2013), doktor\u00e1lt (1959); prof. (1964\u2013). \u2013 F. m.: t\u00e1rssz.: Exerci\u0163ii \u015fi probleme pentru cursul de geometrie analitic\u0103 \u00een \u015fcolile tehnice superioare (Buc., 1957); Geometrie analitic\u0103 \u015fi [&hellip;]<\/p>\n","protected":false},"featured_media":0,"comment_status":"open","ping_status":"closed","template":"","meta":[],"product_brand":[],"product_cat":[137],"product_tag":[],"class_list":{"0":"post-15928","1":"product","2":"type-product","3":"status-publish","5":"product_cat-maros-megyei-eletrajzi-lexikon","7":"first","8":"instock","9":"shipping-taxable","10":"product-type-simple"},"_links":{"self":[{"href":"https:\/\/uj.adatbank.ro\/lexikon\/wp-json\/wp\/v2\/product\/15928","targetHints":{"allow":["GET"]}}],"collection":[{"href":"https:\/\/uj.adatbank.ro\/lexikon\/wp-json\/wp\/v2\/product"}],"about":[{"href":"https:\/\/uj.adatbank.ro\/lexikon\/wp-json\/wp\/v2\/types\/product"}],"replies":[{"embeddable":true,"href":"https:\/\/uj.adatbank.ro\/lexikon\/wp-json\/wp\/v2\/comments?post=15928"}],"wp:attachment":[{"href":"https:\/\/uj.adatbank.ro\/lexikon\/wp-json\/wp\/v2\/media?parent=15928"}],"wp:term":[{"taxonomy":"product_brand","embeddable":true,"href":"https:\/\/uj.adatbank.ro\/lexikon\/wp-json\/wp\/v2\/product_brand?post=15928"},{"taxonomy":"product_cat","embeddable":true,"href":"https:\/\/uj.adatbank.ro\/lexikon\/wp-json\/wp\/v2\/product_cat?post=15928"},{"taxonomy":"product_tag","embeddable":true,"href":"https:\/\/uj.adatbank.ro\/lexikon\/wp-json\/wp\/v2\/product_tag?post=15928"}],"curies":[{"name":"wp","href":"https:\/\/api.w.org\/{rel}","templated":true}]}}

MURGULESCU, Elena; Sălăgeanu

<p>Idecspatak, 1911. dec. 9., † ?: matematikus, egyetemi tanár. – A középiskolát a mv.-i Unirea Lceumban (1930), az egyetemet Kv.-on végezte (1930–34). Egyetemi tanársegéd Temesváron (1935–49), Buk.-ben a Műegyetemen katedrafönök (1949–), doktorált (1959); prof. (1964–). – <strong>F. m.:</strong> <strong>társsz.:</strong> Exerciţii şi probleme pentru cursul de geometrie analitică în şcolile tehnice superioare (Buc., 1957); Geometrie analitică şi diferenţială (Buc., 1962, 1965), Culegere de probleme de geometrie analitică şi diferenţială. Algebră vectorială şi geometrie analitică plană (Buc., 1971); Geometrie analitică şi geometrie diferenţială. Culegere şi traduceri (Buc., 1974). <br /><strong>Irod.:</strong> Todea–Fülöp–Avram</br></p>

<p>Idecspatak, 1911. dec. 9., † ?: matematikus, egyetemi tanár. – A középiskolát a mv.-i Unirea Lceumban (1930), az egyetemet Kv.-on végezte (1930–34). Egyetemi tanársegéd Temesváron (1935–49), Buk.-ben a Műegyetemen katedrafönök (1949–), doktorált (1959); prof. (1964–). – F. m.: társsz.: Exerciţii şi probleme pentru cursul de geometrie analitică în şcolile tehnice superioare (Buc., 1957); Geometrie analitică şi [&hellip;]</p>
