{"id":15931,"date":"2025-07-15T13:51:56","date_gmt":"2025-07-15T11:51:56","guid":{"rendered":"https:\/\/uj.adatbank.ro\/lexikon\/termek\/musca-gabriel\/"},"modified":"2025-07-15T13:51:56","modified_gmt":"2025-07-15T11:51:56","slug":"musca-gabriel","status":"publish","type":"product","link":"https:\/\/uj.adatbank.ro\/lexikon\/termek\/musca-gabriel\/","title":{"rendered":"MUSCA Gabriel"},"content":{"rendered":"<p>V\u00e1rhegy, vagy Ditr\u00f3, 1897., \u2020\u00a0?: dr., \u00fcgyv\u00e9d, v\u00e1rosi jegyz\u0151. \u2013 A h\u00e1rom Musca fiv\u00e9r k\u00f6zismert volt v\u00e1rosunkban a 20\u201330-as \u00e9vekben H\u00e1zukat a Borsos Tam\u00e1s u. 16 sz alatt 1918 ban vett\u00e9k D\u00f3s\u00e1\u00e9kt\u00f3l. Bal\u00e1zsfalv\u00e1n \u00e9retts\u00e9gizett, a jogot Kv.-on v\u00e9gezte \u00e9s ott doktor\u00e1lt. K\u00f6zigazgat\u00e1si p\u00e1ly\u00e1ra l\u00e9pett: Mv.-en v\u00e1rosi f\u0151jegyz\u0151 (1926) majd az \u00e9v v\u00e9g\u00e9n \u00fcgyv\u00e9di irod\u00e1t nyitott A v\u00e1rmegyei tan\u00e1cs tagja (1929). Politikai tev\u00e9kenys\u00e9get folytatott a Nemzeti Paraszt P\u00e1rt keret\u00e9ben. Az ASTRA, az Orsz\u00e1gos F\u00f6ldrajzi Egyes\u00fclet \u00e9s m\u00e9g sok m\u00e1s helybeli kultur\u00e1lis egyes\u00fclet tagja volt. R\u00e9szt vett az I. vh.-ban (1915\u201318), az orosz frontra ker\u00fclt, megsebes\u00fclt. Szakaszvezet\u0151k\u00e9nr szerelt le kit\u00fcntet\u00e9sekkel. Politikai cikkeket \u00edrt. A Rom\u00e1n Koronarend lovagi keresztj\u00e9vel t\u00fcntett\u00e9k ki.<br \/><strong>Irod.:<\/strong> Erd\u00e9lyi ezredek; Id\u0151t\u00e1r 3; Ki kicsoda\u00a0?; <\/br><\/p>\n","protected":false},"excerpt":{"rendered":"<p>V\u00e1rhegy, vagy Ditr\u00f3, 1897., \u2020\u00a0?: dr., \u00fcgyv\u00e9d, v\u00e1rosi jegyz\u0151. \u2013 A h\u00e1rom Musca fiv\u00e9r k\u00f6zismert volt v\u00e1rosunkban a 20\u201330-as \u00e9vekben H\u00e1zukat a Borsos Tam\u00e1s u. 16 sz alatt 1918 ban vett\u00e9k D\u00f3s\u00e1\u00e9kt\u00f3l. Bal\u00e1zsfalv\u00e1n \u00e9retts\u00e9gizett, a jogot Kv.-on v\u00e9gezte \u00e9s ott doktor\u00e1lt. K\u00f6zigazgat\u00e1si p\u00e1ly\u00e1ra l\u00e9pett: Mv.-en v\u00e1rosi f\u0151jegyz\u0151 (1926) majd az \u00e9v v\u00e9g\u00e9n \u00fcgyv\u00e9di irod\u00e1t nyitott [&hellip;]<\/p>\n","protected":false},"featured_media":0,"comment_status":"open","ping_status":"closed","template":"","meta":[],"product_brand":[],"product_cat":[137],"product_tag":[],"class_list":{"0":"post-15931","1":"product","2":"type-product","3":"status-publish","5":"product_cat-maros-megyei-eletrajzi-lexikon","7":"first","8":"instock","9":"shipping-taxable","10":"product-type-simple"},"_links":{"self":[{"href":"https:\/\/uj.adatbank.ro\/lexikon\/wp-json\/wp\/v2\/product\/15931","targetHints":{"allow":["GET"]}}],"collection":[{"href":"https:\/\/uj.adatbank.ro\/lexikon\/wp-json\/wp\/v2\/product"}],"about":[{"href":"https:\/\/uj.adatbank.ro\/lexikon\/wp-json\/wp\/v2\/types\/product"}],"replies":[{"embeddable":true,"href":"https:\/\/uj.adatbank.ro\/lexikon\/wp-json\/wp\/v2\/comments?post=15931"}],"wp:attachment":[{"href":"https:\/\/uj.adatbank.ro\/lexikon\/wp-json\/wp\/v2\/media?parent=15931"}],"wp:term":[{"taxonomy":"product_brand","embeddable":true,"href":"https:\/\/uj.adatbank.ro\/lexikon\/wp-json\/wp\/v2\/product_brand?post=15931"},{"taxonomy":"product_cat","embeddable":true,"href":"https:\/\/uj.adatbank.ro\/lexikon\/wp-json\/wp\/v2\/product_cat?post=15931"},{"taxonomy":"product_tag","embeddable":true,"href":"https:\/\/uj.adatbank.ro\/lexikon\/wp-json\/wp\/v2\/product_tag?post=15931"}],"curies":[{"name":"wp","href":"https:\/\/api.w.org\/{rel}","templated":true}]}}

<p>Várhegy, vagy Ditró, 1897., † ?: dr., ügyvéd, városi jegyző. – A három Musca fivér közismert volt városunkban a 20–30-as években Házukat a Borsos Tamás u. 16 sz alatt 1918 ban vették Dósáéktól. Balázsfalván érettségizett, a jogot Kv.-on végezte és ott doktorált. Közigazgatási pályára lépett: Mv.-en városi főjegyző (1926) majd az év végén ügyvédi irodát nyitott A vármegyei tanács tagja (1929). Politikai tevékenységet folytatott a Nemzeti Paraszt Párt keretében. Az ASTRA, az Országos Földrajzi Egyesület és még sok más helybeli kulturális egyesület tagja volt. Részt vett az I. vh.-ban (1915–18), az orosz frontra került, megsebesült. Szakaszvezetőkénr szerelt le kitüntetésekkel. Politikai cikkeket írt. A Román Koronarend lovagi keresztjével tüntették ki.<br /><strong>Irod.:</strong> Erdélyi ezredek; Időtár 3; Ki kicsoda ?; </br></p>

<p>Várhegy, vagy Ditró, 1897., † ?: dr., ügyvéd, városi jegyző. – A három Musca fivér közismert volt városunkban a 20–30-as években Házukat a Borsos Tamás u. 16 sz alatt 1918 ban vették Dósáéktól. Balázsfalván érettségizett, a jogot Kv.-on végezte és ott doktorált. Közigazgatási pályára lépett: Mv.-en városi főjegyző (1926) majd az év végén ügyvédi irodát nyitott [&hellip;]</p>
