{"id":15933,"date":"2025-07-15T13:51:58","date_gmt":"2025-07-15T11:51:58","guid":{"rendered":"https:\/\/uj.adatbank.ro\/lexikon\/termek\/musca-petru-musca-petre-peter\/"},"modified":"2025-07-15T13:51:58","modified_gmt":"2025-07-15T11:51:58","slug":"musca-petru-musca-petre-peter","status":"publish","type":"product","link":"https:\/\/uj.adatbank.ro\/lexikon\/termek\/musca-petru-musca-petre-peter\/","title":{"rendered":"MUSCA, Petru, Musca Petre; P\u00e9ter"},"content":{"rendered":"<p>Zetev\u00e1ralja, vagy Ditr\u00f3hodos, 1883, \u2020 Mv., 1969.: f\u0151orvos, k\u00f3rh\u00e1zigazgat\u00f3, polg\u00e1rmester. \u2013 F\u00f6ldbirtokos csal\u00e1db\u00f3l sz\u00fcletett. K\u00f6z\u00e9piskol\u00e1it Bal\u00e1zsfalv\u00e1n \u00e9s Nagyszebenben, az egyetemet Kv.-on v\u00e9gezte, doktor\u00e1lt (1910). Kv.-on a Fiziol\u00f3giai Int\u00e9zetben asszisztens \u00e9s klinikai gyakornok k\u00e9t \u00e9ven \u00e1t.; orvos Gyimese, T\u00f6lgyesen. R\u00e9szt vett az I. vh.-ban (1914\u201318. nov.), a 22. h. gy e.-el az orosz fronton harcolt; a rom\u00e1n fronton mint ezredorvos az Ojtuzi-szorosban \u00e9s Sasmez\u0151n harcolt. Kit\u00fcntett\u00e9k. A Nemzeti G\u00e1rd\u00e1ban \u00e9s a Rom\u00e1n Nemzeti Tan\u00e1csba m\u0171k\u00f6d\u00f6tt Cs\u00edkszered\u00e1ban (1918); Mv.-re k\u00f6lt\u00f6z\u00f6tt (1919), ahol k\u00f3rh\u00e1zi f\u0151orvos, k\u00f3rh\u00e1zigazgat\u00f3 (1919\u2013), ugyanakkor eg\u00e9szs\u00e9gtant tan\u00edtott a Papiu Ilarian \u00e9s Unirea L\u00edc.-okban. Enged\u00e9lyezte a katolikus Szoci\u00e1lis Misszi\u00f3 T\u00e1rsulat k\u00f3rh\u00e1zi misszi\u00f3j\u00e1nak beind\u00edt\u00e1s\u00e1t (1925\u2013). \u00daj modern k\u00f3rh\u00e1zat l\u00e9tes\u00edtett a Szentgy\u00f6rgy utcai k\u00f3rh\u00e1zb\u00f3l, \u00e9s ott is \u00e9p\u00edtett mag\u00e1nak emeletes h\u00e1zat. V\u00e1rosi tan\u00e1csos (1931), a v\u00e1rosi id\u0151k\u00f6zi bizotts\u00e1g eln\u00f6ke, a v\u00e1ros kinevezett polg\u00e1rmestere (1931\u201332). Enescu vend\u00e9gszerepl\u00e9se alkalm\u00e1val oklevelet adott \u00e1t a m\u0171v\u00e9sznek, mely tan\u00fas\u00edtja hogy az egykori Ferenc J\u00f3zsef \u00fat nev\u00e9t viseli (1931) Helyettes polg\u00e1rmester (1932\u201333).A rom\u00e1n nemzeti \u00e9rdekek v\u00e9delmez\u0151je volt (1940\u201344); a II. vh. ut\u00e1n Mv. polg\u00e1rmestere volt, azut\u00e1n \u00fajbol orvosi gyakorlatot folytatott. N\u00e9pszer\u0171s\u00edt\u0151 orvosi cikkei jelentek meg. A Principele Mircea Gyermekgondoz\u00f3 Egyes\u0151let eln\u00f6ke volt. <br \/><strong>Irod.:<\/strong> Almanah Tg.M.; Bak\u00f3 Csongor-Istv\u00e1n: R\u00f3mai katolikus k\u00f3rh\u00e1zi lelkigondoz\u00e1s Mv.-en \u2013 t\u00f6rt\u00e9neti \u00e1ttekint\u00e9s (K\u00f6zpont, 1911. j\u00fan. 1\u20137); Erd\u00e9lyi ezredek; Id\u0151t\u00e1r 3; Ki kicsoda\u00a0?; \u00d6kr\u00f6s; Popa, Traian: Tg.M.; Sipos<\/br><\/p>\n","protected":false},"excerpt":{"rendered":"<p>Zetev\u00e1ralja, vagy Ditr\u00f3hodos, 1883, \u2020 Mv., 1969.: f\u0151orvos, k\u00f3rh\u00e1zigazgat\u00f3, polg\u00e1rmester. \u2013 F\u00f6ldbirtokos csal\u00e1db\u00f3l sz\u00fcletett. K\u00f6z\u00e9piskol\u00e1it Bal\u00e1zsfalv\u00e1n \u00e9s Nagyszebenben, az egyetemet Kv.-on v\u00e9gezte, doktor\u00e1lt (1910). Kv.-on a Fiziol\u00f3giai Int\u00e9zetben asszisztens \u00e9s klinikai gyakornok k\u00e9t \u00e9ven \u00e1t.; orvos Gyimese, T\u00f6lgyesen. R\u00e9szt vett az I. vh.-ban (1914\u201318. nov.), a 22. h. gy e.-el az orosz fronton harcolt; a [&hellip;]<\/p>\n","protected":false},"featured_media":0,"comment_status":"open","ping_status":"closed","template":"","meta":[],"product_brand":[],"product_cat":[137],"product_tag":[],"class_list":{"0":"post-15933","1":"product","2":"type-product","3":"status-publish","5":"product_cat-maros-megyei-eletrajzi-lexikon","7":"first","8":"instock","9":"shipping-taxable","10":"product-type-simple"},"_links":{"self":[{"href":"https:\/\/uj.adatbank.ro\/lexikon\/wp-json\/wp\/v2\/product\/15933","targetHints":{"allow":["GET"]}}],"collection":[{"href":"https:\/\/uj.adatbank.ro\/lexikon\/wp-json\/wp\/v2\/product"}],"about":[{"href":"https:\/\/uj.adatbank.ro\/lexikon\/wp-json\/wp\/v2\/types\/product"}],"replies":[{"embeddable":true,"href":"https:\/\/uj.adatbank.ro\/lexikon\/wp-json\/wp\/v2\/comments?post=15933"}],"wp:attachment":[{"href":"https:\/\/uj.adatbank.ro\/lexikon\/wp-json\/wp\/v2\/media?parent=15933"}],"wp:term":[{"taxonomy":"product_brand","embeddable":true,"href":"https:\/\/uj.adatbank.ro\/lexikon\/wp-json\/wp\/v2\/product_brand?post=15933"},{"taxonomy":"product_cat","embeddable":true,"href":"https:\/\/uj.adatbank.ro\/lexikon\/wp-json\/wp\/v2\/product_cat?post=15933"},{"taxonomy":"product_tag","embeddable":true,"href":"https:\/\/uj.adatbank.ro\/lexikon\/wp-json\/wp\/v2\/product_tag?post=15933"}],"curies":[{"name":"wp","href":"https:\/\/api.w.org\/{rel}","templated":true}]}}

MUSCA, Petru, Musca Petre; Péter

<p>Zeteváralja, vagy Ditróhodos, 1883, † Mv., 1969.: főorvos, kórházigazgató, polgármester. – Földbirtokos családból született. Középiskoláit Balázsfalván és Nagyszebenben, az egyetemet Kv.-on végezte, doktorált (1910). Kv.-on a Fiziológiai Intézetben asszisztens és klinikai gyakornok két éven át.; orvos Gyimese, Tölgyesen. Részt vett az I. vh.-ban (1914–18. nov.), a 22. h. gy e.-el az orosz fronton harcolt; a román fronton mint ezredorvos az Ojtuzi-szorosban és Sasmezőn harcolt. Kitüntették. A Nemzeti Gárdában és a Román Nemzeti Tanácsba működött Csíkszeredában (1918); Mv.-re költözött (1919), ahol kórházi főorvos, kórházigazgató (1919–), ugyanakkor egészségtant tanított a Papiu Ilarian és Unirea Líc.-okban. Engedélyezte a katolikus Szociális Misszió Társulat kórházi missziójának beindítását (1925–). Új modern kórházat létesített a Szentgyörgy utcai kórházból, és ott is épített magának emeletes házat. Városi tanácsos (1931), a városi időközi bizottság elnöke, a város kinevezett polgármestere (1931–32). Enescu vendégszereplése alkalmával oklevelet adott át a művésznek, mely tanúsítja hogy az egykori Ferenc József út nevét viseli (1931) Helyettes polgármester (1932–33).A román nemzeti érdekek védelmezője volt (1940–44); a II. vh. után Mv. polgármestere volt, azután újbol orvosi gyakorlatot folytatott. Népszerűsítő orvosi cikkei jelentek meg. A Principele Mircea Gyermekgondozó Egyesőlet elnöke volt. <br /><strong>Irod.:</strong> Almanah Tg.M.; Bakó Csongor-István: Római katolikus kórházi lelkigondozás Mv.-en – történeti áttekintés (Központ, 1911. jún. 1–7); Erdélyi ezredek; Időtár 3; Ki kicsoda ?; Ökrös; Popa, Traian: Tg.M.; Sipos</br></p>

<p>Zeteváralja, vagy Ditróhodos, 1883, † Mv., 1969.: főorvos, kórházigazgató, polgármester. – Földbirtokos családból született. Középiskoláit Balázsfalván és Nagyszebenben, az egyetemet Kv.-on végezte, doktorált (1910). Kv.-on a Fiziológiai Intézetben asszisztens és klinikai gyakornok két éven át.; orvos Gyimese, Tölgyesen. Részt vett az I. vh.-ban (1914–18. nov.), a 22. h. gy e.-el az orosz fronton harcolt; a [&hellip;]</p>
