{"id":1594,"date":"2025-06-28T11:46:58","date_gmt":"2025-06-28T09:46:58","guid":{"rendered":"https:\/\/uj.adatbank.ro\/lexikon\/termek\/adler-matyas\/"},"modified":"2025-06-28T11:46:58","modified_gmt":"2025-06-28T09:46:58","slug":"adler-matyas","status":"publish","type":"product","link":"https:\/\/uj.adatbank.ro\/lexikon\/termek\/adler-matyas\/","title":{"rendered":"ADLER M\u00e1ty\u00e1s"},"content":{"rendered":"<p>? \u2020 ? : sz\u00f6v\u0151mester. \u2013 Sz\u00e1szr\u00e9genben volt sz\u00f6v\u0151mester. Az I. vh.-ban gyalogosk\u00e9nt csapatszolg\u00e1latot teljes\u00edtett (1916\u201318. szept.). Kit\u00fcntet\u00e9se: K\u00e1roly cs. k. <br \/><strong>Irod.:<\/strong> M. hadviselt zsid\u00f3k<\/br><\/p>\n","protected":false},"excerpt":{"rendered":"<p>? \u2020 ? : sz\u00f6v\u0151mester. \u2013 Sz\u00e1szr\u00e9genben volt sz\u00f6v\u0151mester. Az I. vh.-ban gyalogosk\u00e9nt csapatszolg\u00e1latot teljes\u00edtett (1916\u201318. szept.). Kit\u00fcntet\u00e9se: K\u00e1roly cs. k. Irod.: M. hadviselt zsid\u00f3k<\/p>\n","protected":false},"featured_media":0,"comment_status":"open","ping_status":"closed","template":"","meta":[],"product_brand":[],"product_cat":[137],"product_tag":[],"class_list":{"0":"post-1594","1":"product","2":"type-product","3":"status-publish","5":"product_cat-maros-megyei-eletrajzi-lexikon","7":"first","8":"instock","9":"shipping-taxable","10":"product-type-simple"},"_links":{"self":[{"href":"https:\/\/uj.adatbank.ro\/lexikon\/wp-json\/wp\/v2\/product\/1594","targetHints":{"allow":["GET"]}}],"collection":[{"href":"https:\/\/uj.adatbank.ro\/lexikon\/wp-json\/wp\/v2\/product"}],"about":[{"href":"https:\/\/uj.adatbank.ro\/lexikon\/wp-json\/wp\/v2\/types\/product"}],"replies":[{"embeddable":true,"href":"https:\/\/uj.adatbank.ro\/lexikon\/wp-json\/wp\/v2\/comments?post=1594"}],"wp:attachment":[{"href":"https:\/\/uj.adatbank.ro\/lexikon\/wp-json\/wp\/v2\/media?parent=1594"}],"wp:term":[{"taxonomy":"product_brand","embeddable":true,"href":"https:\/\/uj.adatbank.ro\/lexikon\/wp-json\/wp\/v2\/product_brand?post=1594"},{"taxonomy":"product_cat","embeddable":true,"href":"https:\/\/uj.adatbank.ro\/lexikon\/wp-json\/wp\/v2\/product_cat?post=1594"},{"taxonomy":"product_tag","embeddable":true,"href":"https:\/\/uj.adatbank.ro\/lexikon\/wp-json\/wp\/v2\/product_tag?post=1594"}],"curies":[{"name":"wp","href":"https:\/\/api.w.org\/{rel}","templated":true}]}}